{"id":64,"date":"2018-09-07T20:35:56","date_gmt":"2018-09-07T20:35:56","guid":{"rendered":"https:\/\/www.tamaulipas.gob.mx\/turismo\/?page_id=64"},"modified":"2024-10-28T13:34:52","modified_gmt":"2024-10-28T19:34:52","slug":"estructura","status":"publish","type":"page","link":"https:\/\/www.tamaulipas.gob.mx\/turismo\/estructura\/","title":{"rendered":"Estructura Org\u00e1nica"},"content":{"rendered":"<p><span style=\"font-size: 24px;\"><strong>Secretar\u00eda de Turismo<\/strong><\/span><\/p>\n<p><strong>1.0.1. Secretar\u00eda T\u00e9cnica. <\/strong><\/p>\n<p>1.0.1.0.1. Departamento de Administraci\u00f3n del Sistema de Informaci\u00f3n Tur\u00edstica Estatal.<\/p>\n<p><strong>1.0.0.1. Direcci\u00f3n Administrativa. <\/strong><\/p>\n<p>1.0.0.1.1. Departamento de Recursos Humanos y Materiales.<\/p>\n<p>1.0.0.1.2. Departamento de Recursos Financieros.<\/p>\n<p>1.0.0.1.3. Departamento Jur\u00eddico y de Transparencia.<\/p>\n<p><strong>1.0.0.2. Secretar\u00eda Particular. <\/strong><\/p>\n<p>1.0.0.0.1. Departamento de Comunicaci\u00f3n.<\/p>\n<p><strong>1.1. Subsecretar\u00eda de Infraestructura y Productos Tur\u00edsticos. <\/strong><\/p>\n<p>1.1.0.1. Direcci\u00f3n de Infraestructura.<\/p>\n<p>1.1.0.1.1. Departamento de Planeaci\u00f3n y Dise\u00f1o de Proyectos.<\/p>\n<p>1.1.0.1.2. Departamento de Desarrollo de Proyectos.<\/p>\n<p><strong>1.1.0.2. Direcci\u00f3n de Desarrollo de Productos. <\/strong><\/p>\n<p>1.1.0.2.1. Departamento de Turismo Rural, Naturaleza y Aventura, Cineg\u00e9tico y Pesca.<\/p>\n<p>1.1.0.2.2. Departamento de Turismo Social.<\/p>\n<p>1.1.0.2.3. Departamento de Verificaci\u00f3n, Capacitaci\u00f3n y Certificaci\u00f3n.<\/p>\n<p>1.1.0.2.4. Departamento de Pueblos M\u00e1gicos.<\/p>\n<p><strong>1.2. Subsecretar\u00eda de Desarrollo y Promoci\u00f3n Tur\u00edstica. <\/strong><\/p>\n<p>1.2.0.1. Direcci\u00f3n de Prospecci\u00f3n de Turismo.<\/p>\n<p>1.2.0.1.1. Departamento de Vinculaci\u00f3n y Promoci\u00f3n de Turismo de Negocios, Recintos de Convenciones y Feriales.<\/p>\n<p><strong>1.2.0.2. Direcci\u00f3n de Promoci\u00f3n Tur\u00edstica. <\/strong><\/p>\n<p>1.2.0.2.1. Departamento de Turismo de Playa y CAPTA.<\/p>\n<p>1.2.0.2.2. Departamento de Dise\u00f1o de Imagen y Campa\u00f1as Tur\u00edsticas, Promoci\u00f3n Electr\u00f3nica y Redes Sociales.<\/p>\n","protected":false},"excerpt":{"rendered":"<p>Secretar\u00eda de Turismo 1.0.1. Secretar\u00eda T\u00e9cnica. 1.0.1.0.1. Departamento de Administraci\u00f3n del Sistema de Informaci\u00f3n Tur\u00edstica Estatal. 1.0.0.1. Direcci\u00f3n Administrativa. 1.0.0.1.1. Departamento de Recursos Humanos y\u2026<\/p>\n","protected":false},"author":75,"featured_media":0,"parent":0,"menu_order":0,"comment_status":"closed","ping_status":"closed","template":"","meta":{"footnotes":""},"class_list":["post-64","page","type-page","status-publish","hentry"],"_links":{"self":[{"href":"https:\/\/www.tamaulipas.gob.mx\/turismo\/wp-json\/wp\/v2\/pages\/64"}],"collection":[{"href":"https:\/\/www.tamaulipas.gob.mx\/turismo\/wp-json\/wp\/v2\/pages"}],"about":[{"href":"https:\/\/www.tamaulipas.gob.mx\/turismo\/wp-json\/wp\/v2\/types\/page"}],"author":[{"embeddable":true,"href":"https:\/\/www.tamaulipas.gob.mx\/turismo\/wp-json\/wp\/v2\/users\/75"}],"replies":[{"embeddable":true,"href":"https:\/\/www.tamaulipas.gob.mx\/turismo\/wp-json\/wp\/v2\/comments?post=64"}],"version-history":[{"count":9,"href":"https:\/\/www.tamaulipas.gob.mx\/turismo\/wp-json\/wp\/v2\/pages\/64\/revisions"}],"predecessor-version":[{"id":3259,"href":"https:\/\/www.tamaulipas.gob.mx\/turismo\/wp-json\/wp\/v2\/pages\/64\/revisions\/3259"}],"wp:attachment":[{"href":"https:\/\/www.tamaulipas.gob.mx\/turismo\/wp-json\/wp\/v2\/media?parent=64"}],"curies":[{"name":"wp","href":"https:\/\/api.w.org\/{rel}","templated":true}]}}