{"id":20,"date":"2018-09-06T17:09:50","date_gmt":"2018-09-06T17:09:50","guid":{"rendered":"https:\/\/www.tamaulipas.gob.mx\/turismo\/?page_id=20"},"modified":"2026-03-04T13:56:09","modified_gmt":"2026-03-04T19:56:09","slug":"mision","status":"publish","type":"page","link":"https:\/\/www.tamaulipas.gob.mx\/turismo\/mision\/","title":{"rendered":"Misi\u00f3n, Visi\u00f3n y Objetivos"},"content":{"rendered":"<p><strong>Misi\u00f3n<\/strong><\/p>\n<p>Planear, promover y fortalecer el desarrollo de la actividad tur\u00edstica, contribuyendo a la diversificaci\u00f3n de la oferta tur\u00edstica, la promoci\u00f3n de los destinos tur\u00edsticos y el desarrollo regional del Estado a trav\u00e9s del impulso a la inversi\u00f3n privada y la generaci\u00f3n de nuevos empleos en el sector tur\u00edstico, asegurando en coordinaci\u00f3n con las dependencias y entidades correspondientes, los municipios y la iniciativa privada, la innovaci\u00f3n del sector, la calidad de los servicios tur\u00edsticos, la competitividad y el aprovechamiento sustentable de los recursos tur\u00edsticos, protegiendo nuestra naturaleza, riqueza e historia.<\/p>\n<p><strong>Visi\u00f3n<\/strong><\/p>\n<p>Realizar con eficiencia las gestiones necesarias para detonar la inversi\u00f3n, la diversidad de servicios tur\u00edsticos y la generaci\u00f3n de empleos, contando con una oferta de destinos tur\u00edsticos competitivos para impulsar el desarrollo regional y promover a Tamaulipas como un destino tur\u00edstico competitivo.<\/p>\n<p><strong>Objetivos<\/strong><\/p>\n<p>Establecer y conducir las pol\u00edticas que fortalezcan la actividad tur\u00edstica en el Estado de Tamaulipas, mediante las actividades de planeaci\u00f3n, desarrollo de la oferta, apoyo a la operaci\u00f3n de los servicios tur\u00edsticos y la promoci\u00f3n para cumplir con las prioridades establecidas por el Gobierno del Estado, vinculando las acciones en conjunto que se realizan entre diferentes instancias y niveles de gobierno.<\/p>\n","protected":false},"excerpt":{"rendered":"<p>Misi\u00f3n Planear, promover y fortalecer el desarrollo de la actividad tur\u00edstica, contribuyendo a la diversificaci\u00f3n de la oferta tur\u00edstica, la promoci\u00f3n de los destinos tur\u00edsticos\u2026<\/p>\n","protected":false},"author":75,"featured_media":0,"parent":0,"menu_order":0,"comment_status":"closed","ping_status":"closed","template":"","meta":{"footnotes":""},"class_list":["post-20","page","type-page","status-publish","hentry"],"_links":{"self":[{"href":"https:\/\/www.tamaulipas.gob.mx\/turismo\/wp-json\/wp\/v2\/pages\/20"}],"collection":[{"href":"https:\/\/www.tamaulipas.gob.mx\/turismo\/wp-json\/wp\/v2\/pages"}],"about":[{"href":"https:\/\/www.tamaulipas.gob.mx\/turismo\/wp-json\/wp\/v2\/types\/page"}],"author":[{"embeddable":true,"href":"https:\/\/www.tamaulipas.gob.mx\/turismo\/wp-json\/wp\/v2\/users\/75"}],"replies":[{"embeddable":true,"href":"https:\/\/www.tamaulipas.gob.mx\/turismo\/wp-json\/wp\/v2\/comments?post=20"}],"version-history":[{"count":2,"href":"https:\/\/www.tamaulipas.gob.mx\/turismo\/wp-json\/wp\/v2\/pages\/20\/revisions"}],"predecessor-version":[{"id":149,"href":"https:\/\/www.tamaulipas.gob.mx\/turismo\/wp-json\/wp\/v2\/pages\/20\/revisions\/149"}],"wp:attachment":[{"href":"https:\/\/www.tamaulipas.gob.mx\/turismo\/wp-json\/wp\/v2\/media?parent=20"}],"curies":[{"name":"wp","href":"https:\/\/api.w.org\/{rel}","templated":true}]}}