{"id":93,"date":"2025-09-19T18:50:19","date_gmt":"2025-09-19T16:50:19","guid":{"rendered":"https:\/\/www.tamaulipas.gob.mx\/transparenciaparaelpueblodetamaulipas\/?page_id=93"},"modified":"2026-02-26T04:50:28","modified_gmt":"2026-02-26T03:50:28","slug":"denuncias","status":"publish","type":"page","link":"https:\/\/www.tamaulipas.gob.mx\/transparenciaparaelpueblodetamaulipas\/denuncias\/","title":{"rendered":"Denuncias"},"content":{"rendered":"<p><span style=\"font-weight: 400;\">Cualquier persona podr\u00e1 denunciar ante Transparencia para el Pueblo de Tamaulipas la falta de publicaci\u00f3n de las obligaciones de transparencia por las dependencias y entidades del Poder Ejecutivo, as\u00ed como de los municipios del Estado, previstas en los art\u00edculos 57 y 58 la Ley de Transparencia y Acceso a la Informaci\u00f3n P\u00fablica del Estado de Tamaulipas y dem\u00e1s disposiciones jur\u00eddicas aplicables.<\/span><\/p>\n<p style=\"text-align: right;\"><span style=\"font-weight: 400; font-size: 10pt;\">Art\u00edculos 76 a 89 de la Ley de Transparencia y Acceso a la Informaci\u00f3n P\u00fablica del Estado de Tamaulipas.<\/span><\/p>\n<p class=\"p1\"><div class=\"table-responsive\"><table class=\" aligncenter table table-gobtam\" style=\"height: 267px; width: 99.5766%;\" width=\"99.2266%\"><thead><tr><td style=\"text-align: center; width: 99.7635%;\" colspan=\"6\"><a href=\"https:\/\/itait.org.mx\/itait\/transparencia\/informacion-del-pleno\/lista-denuncias\/\" target=\"_blank\" rel=\"noopener\"><b>Hist&#xF3;rico de Estad&#xED;stica ITAIT<\/b><\/a><b>\n<div class=\"jumbotron\"><h1>AVISO IMPORTANTE<\/h1>\nP&#xE1;gina web en mantenimiento.\n<p>Si usted desea obtener informaci&#xF3;n de este sitio deber&#xE1; comunicarse a Transparencia para el Pueblo de Tamaulipas<br>\n8343166551<br>\nExtensi&#xF3;n 00101 y 00105<br>\ntransparenciaparaelpueblodetamaulipas@tamaulipas.gob.mx<br><\/p><\/div>\n<\/b><p><\/p><\/td>\n<\/tr><tr><td style=\"text-align: center; width: 99.7635%;\" colspan=\"6\"><b>Hist&#xF3;rico de Estad&#xED;stica TPT de la SABG<\/b><b><br><\/b><\/td>\n<\/tr><tr><td style=\"text-align: center; width: 99.7635%;\" colspan=\"6\"><b>Ejercicio: 2025<\/b><b><br><\/b><\/td>\n<\/tr><tr style=\"height: 24px;\"><td style=\"width: 18.5879%; height: 24px; text-align: center;\">N&#xB0;<\/td>\n<td style=\"width: 21.5041%; height: 24px; text-align: center;\">Denuncia<\/td>\n<td style=\"width: 18.6642%; height: 24px; text-align: center;\">Sujeto Obligado<\/td>\n<td style=\"width: 19.2589%; text-align: center;\">Fracci&#xF3;n denunciada<\/td>\n<td style=\"width: 10.4197%; text-align: center;\">Resoluci&#xF3;n<\/td>\n<td style=\"width: 11.3287%; text-align: center;\">Cumplimiento<\/td>\n<\/tr><\/thead><tbody><tr style=\"height: 96px;\"><td style=\"width: 18.5879%; height: 66px; text-align: center;\">1<\/td>\n<td style=\"width: 21.5041%; height: 66px; text-align: center;\"><a href=\"http:\/\/www.tamaulipas.gob.mx\/transparenciaparaelpueblodetamaulipas\/wp-content\/uploads\/sites\/124\/2025\/12\/dio-161-2025-acuerdo-de-concluido.pdf\">DIO\/161\/2025<\/a><\/td>\n<td style=\"width: 18.6642%; height: 66px; text-align: center;\">AYUNTAMIENTO DE OCAMPO, TAMAULIPAS<\/td>\n<td style=\"width: 19.2589%; text-align: center;\">Art. 67, XIII del 1er, 2do. 3er, 4to trimestre del ejercicio 2024<\/td>\n<td style=\"width: 10.4197%; text-align: center;\">FUNDADA<\/td>\n<td style=\"width: 11.3287%; text-align: center;\">CONCLUIDO<\/td>\n<\/tr><tr style=\"height: 96px;\"><td style=\"width: 18.5879%; height: 66px; text-align: center;\">2<\/td>\n<td style=\"width: 21.5041%; height: 66px; text-align: center;\"><a href=\"http:\/\/www.tamaulipas.gob.mx\/transparenciaparaelpueblodetamaulipas\/wp-content\/uploads\/sites\/124\/2025\/12\/dio-373-2025-acuerdo-de-concluido.pdf\">DIO\/373\/2025<\/a><\/td>\n<td style=\"width: 18.6642%; height: 66px; text-align: center;\">AYUNTAMIENTO DE TULA, TAMAULIPAS<\/td>\n<td style=\"width: 19.2589%; text-align: center;\">Art. 69_2-IV del 4to trimestre del ejercicio 2024<\/td>\n<td style=\"width: 10.4197%; text-align: center;\">FUNDADA<\/td>\n<td style=\"width: 11.3287%; text-align: center;\">CONCLUIDO<\/td>\n<\/tr><tr style=\"height: 96px;\"><td style=\"width: 18.5879%; height: 66px; text-align: center;\">3<\/td>\n<td style=\"width: 21.5041%; height: 66px; text-align: center;\"><a href=\"http:\/\/www.tamaulipas.gob.mx\/transparenciaparaelpueblodetamaulipas\/wp-content\/uploads\/sites\/124\/2025\/12\/dio-418-2025-acuerdo-de-concluido-1.pdf\">DIO\/418\/2025<\/a><\/td>\n<td style=\"width: 18.6642%; height: 66px; text-align: center;\">AYUNTAMIENTO DE OCAMPO, TAMAULIPAS<\/td>\n<td style=\"width: 19.2589%; text-align: center;\">Art. 67, II del 4to trimestre del ejercicio 2024<\/td>\n<td style=\"width: 10.4197%; text-align: center;\">FUNDADA<\/td>\n<td style=\"width: 11.3287%; text-align: center;\">CONCLUIDO<\/td>\n<\/tr><tr style=\"height: 96px;\"><td style=\"width: 18.5879%; height: 66px; text-align: center;\">4<\/td>\n<td style=\"width: 21.5041%; height: 66px; text-align: center;\"><a href=\"http:\/\/www.tamaulipas.gob.mx\/transparenciaparaelpueblodetamaulipas\/wp-content\/uploads\/sites\/124\/2025\/12\/dio-419-2025-acuerdo-de-concluido.pdf\">DIO\/419\/2025<\/a><\/td>\n<td style=\"width: 18.6642%; height: 66px; text-align: center;\">AYUNTAMIENTO DE OCAMPO, TAMAULIPAS<\/td>\n<td style=\"width: 19.2589%; text-align: center;\">Art. 67, XIII del 4to trimestre del ejercicio 2024<\/td>\n<td style=\"width: 10.4197%; text-align: center;\">FUNDADA<\/td>\n<td style=\"width: 11.3287%; text-align: center;\">CONCLUIDO<\/td>\n<\/tr><tr style=\"height: 96px;\"><td style=\"width: 18.5879%; height: 66px; text-align: center;\">5<\/td>\n<td style=\"width: 21.5041%; height: 66px; text-align: center;\"><a href=\"http:\/\/www.tamaulipas.gob.mx\/transparenciaparaelpueblodetamaulipas\/wp-content\/uploads\/sites\/124\/2025\/12\/dio-420-2025-acuerdo-de-concluido.pdf\">DIO\/420\/2025<\/a><\/td>\n<td style=\"width: 18.6642%; height: 66px; text-align: center;\">AYUNTAMIENTO DE OCAMPO, TAMAULIPAS<\/td>\n<td style=\"width: 19.2589%; text-align: center;\">Art. 67, XIV del  4to trimestre del ejercicio 2024<\/td>\n<td style=\"width: 10.4197%; text-align: center;\">FUNDADA<\/td>\n<td style=\"width: 11.3287%; text-align: center;\">CONCLUIDO<\/td>\n<\/tr><tr style=\"height: 96px;\"><td style=\"width: 18.5879%; height: 66px; text-align: center;\">6<\/td>\n<td style=\"width: 21.5041%; height: 66px; text-align: center;\"><a href=\"http:\/\/www.tamaulipas.gob.mx\/transparenciaparaelpueblodetamaulipas\/wp-content\/uploads\/sites\/124\/2025\/12\/dio-478-2025-acuerdo-de-concluido.pdf\">DIO\/478\/2025<\/a><\/td>\n<td style=\"width: 18.6642%; height: 66px; text-align: center;\">AYUNTAMIENTO DE CAMARGO, TAMAULIPAS<\/td>\n<td style=\"width: 19.2589%; text-align: center;\">Art. 67, VIII de todos los periodos del ejercicio 2025<\/td>\n<td style=\"width: 10.4197%; text-align: center;\">FUNDADA<\/td>\n<td style=\"width: 11.3287%; text-align: center;\">CONCLUIDO<\/td>\n<\/tr><tr style=\"height: 96px;\"><td style=\"width: 18.5879%; height: 66px; text-align: center;\">7<\/td>\n<td style=\"width: 21.5041%; height: 66px; text-align: center;\"><a href=\"http:\/\/www.tamaulipas.gob.mx\/transparenciaparaelpueblodetamaulipas\/wp-content\/uploads\/sites\/124\/2025\/12\/dio-422-2025-acuerdo-de-concluido.pdf\">DIO\/422\/2025<\/a><\/td>\n<td style=\"width: 18.6642%; height: 66px; text-align: center;\">AYUNTAMIENTO DE OCAMPO, TAMAULIPAS<\/td>\n<td style=\"width: 19.2589%; text-align: center;\">Art. 67, XXII del  4to trimestre del ejercicio 2024<\/td>\n<td style=\"width: 10.4197%; text-align: center;\">FUNDADA<\/td>\n<td style=\"width: 11.3287%; text-align: center;\">CONCLUIDO<\/td>\n<\/tr><tr style=\"height: 96px;\"><td style=\"width: 18.5879%; height: 66px; text-align: center;\">8<\/td>\n<td style=\"width: 21.5041%; height: 66px; text-align: center;\"><a href=\"http:\/\/www.tamaulipas.gob.mx\/transparenciaparaelpueblodetamaulipas\/wp-content\/uploads\/sites\/124\/2025\/12\/dio-429-2025-acuerdo-de-concluido.pdf\">DIO\/429\/2025<\/a><\/td>\n<td style=\"width: 18.6642%; height: 66px; text-align: center;\">AYUNTAMIENTO DE MIGUEL ALEM&#xC1;N, TAMAULIPAS<\/td>\n<td style=\"width: 19.2589%; text-align: center;\">Art. 67, XXXIV del 1er y 2do semestre del ejercicio 2024<\/td>\n<td style=\"width: 10.4197%; text-align: center;\">FUNDADA<\/td>\n<td style=\"width: 11.3287%; text-align: center;\">CONCLUIDO<\/td>\n<\/tr><tr style=\"height: 96px;\"><td style=\"width: 18.5879%; height: 66px; text-align: center;\">9<\/td>\n<td style=\"width: 21.5041%; height: 66px; text-align: center;\"><a href=\"http:\/\/www.tamaulipas.gob.mx\/transparenciaparaelpueblodetamaulipas\/wp-content\/uploads\/sites\/124\/2025\/12\/dio-443-2025-acuerdo-de-concluido.pdf\">DIO\/443\/2025<\/a><\/td>\n<td style=\"width: 18.6642%; height: 66px; text-align: center;\">AYUNTAMIENTO DE LLERA, TAMAULIPAS<\/td>\n<td style=\"width: 19.2589%; text-align: center;\">Art. 67, VIII de todos los periodos del ejercicio 2024<\/td>\n<td style=\"width: 10.4197%; text-align: center;\">FUNDADA<\/td>\n<td style=\"width: 11.3287%; text-align: center;\">CONCLUIDO<\/td>\n<\/tr><tr style=\"height: 96px;\"><td style=\"width: 18.5879%; height: 66px; text-align: center;\">10<\/td>\n<td style=\"width: 21.5041%; height: 66px; text-align: center;\"><a href=\"http:\/\/www.tamaulipas.gob.mx\/transparenciaparaelpueblodetamaulipas\/wp-content\/uploads\/sites\/124\/2025\/12\/dio-454-2025-acuerdo-de-concluido.pdf\">DIO\/454\/2025<\/a><\/td>\n<td style=\"width: 18.6642%; height: 66px; text-align: center;\">AYUNTAMIENTO DE R&#xCD;O BRAVO, TAMAULIPAS<\/td>\n<td style=\"width: 19.2589%; text-align: center;\">Art. 67, XXVIII del  4to trimestre del ejercicio 2024<\/td>\n<td style=\"width: 10.4197%; text-align: center;\">FUNDADA<\/td>\n<td style=\"width: 11.3287%; text-align: center;\">CONCLUIDO<\/td>\n<\/tr><tr style=\"height: 96px;\"><td style=\"width: 18.5879%; height: 66px; text-align: center;\">11<\/td>\n<td style=\"width: 21.5041%; height: 66px; text-align: center;\"><a href=\"http:\/\/www.tamaulipas.gob.mx\/transparenciaparaelpueblodetamaulipas\/wp-content\/uploads\/sites\/124\/2025\/12\/dio-480-2025-acuerdo-de-concluido.pdf\">DIO\/480\/2025<\/a><\/td>\n<td style=\"width: 18.6642%; height: 66px; text-align: center;\">AYUNTAMIENTO DE OCAMPO, TAMAULIPAS<\/td>\n<td style=\"width: 19.2589%; text-align: center;\">Art. 67, XXXII del  1er trimestre del ejercicio 2025<\/td>\n<td style=\"width: 10.4197%; text-align: center;\">FUNDADA<\/td>\n<td style=\"width: 11.3287%; text-align: center;\">CONCLUIDO<\/td>\n<\/tr><tr style=\"height: 96px;\"><td style=\"width: 18.5879%; height: 66px; text-align: center;\">12<\/td>\n<td style=\"width: 21.5041%; height: 66px; text-align: center;\"><a href=\"http:\/\/www.tamaulipas.gob.mx\/transparenciaparaelpueblodetamaulipas\/wp-content\/uploads\/sites\/124\/2025\/12\/dio-481-2025-acuerdo-de-concluido.pdf\">DIO\/481\/2025<\/a><\/td>\n<td style=\"width: 18.6642%; height: 66px; text-align: center;\">AYUNTAMIENTO DE CAMARGO, TAMAULIPAS<\/td>\n<td style=\"width: 19.2589%; text-align: center;\">Art. 67, XII del  1er trimestre del ejercicio 2025<\/td>\n<td style=\"width: 10.4197%; text-align: center;\">FUNDADA<\/td>\n<td style=\"width: 11.3287%; text-align: center;\">CONCLUIDO<\/td>\n<\/tr><tr style=\"height: 96px;\"><td style=\"width: 18.5879%; height: 66px; text-align: center;\">13<\/td>\n<td style=\"width: 21.5041%; height: 66px; text-align: center;\"><a href=\"http:\/\/www.tamaulipas.gob.mx\/transparenciaparaelpueblodetamaulipas\/wp-content\/uploads\/sites\/124\/2025\/12\/dio-496-2025-acuerdo-de-concluido.pdf\">DIO\/496\/2025<\/a><\/td>\n<td style=\"width: 18.6642%; height: 66px; text-align: center;\">AYUNTAMIENTO DE ANTIGUO MORELOS, TAMAULIPAS<\/td>\n<td style=\"width: 19.2589%; text-align: center;\">Art. 67, XVI del 1er, 2do. 3er, 4to trimestre del ejercicio 2024<\/td>\n<td style=\"width: 10.4197%; text-align: center;\">FUNDADA<\/td>\n<td style=\"width: 11.3287%; text-align: center;\">CONCLUIDO<\/td>\n<\/tr><tr style=\"height: 96px;\"><td style=\"width: 18.5879%; height: 66px; text-align: center;\">14<\/td>\n<td style=\"width: 21.5041%; height: 66px; text-align: center;\"><a href=\"http:\/\/www.tamaulipas.gob.mx\/transparenciaparaelpueblodetamaulipas\/wp-content\/uploads\/sites\/124\/2025\/12\/dio-522-2024-acuerdo-de-concluido.pdf\">DIO\/522\/2025<\/a><\/td>\n<td style=\"width: 18.6642%; height: 66px; text-align: center;\">AYUNTAMIENTO DE GONZ&#xC1;LEZ, TAMAULIPAS<\/td>\n<td style=\"width: 19.2589%; text-align: center;\">Art. 67, II, formto B del 1er, 2do. 3er, 4to trimestre del ejercicio 2024<\/td>\n<td style=\"width: 10.4197%; text-align: center;\">FUNDADA<\/td>\n<td style=\"width: 11.3287%; text-align: center;\">CONCLUIDO<\/td>\n<\/tr><tr style=\"height: 96px;\"><td style=\"width: 18.5879%; height: 66px; text-align: center;\">15<\/td>\n<td style=\"width: 21.5041%; height: 66px; text-align: center;\"><a href=\"http:\/\/www.tamaulipas.gob.mx\/transparenciaparaelpueblodetamaulipas\/wp-content\/uploads\/sites\/124\/2025\/12\/dio-523-2024-acuerdo-de-concluido.pdf\">DIO\/523\/2025<\/a><\/td>\n<td style=\"width: 18.6642%; height: 66px; text-align: center;\">AYUNTAMIENTO DE CIUDAD MIER, TAMAULIPAS<\/td>\n<td style=\"width: 19.2589%; text-align: center;\">Art. 69_2-IV del 2er, 2do y 3er trimestre del ejercicio 2024<\/td>\n<td style=\"width: 10.4197%; text-align: center;\">FUNDADA<\/td>\n<td style=\"width: 11.3287%; text-align: center;\">CONCLUIDO<\/td>\n<\/tr><\/tbody><\/table><\/div>\n<div class=\"table-responsive\"><table style=\"width: 129.593%; height: 272px;\" class=\" table table-gobtam\"><thead><tr><td style=\"width: 99.3721%; text-align: center;\" colspan=\"2\">Contacto<\/td>\n<\/tr><\/thead><tbody><tr style=\"height: 48px;\"><td style=\"width: 11.5385%; height: 48px;\" rowspan=\"2\"><span style=\"font-weight: 400;\">Electr&#xF3;nico<\/span><br><span style=\"font-weight: 400;\"><br><\/span><\/td>\n<td style=\"width: 87.8336%; height: 48px;\"><span style=\"font-weight: 400;\">Plataforma Nacional de Transparencia<\/span><\/td>\n<\/tr><tr><td style=\"width: 87.8336%;\"><span style=\"font-weight: 400;\">Correo electr&#xF3;nico: <a href=\"mailto:denunciastpt@tamaulipas.gob.mx\" target=\"_blank\" rel=\"noopener\">denunciastpt@tamaulipas.gob.mx<\/a><\/span><\/td>\n<\/tr><tr style=\"height: 56px;\"><td style=\"width: 11.5385%; height: 56px;\"><span style=\"font-weight: 400;\">Escrito libre<\/span>\n<ul><li style=\"font-weight: 400;\" aria-level=\"1\"><span style=\"font-weight: 400;\">Formato de denuncia<\/span><\/li>\n<p><a href=\"http:\/\/www.tamaulipas.gob.mx\/transparenciaparaelpueblodetamaulipas\/wp-content\/uploads\/sites\/124\/2025\/10\/formato-de-denuncia-por-incumplimiento-en-las-obligaciones-de-transparencia.docx.pdf\" target=\"_blank\" style=\"text-decoration:none;\" rel=\"noopener\"><br><i class=\"fa fa-file-pdf-o\" style=\"font-size:48px; color:#d9534f;\"><\/i><br><\/a><\/p>\n<\/ul><\/td>\n<td style=\"width: 87.8336%; height: 56px;\"><span style=\"font-weight: 400;\">Ante Transparencia para el Pueblo de Tamaulipas.<\/span>\n<p><span style=\"font-weight: 400;\">Domicilio: Calle Juan B. Tijerina con Mariano Abasolo, N&#xB0;1002, Colonia Centro, Ciudad Victoria, Tamaulipas C.P. 87000.&#xA0;<\/span><\/p><\/td>\n<\/tr><\/tbody><\/table><\/div>\n","protected":false},"excerpt":{"rendered":"<p>Cualquier persona podr\u00e1 denunciar ante Transparencia para el Pueblo de Tamaulipas la falta de publicaci\u00f3n de las obligaciones de transparencia por las dependencias y entidades\u2026<\/p>\n","protected":false},"author":1,"featured_media":0,"parent":0,"menu_order":0,"comment_status":"closed","ping_status":"closed","template":"","meta":{"footnotes":""},"class_list":["post-93","page","type-page","status-publish","hentry"],"publishpress_future_action":{"enabled":false,"date":"2026-04-22 18:45:52","action":"change-status","newStatus":"draft","terms":[],"taxonomy":""},"_links":{"self":[{"href":"https:\/\/www.tamaulipas.gob.mx\/transparenciaparaelpueblodetamaulipas\/wp-json\/wp\/v2\/pages\/93"}],"collection":[{"href":"https:\/\/www.tamaulipas.gob.mx\/transparenciaparaelpueblodetamaulipas\/wp-json\/wp\/v2\/pages"}],"about":[{"href":"https:\/\/www.tamaulipas.gob.mx\/transparenciaparaelpueblodetamaulipas\/wp-json\/wp\/v2\/types\/page"}],"author":[{"embeddable":true,"href":"https:\/\/www.tamaulipas.gob.mx\/transparenciaparaelpueblodetamaulipas\/wp-json\/wp\/v2\/users\/1"}],"replies":[{"embeddable":true,"href":"https:\/\/www.tamaulipas.gob.mx\/transparenciaparaelpueblodetamaulipas\/wp-json\/wp\/v2\/comments?post=93"}],"version-history":[{"count":7,"href":"https:\/\/www.tamaulipas.gob.mx\/transparenciaparaelpueblodetamaulipas\/wp-json\/wp\/v2\/pages\/93\/revisions"}],"predecessor-version":[{"id":313,"href":"https:\/\/www.tamaulipas.gob.mx\/transparenciaparaelpueblodetamaulipas\/wp-json\/wp\/v2\/pages\/93\/revisions\/313"}],"wp:attachment":[{"href":"https:\/\/www.tamaulipas.gob.mx\/transparenciaparaelpueblodetamaulipas\/wp-json\/wp\/v2\/media?parent=93"}],"curies":[{"name":"wp","href":"https:\/\/api.w.org\/{rel}","templated":true}]}}