{"id":21,"date":"2025-09-13T00:29:24","date_gmt":"2025-09-12T22:29:24","guid":{"rendered":"https:\/\/www.tamaulipas.gob.mx\/transparenciaparaelpueblodetamaulipas\/?page_id=21"},"modified":"2026-03-20T01:56:29","modified_gmt":"2026-03-20T00:56:29","slug":"marco-juridico","status":"publish","type":"page","link":"https:\/\/www.tamaulipas.gob.mx\/transparenciaparaelpueblodetamaulipas\/transparencia-para-el-pueblo-de-tamaulipas\/marco-juridico\/","title":{"rendered":"Marco Jur\u00eddico"},"content":{"rendered":"<p>&nbsp;<\/p>\n<p><strong>Instrumentos internacionales\u00a0<\/strong><\/p>\n<ul>\n<li aria-level=\"1\"><a href=\"https:\/\/www.cndh.org.mx\/sites\/all\/doc\/Programas\/Discapacidad\/Declaracion_U_DH.pdf\" target=\"_blank\" rel=\"noopener\">Declaraci\u00f3n Universal de los Derechos Humanos: 10 diciembre 1948.<\/a><\/li>\n<\/ul>\n<ul>\n<li aria-level=\"1\"><a href=\"https:\/\/www.oas.org\/es\/sla\/ddi\/docs\/acceso_informacion_doc_declaracion_plan_accion_Atlanta.pdf\" target=\"_blank\" rel=\"noopener\">Declaraci\u00f3n de Atlanta y Plan de Acci\u00f3n para el Avance del Derecho de Acceso a la Informaci\u00f3n.<\/a><\/li>\n<\/ul>\n<ul>\n<li aria-level=\"1\"><a href=\"https:\/\/www.oas.org\/es\/cidh\/mandato\/documentos-basicos\/declaracion-principios-libertad-expresion.pdf\" target=\"_blank\" rel=\"noopener\">Declaraci\u00f3n de Principios sobre Libertad de Expresi\u00f3n, Comisi\u00f3n Interamericana de Derechos Humanos.\u00a0<\/a><\/li>\n<\/ul>\n<ul>\n<li aria-level=\"1\"><a href=\"https:\/\/www.ohchr.org\/sites\/default\/files\/ccpr_SP.pdf\" target=\"_blank\" rel=\"noopener\">Pacto Internacional de los Derechos civiles y Pol\u00edticos.<\/a><\/li>\n<\/ul>\n<ul>\n<li aria-level=\"1\"><a href=\"https:\/\/www.ohchr.org\/sites\/default\/files\/Documents\/ProfessionalInterest\/cescr_SP.pdf\" target=\"_blank\" rel=\"noopener\">Pacto Internacional de Derechos Econ\u00f3micos, Sociales y Culturales.<\/a><\/li>\n<\/ul>\n<ul>\n<li aria-level=\"1\"><a href=\"https:\/\/www.cndh.org.mx\/sites\/all\/doc\/Programas\/TrataPersonas\/MarcoNormativoTrata\/InsInternacionales\/Regionales\/Convencion_ADH.pdf\" target=\"_blank\" rel=\"noopener\">Convenci\u00f3n Americana de Derechos Humanos.<\/a><\/li>\n<\/ul>\n<p>&nbsp;<\/p>\n<p><strong>Legislaci\u00f3n Nacional\u00a0<\/strong><\/p>\n<ul>\n<li aria-level=\"1\"><a href=\"https:\/\/www.diputados.gob.mx\/LeyesBiblio\/pdf\/CPEUM.pdf\" target=\"_blank\" rel=\"noopener\">Constituci\u00f3n Pol\u00edtica de los Estados Unidos Mexicanos.\u00a0<\/a><\/li>\n<\/ul>\n<ul>\n<li aria-level=\"1\"><a href=\"https:\/\/www.diputados.gob.mx\/LeyesBiblio\/pdf\/LGTAIP.pdf\" target=\"_blank\" rel=\"noopener\">Ley General de Transparencia y Acceso a la Informaci\u00f3n P\u00fablica.<\/a><\/li>\n<\/ul>\n<ul>\n<li aria-level=\"1\"><a href=\"https:\/\/www.diputados.gob.mx\/LeyesBiblio\/pdf\/LGPDPPSO.pdf\" target=\"_blank\" rel=\"noopener\">Ley General de Protecci\u00f3n de Datos Personales en Posesi\u00f3n de Sujetos Obligados.<\/a><\/li>\n<\/ul>\n<ul>\n<li aria-level=\"1\"><a href=\"https:\/\/www.dof.gob.mx\/2025\/SABG\/LineamientosTecnicosGenerales_LTGOT.pdf\" target=\"_blank\" rel=\"noopener\">Lineamientos T\u00e9cnicos Generales para la Publicaci\u00f3n, Homologaci\u00f3n y Estandarizaci\u00f3n de la Informaci\u00f3n de las Obligaciones de Transparencia y sus Anexos.<\/a><\/li>\n<\/ul>\n<p>&nbsp;<\/p>\n<p><strong>Legislaci\u00f3n Estatal\u00a0<\/strong><\/p>\n<ul>\n<li aria-level=\"1\"><a href=\"https:\/\/www.congresotamaulipas.gob.mx\/LegislacionEstatal\/Constituciones\/VerConstitucion.asp?IdConstitucion=1\" target=\"_blank\" rel=\"noopener\">Constituci\u00f3n Pol\u00edtica del Estado de Tamaulipas.<\/a><\/li>\n<\/ul>\n<ul>\n<li aria-level=\"1\"><a href=\"https:\/\/www.congresotamaulipas.gob.mx\/Parlamentario\/Archivos\/Leyes\/Ley%20de%20Transparencia%20y%20Acceso%20a%20la%20Informacion%20Publica%2010-julio-25%20final.pdf\" target=\"_blank\" rel=\"noopener\">Ley de Transparencia y Acceso a la Informaci\u00f3n P\u00fablica del Estado de Tamaulipas.<\/a><\/li>\n<\/ul>\n<ul>\n<li aria-level=\"1\"><a href=\"https:\/\/www.congresotamaulipas.gob.mx\/Parlamentario\/Archivos\/Leyes\/Ley%20de%20Proteccion%20de%20Datos%20Personales%20---.pdf\" target=\"_blank\" rel=\"noopener\">Ley de Protecci\u00f3n de Datos Personales en Posesi\u00f3n de los Sujetos Obligados del Estado de Tamaulipas.<\/a><\/li>\n<\/ul>\n<ul>\n<li aria-level=\"1\"><a href=\"https:\/\/www.congresotamaulipas.gob.mx\/Parlamentario\/Archivos\/Leyes\/Ley%20de%20Archivos%20para%20el%20Estado%20de%20Tamaulipas.pdf\" target=\"_blank\" rel=\"noopener\">Ley de Archivos para el Estado de Tamaulipas.<\/a><\/li>\n<\/ul>\n<ul>\n<li aria-level=\"1\"><a href=\"https:\/\/www.congresotamaulipas.gob.mx\/Parlamentario\/Archivos\/Leyes\/Ley%20Organica%2\n0de%20la%20Administracion%20publica%2002-10-25.pdf\" target=\"_blank\" rel=\"noopener\">Ley Org\u00e1nica de la Administraci\u00f3n P\u00fablica del Estado de Tamaulipas.<\/a><\/li>\n<\/ul>\n<ul>\n<li aria-level=\"1\"><a href=\"https:\/\/www.congresotamaulipas.gob.mx\/Parlamentario\/Archivos\/Leyes\/Ley%20de%20Resp\nonsabilidades%20Administrativas%20del%20Estado%20de%20Tamaulipas%2018-06-\n2025.pdf\" target=\"_blank\" rel=\"noopener\">Ley de Responsabilidades Administrativas del Estado de Tamaulipas.<\/a><\/li>\n<\/ul>\n<ul>\n<li aria-level=\"1\"><a href=\"https:\/\/po.tamaulipas.gob.mx\/wp-content\/uploads\/2023\/01\/cxlviii-12-260123.pdf\" target=\"_blank\" rel=\"noopener\">C\u00f3digo de \u00c9tica del Poder Ejecutivo del Estado de Tamaulipas.<\/a><\/li>\n<\/ul>\n<ul>\n<li aria-level=\"1\"><a href=\"https:\/\/po.tamaulipas.gob.mx\/wp-content\/uploads\/2025\/09\/cl-Ext-No.41-270925-EV.pdf\" target=\"_blank\" rel=\"noopener\">Reglamento Interior de Transparencia para el Pueblo de Tamaulipas.<\/a><\/li>\n<\/ul>\n<p>&nbsp;<\/p>\n<p><strong>Subsistema<\/strong><\/p>\n<p class=\"p1\"><div class=\"table-responsive\"><table class=\" aligncenter table table-gobtam\" style=\"height: 140px; width: 99.2721%;\" width=\"99.2721%\"><thead><tr style=\"height: 24px;\"><td style=\"width: 34.9515%; height: 24px; text-align: center;\">Fecha<\/td>\n<td style=\"width: 39.698%; height: 24px; text-align: center;\">N&#xFA;mero de Acuerdo<\/td>\n<td style=\"width: 105.85%; height: 24px; text-align: center;\">Descripci&#xF3;n<\/td>\n<\/tr><\/thead><tbody><tr style=\"height: 96px;\"><td style=\"width: 34.9515%; height: 66px; text-align: center;\">17\/12\/2025<\/td>\n<td style=\"width: 39.698%; height: 66px; text-align: center;\"><a href=\"https:\/\/po.tamaulipas.gob.mx\/wp-content\/uploads\/2025\/12\/cl-151-171225-EV.pdf\">STET\/ACUERDO\/ORD02-12\/12\/2025<\/a><\/td>\n<td style=\"width: 105.85%; height: 66px; text-align: center;\">Emitido por el Comit&#xE9; del Subsistema de Transparencia del Estado de Tamaulipas en su Primera Sesi&#xF3;n Ordinaria celebrada el 12 de diciembre de 2025, por el que se aprueba las Reglas de Operaci&#xF3;n y Funcionamiento del Subsistema de Transparencia del Estado de Tamaulipas.<\/td>\n<\/tr><tr style=\"height: 96px;\"><td style=\"width: 34.9515%; height: 66px; text-align: center;\">17\/12\/2025<\/td>\n<td style=\"width: 39.698%; height: 66px; text-align: center;\"><a href=\"https:\/\/po.tamaulipas.gob.mx\/wp-content\/uploads\/2025\/12\/cl-151-171225-EV.pdf\">STET\/ACUERDO\/ORD03-12\/12\/2025<\/a><\/td>\n<td style=\"width: 105.85%; height: 66px; text-align: center;\">Emitido por el Comit&#xE9; del Subsistema de Transparencia del Estado de Tamaulipas en su Primera Sesi&#xF3;n Ordinaria celebrada el 12 de diciembre de 2025, por el que se aprueba la Ampliaci&#xF3;n de Suspensi&#xF3;n de Plazos establecidos en el Art&#xED;culo D&#xE9;cimo Segundo Transitorio y el Art&#xED;culo D&#xE9;cimo Sexto Transitorio de la Ley de Transparencia y Acceso a la Informaci&#xF3;n P&#xFA;blica del Estado de Tamaulipas.<\/td>\n<\/tr><\/tbody><\/table><\/div>\n&nbsp;<\/p>\n","protected":false},"excerpt":{"rendered":"<p>&nbsp; Instrumentos internacionales\u00a0 Declaraci\u00f3n Universal de los Derechos Humanos: 10 diciembre 1948. Declaraci\u00f3n de Atlanta y Plan de Acci\u00f3n para el Avance del Derecho de\u2026<\/p>\n","protected":false},"author":1,"featured_media":0,"parent":27,"menu_order":0,"comment_status":"closed","ping_status":"closed","template":"","meta":{"footnotes":""},"class_list":["post-21","page","type-page","status-publish","hentry"],"publishpress_future_action":{"enabled":false,"date":"2026-04-22 20:30:22","action":"change-status","newStatus":"draft","terms":[],"taxonomy":""},"_links":{"self":[{"href":"https:\/\/www.tamaulipas.gob.mx\/transparenciaparaelpueblodetamaulipas\/wp-json\/wp\/v2\/pages\/21"}],"collection":[{"href":"https:\/\/www.tamaulipas.gob.mx\/transparenciaparaelpueblodetamaulipas\/wp-json\/wp\/v2\/pages"}],"about":[{"href":"https:\/\/www.tamaulipas.gob.mx\/transparenciaparaelpueblodetamaulipas\/wp-json\/wp\/v2\/types\/page"}],"author":[{"embeddable":true,"href":"https:\/\/www.tamaulipas.gob.mx\/transparenciaparaelpueblodetamaulipas\/wp-json\/wp\/v2\/users\/1"}],"replies":[{"embeddable":true,"href":"https:\/\/www.tamaulipas.gob.mx\/transparenciaparaelpueblodetamaulipas\/wp-json\/wp\/v2\/comments?post=21"}],"version-history":[{"count":10,"href":"https:\/\/www.tamaulipas.gob.mx\/transparenciaparaelpueblodetamaulipas\/wp-json\/wp\/v2\/pages\/21\/revisions"}],"predecessor-version":[{"id":326,"href":"https:\/\/www.tamaulipas.gob.mx\/transparenciaparaelpueblodetamaulipas\/wp-json\/wp\/v2\/pages\/21\/revisions\/326"}],"up":[{"embeddable":true,"href":"https:\/\/www.tamaulipas.gob.mx\/transparenciaparaelpueblodetamaulipas\/wp-json\/wp\/v2\/pages\/27"}],"wp:attachment":[{"href":"https:\/\/www.tamaulipas.gob.mx\/transparenciaparaelpueblodetamaulipas\/wp-json\/wp\/v2\/media?parent=21"}],"curies":[{"name":"wp","href":"https:\/\/api.w.org\/{rel}","templated":true}]}}