{"id":2748,"date":"2025-04-07T10:04:19","date_gmt":"2025-04-07T16:04:19","guid":{"rendered":"https:\/\/www.tamaulipas.gob.mx\/trabajo\/?page_id=2748"},"modified":"2025-12-05T08:52:54","modified_gmt":"2025-12-05T14:52:54","slug":"estructura-organica","status":"publish","type":"page","link":"https:\/\/www.tamaulipas.gob.mx\/trabajo\/estructura-organica\/","title":{"rendered":"Estructura Org\u00e1nica"},"content":{"rendered":"<h3><span style=\"color: #800000;\">1. Secretar\u00eda del Trabajo y Previsi\u00f3n Social.<\/span><\/h3>\n<ul style=\"list-style-type: circle;\">\n<li style=\"list-style-type: none;\">\n<ul>\n<li style=\"text-align: left;\"><span style=\"color: #993300;\"><strong>1.0.0.1. Secretar\u00eda Particular.<\/strong><\/span>\n<ul>\n<li style=\"list-style-type: none;\">\n<ul>\n\t\t\t\t\t\t\t<listyle=\"text-align: left;\"><span style=\"color: #993300;\"><strong>1.0.0.1.1. Subdirecci\u00f3n de Comunicaci\u00f3n y Difusi\u00f3n Social. <\/strong><\/span><\/p>\n<ul>\n<li>1.0.0.1.0.1. Departamento de Seguimiento Documental.<\/li>\n<li>1.0.0.1.0.2. Departamento de Log\u00edstica y Eventos.<\/li>\n<\/ul>\n<\/ul>\n<\/li>\n<\/ul>\n<\/li>\n<li style=\"text-align: left;\"><span style=\"color: #993300;\"><strong>1.0.0.2. Direcci\u00f3n de Planeaci\u00f3n, Evaluaci\u00f3n y Estad\u00edstica.<\/strong><\/span>\n<ul>\n<li style=\"list-style-type: none;\">\n<ul>\n<li>1.0.0.2.0.1. Departamento de Planeaci\u00f3n y Evaluaci\u00f3n.<\/li>\n<li>1.0.0.2.0.2. Departamento de Estad\u00edstica.<\/li>\n<li>1.0.0.2.0.3. Departamento de Desarrollo Organizacional.<\/li>\n<\/ul>\n<\/li>\n<\/ul>\n<\/li>\n<li style=\"text-align: left;\"><strong><span style=\"color: #993300;\">1.0.0.3. Direcci\u00f3n Administrativa.<\/span><\/strong>\n<ul>\n<li style=\"list-style-type: none;\">\n<ul>\n<li>1.0.0.3.0.1. Departamento de Recursos Materiales y Servicios Generales.<\/li>\n<li>1.0.0.3.0.2. Departamento de Recursos Humanos y Financieros.<\/li>\n<li>1.0.0.3.0.3. Departamento de Inform\u00e1tica y Sistemas.<\/li>\n<\/ul>\n<\/li>\n<\/ul>\n<\/li>\n<li style=\"text-align: left;\"><strong><span style=\"color: #993300;\">1.0.0.4. Direcci\u00f3n Jur\u00eddica y de Transparencia.<\/span><\/strong>\n<ul>\n<li style=\"list-style-type: none;\">\n<ul>\n<li>1.0.0.4.0.1. Departamento de lo Contencioso.<\/li>\n<li>1.0.0.4.0.2. Departamento de Convenios.<\/li>\n<\/ul>\n<\/li>\n<\/ul>\n<\/li>\n<li style=\"text-align: left;\"><strong><span style=\"color: #993300;\">1.0.0.5. Procuradur\u00eda de la Defensa del Trabajo.<\/span><\/strong><\/li>\n<li style=\"text-align: left;\"><strong><span style=\"color: #993300;\">1.1.0.6. Visitadur\u00eda.<\/span><\/strong>\n<ul>\n<li style=\"list-style-type: none;\">\n<ul>\n<li style=\"list-style-type: square;\">1.1.0.6.0.1. Primer Visitadur\u00eda.<\/li>\n<li style=\"list-style-type: square;\">1.1.0.6.0.2. Segunda Visitadur\u00eda.<\/li>\n<li style=\"list-style-type: square;\">1.1.0.6.0.3. Tercer Visitadur\u00eda.<\/li>\n<li style=\"list-style-type: square;\">1.1.0.6.0.4. Cuarta Visitadur\u00eda.<\/li>\n<\/ul>\n<\/li>\n<\/ul>\n<\/li>\n<li style=\"text-align: left;\"><strong><span style=\"color: #993300;\">1.0.1. Junta Local de Conciliaci\u00f3n y Arbitraje de Victoria.<\/span><\/strong>\n<ul>\n<li style=\"list-style-type: none;\">\n<ul>\n<li>1.0.1.1. Secretario General \u201cA\u201d.<\/li>\n<li>1.0.1.2. Junta Especial de Conciliaci\u00f3n y Arbitraje No. 1 de Victoria.<\/li>\n<li>1.0.1.3. Junta Especial de Conciliaci\u00f3n y Arbitraje No. 2 de Victoria.<\/li>\n<li>1.0.1.4. Junta Especial de Conciliaci\u00f3n y Arbitraje No. 3 de Victoria.<\/li>\n<li>1.0.1.5. Junta Especial de Conciliaci\u00f3n y Arbitraje No. 4 de Reynosa.<\/li>\n<li>1.0.1.6. Junta Especial de Conciliaci\u00f3n y Arbitraje No. 6 de Matamoros.<\/li>\n<li>1.0.1.7. Junta Especial de Conciliaci\u00f3n y Arbitraje No. 7 de Nuevo Laredo.<\/li>\n<li>1.0.1.8. Junta Especial de Conciliaci\u00f3n y Arbitraje No. 1 Tampico.<\/li>\n<\/ul>\n<\/li>\n<\/ul>\n<\/li>\n<li style=\"text-align: left;\"><span style=\"color: #993300;\"><strong>1.1. Subsecretar\u00eda de Empleo y Productividad Laboral.<\/strong><\/span>\n<ul>\n<li style=\"list-style-type: none;\">\n<ul>\n<li>1.1.0.0.0.1. Departamento de Gesti\u00f3n y Seguimiento.<\/li>\n<\/ul>\n<\/li>\n<li style=\"text-align: left;\"><span style=\"color: #993300;\"><strong>1.1.0.1. Direcci\u00f3n de Capacitaci\u00f3n y Productividad.<\/strong><\/span>\n<ul>\n<li style=\"list-style-type: none;\">\n<ul>\n<li>1.1.0.1.0.1. Departamento de Capacitaci\u00f3n y Productividad Laboral.<\/li>\n<li>1.1.0.1.0.2. Departamento de Evaluaci\u00f3n y Certificaci\u00f3n.<\/li>\n<li>1.1.0.1.0.3. Departamento de Formaci\u00f3n en Competencias Humanas.<\/li>\n<\/ul>\n<\/li>\n<\/ul>\n<\/li>\n<li style=\"text-align: left;\"><span style=\"color: #993300;\"><strong>1.1.0.2. Direcci\u00f3n de G\u00e9nero e Inclusi\u00f3n Laboral.<\/strong><\/span>\n<ul>\n<li style=\"list-style-type: none;\">\n<ul>\n<li>1.1.0.2.0.1. Departamento de G\u00e9nero.<\/li>\n<li>1.1.0.2.0.2. Departamento de Inclusi\u00f3n Laboral.<\/li>\n<\/ul>\n<\/li>\n<\/ul>\n<\/li>\n<li style=\"text-align: left;\"><span style=\"color: #993300;\"><strong>1.1.1. Direcci\u00f3n General de la Oficina del Servicio Nacional de Empleo de Tamaulipas.<\/strong><\/span>\n<ul>\n<li style=\"list-style-type: none;\">\n<ul>\n<li>1.1.1.0.0.1. Coordinaci\u00f3n de Talento y Colocaci\u00f3n Estrat\u00e9gica.<\/li>\n<li>1.1.1.0.0.2. Coordinaci\u00f3n de Desarrollo Humano y Administraci\u00f3n de Recursos.<\/li>\n<li>1.1.1.0.0.3. Coordinaci\u00f3n de Supervisi\u00f3n, Contralor\u00eda Social y Asesor\u00eda Jur\u00eddica.<\/li>\n<li>1.1.1.0.0.4. Coordinaci\u00f3n de Apoyos Financieros a la Capacitaci\u00f3n.<\/li>\n<li>1.1.1.0.0.5. Coordinaci\u00f3n de Movilidad Laboral.<\/li>\n<li>1.1.1.0.0.6. Coordinaci\u00f3n de Planeaci\u00f3n e Informaci\u00f3n Ocupacional.<\/li>\n<li>1.1.1.0.0.7. Coordinaci\u00f3n de Vinculaci\u00f3n Laboral.<\/li>\n<\/ul>\n<\/li>\n<\/ul>\n<\/li>\n<li style=\"text-align: left;\"><span style=\"color: #993300;\"><strong>1.1.0.3. Direcci\u00f3n de Prospectiva Laboral e Innovaci\u00f3n.<\/strong><\/span>\n<ul>\n<li style=\"list-style-type: none;\">\n<ul>\n<li>1.1.0.3.0.1. Departamento de Prospectiva Laboral.<\/li>\n<li>1.1.0.3.0.2. Departamento de Innovaci\u00f3n.<\/li>\n<\/ul>\n<\/li>\n<\/ul>\n<\/li>\n<li style=\"text-align: left;\"><span style=\"color: #993300;\"><strong>1.1.0.4. Direcci\u00f3n de An\u00e1lisis y Canalizaci\u00f3n Laboral.<\/strong><\/span>\n<ul>\n<li style=\"list-style-type: none;\">\n<ul>\n<li>1.1.0.4.0.1. Departamento de Canalizaci\u00f3n Laboral.<\/li>\n<\/ul>\n<\/li>\n<\/ul>\n<\/li>\n<\/ul>\n<\/li>\n<li style=\"text-align: left;\"><span style=\"color: #993300;\"><strong>1.0.2. Direcci\u00f3n General de Inspecci\u00f3n y Previsi\u00f3n Social.<\/strong><\/span>\n<ul>\n<li style=\"list-style-type: none;\">\n<ul>\n<li>1.0.2.0.1. Unidad de Trabajo Digno y Combate al Trabajo Infantil.<\/li>\n<\/ul>\n<\/li>\n<li style=\"text-align: left;\"><span style=\"color: #993300;\"><strong>1.0.2.1. Direcci\u00f3n de Inspecci\u00f3n y Previsi\u00f3n Social.<\/strong><\/span>\n<ul>\n<li style=\"list-style-type: none;\">\n<ul>\n<li>1.0.2.1.0.1. Departamento de Inspecci\u00f3n del Trabajo.<\/li>\n<li>1.0.2.1.0.2. Departamento de Asesor\u00eda Laboral, Seguridad y Salud en el Trabajo.<\/li>\n<li>1.0.2.1.0.3. Departamento de Gesti\u00f3n y Evaluaci\u00f3n al Cumplimiento Laboral.<\/li>\n<\/ul>\n<\/li>\n<\/ul>\n<\/li>\n<li style=\"text-align: left;\"><span style=\"color: #993300;\"><strong>1.0.2.2. Direcci\u00f3n de Dictaminaci\u00f3n.<\/strong><\/span>\n<ul>\n<li style=\"list-style-type: none;\">\n<ul>\n<li>1.0.2.2.0.1. Departamento de Dictaminaci\u00f3n Jur\u00eddica.<\/li>\n<\/ul>\n<\/li>\n<\/ul>\n<\/li>\n<li style=\"text-align: left;\"><span style=\"color: #993300;\"><strong>1.0.2.3. Direcci\u00f3n de Sanciones.<\/strong><\/span>\n<ul>\n<li style=\"list-style-type: none;\">\n<ul>\n<li>1.0.2.3.0.1. Departamento de Procedimientos.<\/li>\n<li>1.0.2.3.0.2. Departamento de Ejecuci\u00f3n de Sanciones.<\/li>\n<\/ul>\n<\/li>\n<\/ul>\n<\/li>\n<\/ul>\n<\/li>\n<\/ul>\n<\/li>\n<\/ul>\n","protected":false},"excerpt":{"rendered":"<p>1. Secretar\u00eda del Trabajo y Previsi\u00f3n Social. 1.0.0.1. Secretar\u00eda Particular. 1.0.0.1.1. Subdirecci\u00f3n de Comunicaci\u00f3n y Difusi\u00f3n Social. 1.0.0.1.0.1. Departamento de Seguimiento Documental. 1.0.0.1.0.2. Departamento de\u2026<\/p>\n","protected":false},"author":295,"featured_media":0,"parent":0,"menu_order":0,"comment_status":"closed","ping_status":"closed","template":"","meta":{"footnotes":""},"class_list":["post-2748","page","type-page","status-publish","hentry"],"publishpress_future_action":{"enabled":false,"date":"2026-05-10 06:04:12","action":"change-status","newStatus":"draft","terms":[],"taxonomy":""},"_links":{"self":[{"href":"https:\/\/www.tamaulipas.gob.mx\/trabajo\/wp-json\/wp\/v2\/pages\/2748"}],"collection":[{"href":"https:\/\/www.tamaulipas.gob.mx\/trabajo\/wp-json\/wp\/v2\/pages"}],"about":[{"href":"https:\/\/www.tamaulipas.gob.mx\/trabajo\/wp-json\/wp\/v2\/types\/page"}],"author":[{"embeddable":true,"href":"https:\/\/www.tamaulipas.gob.mx\/trabajo\/wp-json\/wp\/v2\/users\/295"}],"replies":[{"embeddable":true,"href":"https:\/\/www.tamaulipas.gob.mx\/trabajo\/wp-json\/wp\/v2\/comments?post=2748"}],"version-history":[{"count":19,"href":"https:\/\/www.tamaulipas.gob.mx\/trabajo\/wp-json\/wp\/v2\/pages\/2748\/revisions"}],"predecessor-version":[{"id":3318,"href":"https:\/\/www.tamaulipas.gob.mx\/trabajo\/wp-json\/wp\/v2\/pages\/2748\/revisions\/3318"}],"wp:attachment":[{"href":"https:\/\/www.tamaulipas.gob.mx\/trabajo\/wp-json\/wp\/v2\/media?parent=2748"}],"curies":[{"name":"wp","href":"https:\/\/api.w.org\/{rel}","templated":true}]}}