{"id":2415,"date":"2022-12-01T10:47:14","date_gmt":"2022-12-01T16:47:14","guid":{"rendered":"https:\/\/www.tamaulipas.gob.mx\/trabajo\/?page_id=2415"},"modified":"2025-12-10T13:53:28","modified_gmt":"2025-12-10T19:53:28","slug":"visitaduria","status":"publish","type":"page","link":"https:\/\/www.tamaulipas.gob.mx\/trabajo\/visitaduria\/","title":{"rendered":"Visitadur\u00eda"},"content":{"rendered":"<p><html><br \/>\n<body><\/p>\n<h2>\n<p>Director: Miguel Alejandro Meraz Grimaldo<\/p>\n<\/h2>\n<p><b>Correo:<\/b> miguel.meraz@tamaulipas.gob.mx<\/p>\n<h3>\u00bfQu\u00e9 es la Direcci\u00f3n de Visitadur\u00eda?<\/h3>\n<p>\n        La Direcci\u00f3n de Visitadur\u00eda es el \u00e1rea normativa encargada de la vigilancia y el control<br \/>\n        administrativo de las Juntas Especiales de Conciliaci\u00f3n y Arbitraje, de la Junta Local y<br \/>\n        de las Unidades Administrativas de la Secretar\u00eda del Trabajo y Previsi\u00f3n Social del<br \/>\n        Estado de Tamaulipas.\n    <\/p>\n<p>\n        Su funci\u00f3n principal es verificar el correcto funcionamiento administrativo de estas<br \/>\n        instancias mediante visitas programadas y extraordinarias, garantizando que operen<br \/>\n        con eficiencia, orden y apego a la normatividad aplicable, conforme a los art\u00edculos 32 y<br \/>\n        33 del Proyecto del Reglamento Interior de la Secretar\u00eda.\n    <\/p>\n<h3>\u00bfQu\u00e9 hacemos?<\/h3>\n<p>\n        Desde la Direcci\u00f3n de Visitadur\u00eda realizamos acciones de supervisi\u00f3n continua para<br \/>\n        asegurar el \u00f3ptimo desempe\u00f1o institucional. Entre nuestras funciones se encuentran:\n    <\/p>\n<ol>\n<li>\n            Supervisi\u00f3n administrativa<\/p>\n<p>\n                Revisamos el funcionamiento de las Unidades Administrativas, de la Junta Local y de<br \/>\n                sus Juntas Especiales, teniendo competencia exclusiva en materia administrativa y sin<br \/>\n                intervenir en funciones jurisdiccionales.\n            <\/p>\n<\/li>\n<li>\n            Coordinaci\u00f3n de visitas extraordinarias<\/p>\n<p>\n                Atendemos las instrucciones de la persona titular de la Secretar\u00eda para realizar visitas<br \/>\n                de revisi\u00f3n mediante oficios de comisi\u00f3n dirigidos a los visitadores, verificando<br \/>\n                procesos, controles y cumplimiento normativo.\n            <\/p>\n<\/li>\n<li>\n            Seguimiento a programas y proyectos institucionales<\/p>\n<p>\n                Verificamos la operaci\u00f3n de programas, proyectos especiales y compromisos<br \/>\n                administrativos mediante reuniones mensuales con los titulares de cada Unidad<br \/>\n                Administrativa, Junta Local y Juntas Especiales, evaluando avances, detectando \u00e1reas<br \/>\n                de mejora y contribuyendo a la reducci\u00f3n del rezago laboral.\n            <\/p>\n<\/li>\n<li>\n            Emisi\u00f3n de dict\u00e1menes de cierre de visita<\/p>\n<p>\n                Al concluir una revisi\u00f3n, emitimos un dictamen de cierre, donde se determina el grado<br \/>\n                de cumplimiento de las recomendaciones formuladas en el acta de visita, asegurando<br \/>\n                la mejora continua de los procesos administrativos.\n            <\/p>\n<\/li>\n<li>\n            Atenci\u00f3n al buz\u00f3n de peticiones y sugerencias<\/p>\n<p>\n                Recabamos, analizamos y damos seguimiento a las opiniones del foro litigante y de los<br \/>\n                usuarios en general. Cada petici\u00f3n es analizada y respondida mediante llamada<br \/>\n                telef\u00f3nica o correo electr\u00f3nico, fortaleciendo la transparencia y el servicio p\u00fablico.\n            <\/p>\n<\/li>\n<\/ol>\n<h3>\u00bfQu\u00e9 ofrecemos?<\/h3>\n<p>La Direcci\u00f3n de Visitadur\u00eda pone a disposici\u00f3n de la Secretar\u00eda y de la ciudadan\u00eda:<\/p>\n<ul>\n<li>Supervisi\u00f3n objetiva y t\u00e9cnica de los procesos administrativos.<\/li>\n<li>Acompa\u00f1amiento institucional para mejorar la operaci\u00f3n interna.<\/li>\n<li>Seguimiento puntual de programas, proyectos especiales y compromisos<br \/>\n            administrativos.<\/li>\n<li>Evaluaciones mensuales para fortalecer la eficiencia y reducir rezagos.<\/li>\n<li>Dict\u00e1menes formales de cierre de visita que acreditan el cumplimiento de<br \/>\n            recomendaciones.<\/li>\n<li>Atenci\u00f3n al usuario mediante an\u00e1lisis y respuesta de peticiones y sugerencias.<\/li>\n<li>Herramientas de medici\u00f3n del desempe\u00f1o, como encuestas alineadas al POA.<\/li>\n<\/ul>\n<p><\/body><br \/>\n<\/html><\/p>\n","protected":false},"excerpt":{"rendered":"<p>Director: Miguel Alejandro Meraz Grimaldo Correo: miguel.meraz@tamaulipas.gob.mx \u00bfQu\u00e9 es la Direcci\u00f3n de Visitadur\u00eda? La Direcci\u00f3n de Visitadur\u00eda es el \u00e1rea normativa encargada de la vigilancia\u2026<\/p>\n","protected":false},"author":1,"featured_media":0,"parent":0,"menu_order":0,"comment_status":"closed","ping_status":"closed","template":"","meta":{"footnotes":""},"class_list":["post-2415","page","type-page","status-publish","hentry"],"publishpress_future_action":{"enabled":false,"date":"2026-05-10 04:49:56","action":"change-status","newStatus":"draft","terms":[],"taxonomy":""},"_links":{"self":[{"href":"https:\/\/www.tamaulipas.gob.mx\/trabajo\/wp-json\/wp\/v2\/pages\/2415"}],"collection":[{"href":"https:\/\/www.tamaulipas.gob.mx\/trabajo\/wp-json\/wp\/v2\/pages"}],"about":[{"href":"https:\/\/www.tamaulipas.gob.mx\/trabajo\/wp-json\/wp\/v2\/types\/page"}],"author":[{"embeddable":true,"href":"https:\/\/www.tamaulipas.gob.mx\/trabajo\/wp-json\/wp\/v2\/users\/1"}],"replies":[{"embeddable":true,"href":"https:\/\/www.tamaulipas.gob.mx\/trabajo\/wp-json\/wp\/v2\/comments?post=2415"}],"version-history":[{"count":14,"href":"https:\/\/www.tamaulipas.gob.mx\/trabajo\/wp-json\/wp\/v2\/pages\/2415\/revisions"}],"predecessor-version":[{"id":3329,"href":"https:\/\/www.tamaulipas.gob.mx\/trabajo\/wp-json\/wp\/v2\/pages\/2415\/revisions\/3329"}],"wp:attachment":[{"href":"https:\/\/www.tamaulipas.gob.mx\/trabajo\/wp-json\/wp\/v2\/media?parent=2415"}],"curies":[{"name":"wp","href":"https:\/\/api.w.org\/{rel}","templated":true}]}}