{"id":155,"date":"2017-08-09T14:57:27","date_gmt":"2017-08-09T19:57:27","guid":{"rendered":"http:\/\/www.tamaulipas.gob.mx\/trabajo\/?page_id=155"},"modified":"2023-01-12T13:59:22","modified_gmt":"2023-01-12T19:59:22","slug":"mision-y-vision","status":"publish","type":"page","link":"https:\/\/www.tamaulipas.gob.mx\/trabajo\/mision-y-vision\/","title":{"rendered":"Misi\u00f3n y Visi\u00f3n"},"content":{"rendered":"<p><strong>Misi\u00f3n<\/strong><\/p>\n<p>La Secretar\u00eda del Trabajo, conduce y coordina acciones pol\u00edticas y programas del gobierno estatal, para la gesti\u00f3n y funcionamiento de todas las \u00e1reas adscritas a la Secretar\u00eda, con la finalidad de cumplir con los objetivos en materia de trabajo, conciliaci\u00f3n, empleo y previsi\u00f3n social, determinados por el Ejecutivo Estatal, en medida a las disposiciones constitucionales y legales aplicables.<\/p>\n<p>&nbsp;<\/p>\n<p><strong>Visi\u00f3n<\/strong><\/p>\n<p>Promover dentro del marco laboral, los mecanismos que faciliten la inclusi\u00f3n de las y los j\u00f3venes, mujeres, adultos mayores, personas con discapacidad, sin importar su sexo, origen \u00e9tnico, edad, condici\u00f3n de discapacidad, condici\u00f3n social, y desigualdades territoriales, al mercado del trabajo; as\u00ed mismo garantizar la conciliaci\u00f3n y legalidad entre los factores de la producci\u00f3n, para generar una imagen de confianza y respeto en los estratos sociales.<\/p>\n","protected":false},"excerpt":{"rendered":"<p>Misi\u00f3n La Secretar\u00eda del Trabajo, conduce y coordina acciones pol\u00edticas y programas del gobierno estatal, para la gesti\u00f3n y funcionamiento de todas las \u00e1reas adscritas\u2026<\/p>\n","protected":false},"author":7,"featured_media":0,"parent":0,"menu_order":0,"comment_status":"closed","ping_status":"closed","template":"","meta":{"footnotes":""},"class_list":["post-155","page","type-page","status-publish","hentry"],"publishpress_future_action":{"enabled":false,"date":"2026-05-10 05:09:51","action":"change-status","newStatus":"draft","terms":[],"taxonomy":""},"_links":{"self":[{"href":"https:\/\/www.tamaulipas.gob.mx\/trabajo\/wp-json\/wp\/v2\/pages\/155"}],"collection":[{"href":"https:\/\/www.tamaulipas.gob.mx\/trabajo\/wp-json\/wp\/v2\/pages"}],"about":[{"href":"https:\/\/www.tamaulipas.gob.mx\/trabajo\/wp-json\/wp\/v2\/types\/page"}],"author":[{"embeddable":true,"href":"https:\/\/www.tamaulipas.gob.mx\/trabajo\/wp-json\/wp\/v2\/users\/7"}],"replies":[{"embeddable":true,"href":"https:\/\/www.tamaulipas.gob.mx\/trabajo\/wp-json\/wp\/v2\/comments?post=155"}],"version-history":[{"count":6,"href":"https:\/\/www.tamaulipas.gob.mx\/trabajo\/wp-json\/wp\/v2\/pages\/155\/revisions"}],"predecessor-version":[{"id":2606,"href":"https:\/\/www.tamaulipas.gob.mx\/trabajo\/wp-json\/wp\/v2\/pages\/155\/revisions\/2606"}],"wp:attachment":[{"href":"https:\/\/www.tamaulipas.gob.mx\/trabajo\/wp-json\/wp\/v2\/media?parent=155"}],"curies":[{"name":"wp","href":"https:\/\/api.w.org\/{rel}","templated":true}]}}

Misión y Visión

<p><strong>Misión</strong></p>
<p>La Secretaría del Trabajo, conduce y coordina acciones políticas y programas del gobierno estatal, para la gestión y funcionamiento de todas las áreas adscritas a la Secretaría, con la finalidad de cumplir con los objetivos en materia de trabajo, conciliación, empleo y previsión social, determinados por el Ejecutivo Estatal, en medida a las disposiciones constitucionales y legales aplicables.</p>
<p>&nbsp;</p>
<p><strong>Visión</strong></p>
<p>Promover dentro del marco laboral, los mecanismos que faciliten la inclusión de las y los jóvenes, mujeres, adultos mayores, personas con discapacidad, sin importar su sexo, origen étnico, edad, condición de discapacidad, condición social, y desigualdades territoriales, al mercado del trabajo; así mismo garantizar la conciliación y legalidad entre los factores de la producción, para generar una imagen de confianza y respeto en los estratos sociales.</p>

<p>Misión La Secretaría del Trabajo, conduce y coordina acciones políticas y programas del gobierno estatal, para la gestión y funcionamiento de todas las áreas adscritas…</p>
