{"id":153,"date":"2017-08-09T14:56:10","date_gmt":"2017-08-09T19:56:10","guid":{"rendered":"http:\/\/www.tamaulipas.gob.mx\/trabajo\/?page_id=153"},"modified":"2025-12-10T11:20:21","modified_gmt":"2025-12-10T17:20:21","slug":"atribuciones-de-la-secretaria-del-trabajo","status":"publish","type":"page","link":"https:\/\/www.tamaulipas.gob.mx\/trabajo\/atribuciones-de-la-secretaria-del-trabajo\/","title":{"rendered":"Atribuciones de la Secretar\u00eda del Trabajo y Previsi\u00f3n Social"},"content":{"rendered":"<ul>\n<li>Ejercer las funciones que en materia de trabajo y previsi\u00f3n social correspondan al Ejecutivo del Estado y llevar estad\u00edstica general del ramo.<\/li>\n<li>Coadyuvar con las autoridades federales en la aplicaci\u00f3n y vigilancia de las normas de trabajo, proporcion\u00e1ndoles la informaci\u00f3n que soliciten para el cumplimiento de sus funciones.<\/li>\n<li>Participar en la integraci\u00f3n y funcionamiento de la Comisi\u00f3n Consultiva Estatal de Seguridad e Higiene en el Trabajo.<\/li>\n<li>Intervenir, a petici\u00f3n de parte, en la revisi\u00f3n de los contratos colectivos de trabajo, as\u00ed como en los conflictos que surjan por violaci\u00f3n a las leyes o a los citados contratos.<\/li>\n<li>Proporcionar el apoyo administrativo que para su funcionamiento requieran las Juntas Locales de Conciliaci\u00f3n y Arbitraje y el Tribunal de Conciliaci\u00f3n y Arbitraje de los Trabajadores al Servicio del Estado los Municipios de Tamaulipas.<\/li>\n<li>Coordinar el funcionamiento de las Juntas Locales de Conciliaci\u00f3n y Arbitraje y de las comisiones que se formen para regular las relaciones obrero-patronales, as\u00ed como vigilar el funcionamiento de las mismas.<\/li>\n<li>Coordinar y vigilar el debido funcionamiento de la Procuradur\u00eda de la Defensa del Trabajo para el Estado de Tamaulipas, as\u00ed como de la Procuradur\u00eda de la Defensa del Trabajo del Servidor P\u00fablico.<\/li>\n<li>Promover la conciliaci\u00f3n entre las partes en los conflictos laborales, e impulsar la defensa de los derechos de los trabajadores.<\/li>\n<li>Coordinar el Servicio Estatal del Empleo y establecer, conjuntamente con otras dependencias, instancias u organismos federales y con la Secretar\u00eda de Educaci\u00f3n en el \u00e1mbito estatal, los programas de adiestramiento y capacitaci\u00f3n industrial que se requieran.<\/li>\n<li>Las dem\u00e1s que le se\u00f1alen las leyes, reglamentos y otras disposiciones jur\u00eddicas, as\u00ed como las que le encomiende el Gobernador del Estado con relaci\u00f3n a sus competencias.<\/li>\n<\/ul>\n","protected":false},"excerpt":{"rendered":"<p>Ejercer las funciones que en materia de trabajo y previsi\u00f3n social correspondan al Ejecutivo del Estado y llevar estad\u00edstica general del ramo. Coadyuvar con las\u2026<\/p>\n","protected":false},"author":7,"featured_media":0,"parent":0,"menu_order":0,"comment_status":"closed","ping_status":"closed","template":"","meta":{"footnotes":""},"class_list":["post-153","page","type-page","status-publish","hentry"],"publishpress_future_action":{"enabled":false,"date":"2026-05-10 05:09:27","action":"change-status","newStatus":"draft","terms":[],"taxonomy":""},"_links":{"self":[{"href":"https:\/\/www.tamaulipas.gob.mx\/trabajo\/wp-json\/wp\/v2\/pages\/153"}],"collection":[{"href":"https:\/\/www.tamaulipas.gob.mx\/trabajo\/wp-json\/wp\/v2\/pages"}],"about":[{"href":"https:\/\/www.tamaulipas.gob.mx\/trabajo\/wp-json\/wp\/v2\/types\/page"}],"author":[{"embeddable":true,"href":"https:\/\/www.tamaulipas.gob.mx\/trabajo\/wp-json\/wp\/v2\/users\/7"}],"replies":[{"embeddable":true,"href":"https:\/\/www.tamaulipas.gob.mx\/trabajo\/wp-json\/wp\/v2\/comments?post=153"}],"version-history":[{"count":4,"href":"https:\/\/www.tamaulipas.gob.mx\/trabajo\/wp-json\/wp\/v2\/pages\/153\/revisions"}],"predecessor-version":[{"id":3322,"href":"https:\/\/www.tamaulipas.gob.mx\/trabajo\/wp-json\/wp\/v2\/pages\/153\/revisions\/3322"}],"wp:attachment":[{"href":"https:\/\/www.tamaulipas.gob.mx\/trabajo\/wp-json\/wp\/v2\/media?parent=153"}],"curies":[{"name":"wp","href":"https:\/\/api.w.org\/{rel}","templated":true}]}}

Atribuciones de la Secretaría del Trabajo y Previsión Social

<ul>
<li>Ejercer las funciones que en materia de trabajo y previsión social correspondan al Ejecutivo del Estado y llevar estadística general del ramo.</li>
<li>Coadyuvar con las autoridades federales en la aplicación y vigilancia de las normas de trabajo, proporcionándoles la información que soliciten para el cumplimiento de sus funciones.</li>
<li>Participar en la integración y funcionamiento de la Comisión Consultiva Estatal de Seguridad e Higiene en el Trabajo.</li>
<li>Intervenir, a petición de parte, en la revisión de los contratos colectivos de trabajo, así como en los conflictos que surjan por violación a las leyes o a los citados contratos.</li>
<li>Proporcionar el apoyo administrativo que para su funcionamiento requieran las Juntas Locales de Conciliación y Arbitraje y el Tribunal de Conciliación y Arbitraje de los Trabajadores al Servicio del Estado los Municipios de Tamaulipas.</li>
<li>Coordinar el funcionamiento de las Juntas Locales de Conciliación y Arbitraje y de las comisiones que se formen para regular las relaciones obrero-patronales, así como vigilar el funcionamiento de las mismas.</li>
<li>Coordinar y vigilar el debido funcionamiento de la Procuraduría de la Defensa del Trabajo para el Estado de Tamaulipas, así como de la Procuraduría de la Defensa del Trabajo del Servidor Público.</li>
<li>Promover la conciliación entre las partes en los conflictos laborales, e impulsar la defensa de los derechos de los trabajadores.</li>
<li>Coordinar el Servicio Estatal del Empleo y establecer, conjuntamente con otras dependencias, instancias u organismos federales y con la Secretaría de Educación en el ámbito estatal, los programas de adiestramiento y capacitación industrial que se requieran.</li>
<li>Las demás que le señalen las leyes, reglamentos y otras disposiciones jurídicas, así como las que le encomiende el Gobernador del Estado con relación a sus competencias.</li>
</ul>

<p>Ejercer las funciones que en materia de trabajo y previsión social correspondan al Ejecutivo del Estado y llevar estadística general del ramo. Coadyuvar con las…</p>
