{"id":24,"date":"2019-03-15T11:15:34","date_gmt":"2019-03-15T17:15:34","guid":{"rendered":"https:\/\/www.tamaulipas.gob.mx\/siproddis\/?page_id=24"},"modified":"2019-03-15T11:15:34","modified_gmt":"2019-03-15T17:15:34","slug":"derecho-de-las-personas-con-discapacidad","status":"publish","type":"page","link":"https:\/\/www.tamaulipas.gob.mx\/siproddis\/derecho-de-las-personas-con-discapacidad\/","title":{"rendered":"Derecho de las personas con discapacidad"},"content":{"rendered":"<ul>\n<li>Igualdad y no discriminaci\u00f3n: Son iguales ante la ley y en virtud de ella tienen derecho a igual protecci\u00f3n legal y a beneficiarse de la ley en igual medida sin discriminaci\u00f3n alguna;<\/li>\n<li>Libertad de desplazamiento: Al libre, aut\u00f3nomo y seguro desplazamiento al entrar, trasladarse, salir, orientarse y comunicarse en los espacios construidos, el mobiliario y equipo, el transporte, la informaci\u00f3n y las comunicaciones para vivir en forma independiente y participar plenamente en todos los aspectos de la vida en igualdad de condiciones;<\/li>\n<li>Acceso a la justicia: En igualdad de condiciones con las dem\u00e1s personas, incluso mediante ajustes de procedimiento adecuados a la edad, para facilitar el desempe\u00f1o de las funciones efectivas de esas personas como participantes directos e indirectos;<\/li>\n<li>A la libertad y seguridad: No se vean privadas de su libertad ilegal o arbitrariamente y que la existencia de una discapacidad no justifique en ning\u00fan caso una privaci\u00f3n de la libertad;<\/li>\n<li>De protecci\u00f3n: De su integridad f\u00edsica y mental en igualdad de condiciones con las dem\u00e1s personas, contra tortura u otros tratos o penas crueles, inhumanos o degradantes, as\u00ed como contra todas las formas de explotaci\u00f3n, violencia, abuso, situaciones de riesgo y emergencia, incluidos los aspectos relacionados con el g\u00e9nero;<\/li>\n<li>Inclusi\u00f3n: Ser integrado a la vida comunitaria en igualdad de condiciones y pueda elegir su lugar de residencia y d\u00f3nde y con qui\u00e9n vivir en igualdad de condiciones con las dem\u00e1s;<\/li>\n<li>Libertad de expresi\u00f3n: Es inviolable la libertad de emitir opiniones, informaci\u00f3n e ideas, no puede restringirse este derecho por causas de discapacidad y no tiene m\u00e1s l\u00edmites que los previstos en el art\u00edculo 6\u00b0 de la Constituci\u00f3n Pol\u00edtica de los Estados Unidos Mexicanos;<\/li>\n<li>De acceso a la informaci\u00f3n: No tendr\u00e1 m\u00e1s l\u00edmites que los establecidos en la Ley de Transparencia y Acceso a la Informaci\u00f3n P\u00fablica del Estado de Tamaulipas;<\/li>\n<li>Privacidad: Ninguna persona por cuestiones de discapacidad puede ser molestado en su persona, familia, papeles o posesiones, sino en virtud de mandamiento escrito de la autoridad competente que funde y motive la causa legal del procedimiento;<\/li>\n<li>Educaci\u00f3n: Recibir una educaci\u00f3n de calidad, incluyente y gratuita en funci\u00f3n del tipo de discapacidad;<\/li>\n<li>Salud: Derecho de gozar del m\u00e1s alto nivel de salud sin discriminaci\u00f3n por motivos de discapacidad;<\/li>\n<li>Trabajo: Tener la oportunidad de ganarse la vida mediante un trabajo digno libremente elegido o aceptado en un mercado y un entorno laboral que sea abierto, inclusivo y accesible;<\/li>\n<li>Participaci\u00f3n pol\u00edtica y p\u00fablica: No se podr\u00e1, por motivos de discapacidad, coartar el derecho de asociarse o reunirse pac\u00edficamente con cualquier objeto l\u00edcito as\u00ed como participar plena y efectivamente en la vida p\u00fablica y pol\u00edtica del Estado de Tamaulipas;<\/li>\n<li>Petici\u00f3n: Permita al peticionario tener una respuesta cabal y clara en breve t\u00e9rmino, satisfactoria no en cuanto a su resultado, al menos en cuanto a proporcionar al gobernado la informaci\u00f3n exacta y precisa que desea, cuando esto est\u00e1 al alcance real del funcionario, sin interpretaciones rigurosas que menos caben el contenido del derecho de petici\u00f3n y sin reenv\u00edos que no sean absoluta y estrictamente indispensables; y<\/li>\n<li>Cultural, actividades recreativas, esparcimiento y deporte: Participar en estas actividades activamente y en igualdad de condiciones con las dem\u00e1s personas y poder desarrollar y utilizar su potencial creativo, art\u00edstico e intelectual, no s\u00f3lo en su propio beneficio sino tambi\u00e9n para el enriquecimiento de la sociedad.<\/li>\n<\/ul>\n","protected":false},"excerpt":{"rendered":"<p>Igualdad y no discriminaci\u00f3n: Son iguales ante la ley y en virtud de ella tienen derecho a igual protecci\u00f3n legal y a beneficiarse de la\u2026<\/p>\n","protected":false},"author":1,"featured_media":0,"parent":0,"menu_order":0,"comment_status":"closed","ping_status":"closed","template":"","meta":{"footnotes":""},"class_list":["post-24","page","type-page","status-publish","hentry"],"publishpress_future_action":{"enabled":false,"date":"2026-05-17 18:23:08","action":"change-status","newStatus":"draft","terms":[],"taxonomy":""},"_links":{"self":[{"href":"https:\/\/www.tamaulipas.gob.mx\/siproddis\/wp-json\/wp\/v2\/pages\/24"}],"collection":[{"href":"https:\/\/www.tamaulipas.gob.mx\/siproddis\/wp-json\/wp\/v2\/pages"}],"about":[{"href":"https:\/\/www.tamaulipas.gob.mx\/siproddis\/wp-json\/wp\/v2\/types\/page"}],"author":[{"embeddable":true,"href":"https:\/\/www.tamaulipas.gob.mx\/siproddis\/wp-json\/wp\/v2\/users\/1"}],"replies":[{"embeddable":true,"href":"https:\/\/www.tamaulipas.gob.mx\/siproddis\/wp-json\/wp\/v2\/comments?post=24"}],"version-history":[{"count":1,"href":"https:\/\/www.tamaulipas.gob.mx\/siproddis\/wp-json\/wp\/v2\/pages\/24\/revisions"}],"predecessor-version":[{"id":25,"href":"https:\/\/www.tamaulipas.gob.mx\/siproddis\/wp-json\/wp\/v2\/pages\/24\/revisions\/25"}],"wp:attachment":[{"href":"https:\/\/www.tamaulipas.gob.mx\/siproddis\/wp-json\/wp\/v2\/media?parent=24"}],"curies":[{"name":"wp","href":"https:\/\/api.w.org\/{rel}","templated":true}]}}