{"id":667,"date":"2019-01-15T10:50:07","date_gmt":"2019-01-15T16:50:07","guid":{"rendered":"https:\/\/www.tamaulipas.gob.mx\/sipinna\/?page_id=667"},"modified":"2020-01-06T10:35:27","modified_gmt":"2020-01-06T16:35:27","slug":"derecho-a-vivir-en-condiciones-de-bienestar-y-a-un-sano-desarrollo-integral","status":"publish","type":"page","link":"https:\/\/www.tamaulipas.gob.mx\/sipinna\/derecho-a-vivir-en-condiciones-de-bienestar-y-a-un-sano-desarrollo-integral\/","title":{"rendered":"DERECHO A VIVIR EN CONDICIONES DE BIENESTAR Y A UN SANO DESARROLLO INTEGRAL"},"content":{"rendered":"<p><a href=\"https:\/\/www.tamaulipas.gob.mx\/sipinna\/wp-content\/uploads\/sites\/32\/2020\/01\/derechos-08.png\"><img loading=\"lazy\" decoding=\"async\" class=\"aligncenter size-full wp-image-807\" src=\"https:\/\/www.tamaulipas.gob.mx\/sipinna\/wp-content\/uploads\/sites\/32\/2020\/01\/derechos-08.png\" alt=\"\" width=\"1200\" height=\"445\" \/><\/a><\/p>\n<p><strong>ART\u00cdCULO 29.<\/strong><br \/>\nNi\u00f1as, ni\u00f1os y adolescentes tienen derecho a vivir en un medio ambiente sano y sustentable, y en<br \/>\ncondiciones que permitan su desarrollo, bienestar, crecimiento saludable y armonioso, tanto f\u00edsico como<br \/>\nmental, material, espiritual, \u00e9tico, cultural y social.<\/p>\n<p>&nbsp;<\/p>\n<p><strong>ART\u00cdCULO 30.<\/strong><\/p>\n<ol>\n<li>Corresponde a quienes ejerzan la patria potestad, tutela o guarda y custodia de ni\u00f1as, ni\u00f1os y<br \/>\nadolescentes, la obligaci\u00f3n primordial de proporcionar, dentro de sus posibilidades y medios econ\u00f3micos,<br \/>\nlas condiciones de vida suficientes para su sano desarrollo. Las autoridades del Estado, en el \u00e1mbito de sus<br \/>\nrespectivas competencias, coadyuvar\u00e1n a dicho fin mediante la adopci\u00f3n de las medidas correspondientes.<\/li>\n<li>Se establece como edad m\u00ednima para contraer matrimonio los 18 a\u00f1os de edad.<\/li>\n<\/ol>\n","protected":false},"excerpt":{"rendered":"<p>ART\u00cdCULO 29. Ni\u00f1as, ni\u00f1os y adolescentes tienen derecho a vivir en un medio ambiente sano y sustentable, y en condiciones que permitan su desarrollo, bienestar,\u2026<\/p>\n","protected":false},"author":7,"featured_media":0,"parent":0,"menu_order":0,"comment_status":"closed","ping_status":"closed","template":"","meta":{"footnotes":""},"class_list":["post-667","page","type-page","status-publish","hentry"],"publishpress_future_action":{"enabled":false,"date":"2026-04-26 12:06:54","action":"change-status","newStatus":"draft","terms":[],"taxonomy":""},"_links":{"self":[{"href":"https:\/\/www.tamaulipas.gob.mx\/sipinna\/wp-json\/wp\/v2\/pages\/667"}],"collection":[{"href":"https:\/\/www.tamaulipas.gob.mx\/sipinna\/wp-json\/wp\/v2\/pages"}],"about":[{"href":"https:\/\/www.tamaulipas.gob.mx\/sipinna\/wp-json\/wp\/v2\/types\/page"}],"author":[{"embeddable":true,"href":"https:\/\/www.tamaulipas.gob.mx\/sipinna\/wp-json\/wp\/v2\/users\/7"}],"replies":[{"embeddable":true,"href":"https:\/\/www.tamaulipas.gob.mx\/sipinna\/wp-json\/wp\/v2\/comments?post=667"}],"version-history":[{"count":2,"href":"https:\/\/www.tamaulipas.gob.mx\/sipinna\/wp-json\/wp\/v2\/pages\/667\/revisions"}],"predecessor-version":[{"id":826,"href":"https:\/\/www.tamaulipas.gob.mx\/sipinna\/wp-json\/wp\/v2\/pages\/667\/revisions\/826"}],"wp:attachment":[{"href":"https:\/\/www.tamaulipas.gob.mx\/sipinna\/wp-json\/wp\/v2\/media?parent=667"}],"curies":[{"name":"wp","href":"https:\/\/api.w.org\/{rel}","templated":true}]}}