{"id":661,"date":"2019-01-15T10:36:27","date_gmt":"2019-01-15T16:36:27","guid":{"rendered":"https:\/\/www.tamaulipas.gob.mx\/sipinna\/?page_id=661"},"modified":"2020-01-06T10:32:07","modified_gmt":"2020-01-06T16:32:07","slug":"derecho-a-vivir-en-familia","status":"publish","type":"page","link":"https:\/\/www.tamaulipas.gob.mx\/sipinna\/derecho-a-vivir-en-familia\/","title":{"rendered":"DERECHO A VIVIR EN FAMILIA"},"content":{"rendered":"<p><a href=\"https:\/\/www.tamaulipas.gob.mx\/sipinna\/wp-content\/uploads\/sites\/32\/2020\/01\/derechos-02.png\"><img loading=\"lazy\" decoding=\"async\" class=\"aligncenter size-full wp-image-801\" src=\"https:\/\/www.tamaulipas.gob.mx\/sipinna\/wp-content\/uploads\/sites\/32\/2020\/01\/derechos-02.png\" alt=\"\" width=\"1200\" height=\"445\" \/><\/a><\/p>\n<p><strong>ART\u00cdCULO 20.<\/strong><\/p>\n<ol>\n<li>Ni\u00f1as, ni\u00f1os y adolescentes tienen derecho a vivir en familia. La falta de recursos no podr\u00e1 considerarse<br \/>\nmotivo suficiente para separarlos de su familia de origen o de los familiares con los que convivan, ni causa<br \/>\npara la p\u00e9rdida de la patria potestad.<\/li>\n<li>Ni\u00f1as, ni\u00f1os y adolescentes no podr\u00e1n ser separados de las personas que ejerzan la patria potestad o de<br \/>\nsus tutores y, en t\u00e9rminos de las disposiciones aplicables, de las personas que los tengan bajo su guarda y<br \/>\ncustodia, salvo que medie orden de autoridad competente, en la que se determine la procedencia de la<br \/>\nseparaci\u00f3n, en cumplimiento a la preservaci\u00f3n del inter\u00e9s superior de la ni\u00f1ez, de conformidad con las<br \/>\ncausas previstas en las leyes y mediante el debido proceso en el que se garantice el derecho de audiencia<br \/>\nde todas las partes involucradas. En todos los casos, se tendr\u00e1 en cuenta la opini\u00f3n de ni\u00f1as, ni\u00f1os y<br \/>\nadolescentes conforme a su edad, desarrollo evolutivo, cognoscitivo y madurez.<\/li>\n<li>Los casos en que las personas que ejerzan la patria potestad, por extrema pobreza o por necesidad de<br \/>\nganarse el sustento lejos del lugar de residencia, tengan dificultades para atender a ni\u00f1as, ni\u00f1os y<br \/>\nadolescentes de manera permanente, no ser\u00e1n considerados como supuestos de exposici\u00f3n o estado de<br \/>\nabandono, siempre que los mantengan al cuidado de otras personas, libres de violencia y provean su<br \/>\nsubsistencia.<\/li>\n<li>Las autoridades estatales y municipales, en el \u00e1mbito de sus respectivas competencias, est\u00e1n obligadas<br \/>\na instaurar pol\u00edticas de fortalecimiento familiar con la finalidad de evitar la separaci\u00f3n de ni\u00f1as, ni\u00f1os y<br \/>\nadolescentes de quienes ejerzan la patria potestad y en su caso, la tutela.<\/li>\n<\/ol>\n<p>&nbsp;<\/p>\n<p><strong>ART\u00cdCULO 21.<\/strong><\/p>\n<ol>\n<li>Ni\u00f1as, ni\u00f1os y adolescentes cuyas familias est\u00e9n separadas, tendr\u00e1n derecho a convivir o mantener<br \/>\nrelaciones personales y contacto directo con sus familiares de modo regular, excepto en los casos en que el<br \/>\n\u00f3rgano jurisdiccional competente determine que ello es contrario al inter\u00e9s superior de la ni\u00f1ez, sin perjuicio<br \/>\nde las medidas cautelares y de protecci\u00f3n que se dicten por las autoridades competentes en los<br \/>\nprocedimientos respectivos, en los que se deber\u00e1 garantizar el derecho de audiencia de todas las partes<br \/>\ninvolucradas, en especial de ni\u00f1as, ni\u00f1os y adolescentes.<\/li>\n<li>Asimismo, ni\u00f1as, ni\u00f1os y adolescentes tienen derecho a convivir con sus familiares cuando \u00e9stos se<br \/>\nencuentren privados de su libertad.<\/li>\n<\/ol>\n<p>&nbsp;<\/p>\n<p><strong>ART\u00cdCULO 22.<\/strong><\/p>\n<ol>\n<li>Las autoridades estatales y municipales, establecer\u00e1n las normas y los mecanismos necesarios para<br \/>\nfacilitar la localizaci\u00f3n y reunificaci\u00f3n de la familia de ni\u00f1as, ni\u00f1os y adolescentes, cuando hayan sido<br \/>\nprivados de ella, siempre y cuando no sea contrario a su inter\u00e9s superior.<\/li>\n<li>Durante la localizaci\u00f3n de la familia, ni\u00f1as, ni\u00f1os y adolescentes tienen derecho a acceder a las<br \/>\nmodalidades de cuidados alternativos de car\u00e1cter temporal, en tanto se incorporan a su familia.<\/li>\n<li>Para efectos del p\u00e1rrafo anterior, el Sistema DIF Tamaulipas y los Sistemas DIF Municipales deber\u00e1n<br \/>\notorgar acogimiento correspondiente de conformidad con lo previsto en el T\u00edtulo Cuarto, Cap\u00edtulo Primero de<br \/>\nesta Ley y dem\u00e1s disposiciones aplicables.<\/li>\n<\/ol>\n<p>&nbsp;<\/p>\n<p><strong>ART\u00cdCULO 23.<\/strong><\/p>\n<p>1. El Sistema DIF Tamaulipas y los Sistemas DIF Municipales, deber\u00e1n otorgar medidas especiales de<br \/>\nprotecci\u00f3n de ni\u00f1as, ni\u00f1os y adolescentes que hayan sido separados de su familia de origen por resoluci\u00f3n<br \/>\njudicial.<\/p>\n<p>2. Las autoridades competentes garantizar\u00e1n que reciban todos los cuidados que se requieran por su<br \/>\nsituaci\u00f3n de desamparo familiar. En estos casos, de conformidad con la legislaci\u00f3n civil aplicable, el Sistema<br \/>\nDIF Tamaulipas o los Sistemas DIF Municipales, seg\u00fan sea el caso, se asegurar\u00e1n de que ni\u00f1as, ni\u00f1os y<br \/>\nadolescentes:<\/p>\n<ol style=\"list-style-type: upper-roman;\">\n<li>Sean ubicados con su familia extensa o ampliada para su cuidado, siempre que ello sea posible y no sea<br \/>\ncontrario a su inter\u00e9s superior;<\/li>\n<li>Sean recibidos por una familia de acogida como medida de protecci\u00f3n, de car\u00e1cter temporal, en los<br \/>\ncasos en los cuales ni los progenitores, ni la familia extensa de ni\u00f1as, ni\u00f1os y adolescentes pudieran<br \/>\nhacerse cargo;<\/li>\n<li>Sean sujetos del acogimiento pre-adoptivo como una fase dentro del procedimiento de adopci\u00f3n, que<br \/>\nsupone la vinculaci\u00f3n de ni\u00f1as, ni\u00f1os y adolescentes, respecto del cual ya se ha declarado la condici\u00f3n de<br \/>\nadoptabilidad, con su nuevo entorno y determinar la idoneidad de la familia para convertirse en familia<br \/>\nadoptiva;<\/li>\n<li>En el Sistema DIF Tamaulipas deber\u00e1 registrar, capacitar, evaluar y certificar a las familias que resulten<br \/>\nid\u00f3neas, considerando los requisitos se\u00f1alados para el acogimiento pre-adoptivo, o<\/li>\n<li>Sean colocados, dadas las caracter\u00edsticas espec\u00edficas de cada caso, en acogimiento residencial<br \/>\nbrindado por centros de asistencia social el menor tiempo posible.<\/li>\n<\/ol>\n<p>3. Esta medida especial de protecci\u00f3n tendr\u00e1 car\u00e1cter subsidiario, priorizando las opciones de cuidado en<br \/>\nun entorno familiar.<br \/>\n4. La autoridad competente deber\u00e1 considerar el inter\u00e9s superior de la ni\u00f1ez para determinar la opci\u00f3n que<br \/>\nsea m\u00e1s adecuada y, de ser el caso, restituirle su derecho a vivir en familia.<br \/>\n5. El Sistema DIF Tamaulipas y los Sistemas DIF Municipales en todo momento ser\u00e1n responsables del<br \/>\nseguimiento de la situaci\u00f3n en la que se encuentren ni\u00f1as, ni\u00f1os y adolescentes una vez que haya<br \/>\nconcluido el acogimiento.<\/p>\n<p>&nbsp;<\/p>\n<p><strong>ART\u00cdCULO 24.<\/strong><\/p>\n<p>Corresponde al Sistema DIF Tamaulipas:<\/p>\n<ol style=\"list-style-type: upper-roman;\">\n<li>Prestar servicios de asesor\u00eda y asistencia jur\u00eddica a las personas que deseen asumir el car\u00e1cter de familia<br \/>\nde acogimiento pre-adoptivo de ni\u00f1as, ni\u00f1os o adolescentes, as\u00ed como su capacitaci\u00f3n;<\/li>\n<li>Realizar evaluaciones sobre la idoneidad de las condiciones de quienes pretendan adoptar, y emitir los<br \/>\ndict\u00e1menes correspondientes, as\u00ed como formular las recomendaciones pertinentes al \u00f3rgano jurisdiccional; y<\/li>\n<li>Contar con un sistema de informaci\u00f3n que permita registrar a las ni\u00f1as, ni\u00f1os y adolescentes cuya<br \/>\nsituaci\u00f3n jur\u00eddica o familiar permita que sean susceptibles de adopci\u00f3n, as\u00ed como el listado de las personas<br \/>\nsolicitantes de adopci\u00f3n, adopciones concluidas e informar de manera trimestral a la Procuradur\u00eda de<br \/>\nProtecci\u00f3n Federal.<\/li>\n<\/ol>\n<p>&nbsp;<\/p>\n<p><strong>ART\u00cdCULO 25.<\/strong><\/p>\n<p>En materia de adopciones, se estar\u00e1 a lo que disponga la Ley General y la Ley de Adopciones para el<br \/>\nEstado de Tamaulipas<\/p>\n","protected":false},"excerpt":{"rendered":"<p>ART\u00cdCULO 20. Ni\u00f1as, ni\u00f1os y adolescentes tienen derecho a vivir en familia. La falta de recursos no podr\u00e1 considerarse motivo suficiente para separarlos de su\u2026<\/p>\n","protected":false},"author":7,"featured_media":0,"parent":0,"menu_order":0,"comment_status":"closed","ping_status":"closed","template":"","meta":{"footnotes":""},"class_list":["post-661","page","type-page","status-publish","hentry"],"publishpress_future_action":{"enabled":false,"date":"2026-04-26 12:07:52","action":"change-status","newStatus":"draft","terms":[],"taxonomy":""},"_links":{"self":[{"href":"https:\/\/www.tamaulipas.gob.mx\/sipinna\/wp-json\/wp\/v2\/pages\/661"}],"collection":[{"href":"https:\/\/www.tamaulipas.gob.mx\/sipinna\/wp-json\/wp\/v2\/pages"}],"about":[{"href":"https:\/\/www.tamaulipas.gob.mx\/sipinna\/wp-json\/wp\/v2\/types\/page"}],"author":[{"embeddable":true,"href":"https:\/\/www.tamaulipas.gob.mx\/sipinna\/wp-json\/wp\/v2\/users\/7"}],"replies":[{"embeddable":true,"href":"https:\/\/www.tamaulipas.gob.mx\/sipinna\/wp-json\/wp\/v2\/comments?post=661"}],"version-history":[{"count":3,"href":"https:\/\/www.tamaulipas.gob.mx\/sipinna\/wp-json\/wp\/v2\/pages\/661\/revisions"}],"predecessor-version":[{"id":823,"href":"https:\/\/www.tamaulipas.gob.mx\/sipinna\/wp-json\/wp\/v2\/pages\/661\/revisions\/823"}],"wp:attachment":[{"href":"https:\/\/www.tamaulipas.gob.mx\/sipinna\/wp-json\/wp\/v2\/media?parent=661"}],"curies":[{"name":"wp","href":"https:\/\/api.w.org\/{rel}","templated":true}]}}