{"id":654,"date":"2019-01-15T10:03:48","date_gmt":"2019-01-15T16:03:48","guid":{"rendered":"https:\/\/www.tamaulipas.gob.mx\/sipinna\/?page_id=654"},"modified":"2019-12-12T15:12:48","modified_gmt":"2019-12-12T21:12:48","slug":"del-derecho-a-la-vida-a-la-supervivencia-y-al-desarrollo","status":"publish","type":"page","link":"https:\/\/www.tamaulipas.gob.mx\/sipinna\/del-derecho-a-la-vida-a-la-supervivencia-y-al-desarrollo\/","title":{"rendered":"DEL DERECHO A LA VIDA, A LA SUPERVIVENCIA Y AL DESARROLLO"},"content":{"rendered":"<p><a href=\"https:\/\/www.tamaulipas.gob.mx\/sipinna\/wp-content\/uploads\/sites\/32\/2019\/12\/derechos-06-1.png\"><img loading=\"lazy\" decoding=\"async\" class=\"aligncenter size-full wp-image-796\" src=\"https:\/\/www.tamaulipas.gob.mx\/sipinna\/wp-content\/uploads\/sites\/32\/2019\/12\/derechos-06-1.png\" alt=\"\" width=\"1200\" height=\"446\" \/><\/a><\/p>\n<p><strong>ART\u00cdCULO 13.<\/strong><\/p>\n<ol>\n<li>Ni\u00f1as, ni\u00f1os y adolescentes tienen derecho a que se les preserve la vida, a la supervivencia y al<br \/>\ndesarrollo.<\/li>\n<li>Las autoridades deber\u00e1n llevar a cabo las acciones necesarias para garantizar el desarrollo y prevenir<br \/>\ncualquier conducta que atente contra su supervivencia, as\u00ed como para investigar y sancionar efectivamente<br \/>\nlos actos de privaci\u00f3n de la vida.<\/li>\n<li>Ni\u00f1as, ni\u00f1os y adolescentes deber\u00e1n disfrutar de una vida plena en condiciones acordes a su dignidad y<br \/>\nen condiciones que garanticen su desarrollo integral.<\/li>\n<\/ol>\n<p><strong>ART\u00cdCULO 14.<\/strong><br \/>\nNi\u00f1as, ni\u00f1os y adolescentes tienen derecho a no ser privados de la vida bajo ninguna circunstancia, ni ser<br \/>\nutilizados en conflictos armados, violentos o en la comisi\u00f3n de conductas delictivas.<\/p>\n","protected":false},"excerpt":{"rendered":"<p>ART\u00cdCULO 13. Ni\u00f1as, ni\u00f1os y adolescentes tienen derecho a que se les preserve la vida, a la supervivencia y al desarrollo. Las autoridades deber\u00e1n llevar\u2026<\/p>\n","protected":false},"author":7,"featured_media":0,"parent":0,"menu_order":0,"comment_status":"closed","ping_status":"closed","template":"","meta":{"footnotes":""},"class_list":["post-654","page","type-page","status-publish","hentry"],"publishpress_future_action":{"enabled":false,"date":"2026-04-26 10:43:50","action":"change-status","newStatus":"draft","terms":[],"taxonomy":""},"_links":{"self":[{"href":"https:\/\/www.tamaulipas.gob.mx\/sipinna\/wp-json\/wp\/v2\/pages\/654"}],"collection":[{"href":"https:\/\/www.tamaulipas.gob.mx\/sipinna\/wp-json\/wp\/v2\/pages"}],"about":[{"href":"https:\/\/www.tamaulipas.gob.mx\/sipinna\/wp-json\/wp\/v2\/types\/page"}],"author":[{"embeddable":true,"href":"https:\/\/www.tamaulipas.gob.mx\/sipinna\/wp-json\/wp\/v2\/users\/7"}],"replies":[{"embeddable":true,"href":"https:\/\/www.tamaulipas.gob.mx\/sipinna\/wp-json\/wp\/v2\/comments?post=654"}],"version-history":[{"count":3,"href":"https:\/\/www.tamaulipas.gob.mx\/sipinna\/wp-json\/wp\/v2\/pages\/654\/revisions"}],"predecessor-version":[{"id":797,"href":"https:\/\/www.tamaulipas.gob.mx\/sipinna\/wp-json\/wp\/v2\/pages\/654\/revisions\/797"}],"wp:attachment":[{"href":"https:\/\/www.tamaulipas.gob.mx\/sipinna\/wp-json\/wp\/v2\/media?parent=654"}],"curies":[{"name":"wp","href":"https:\/\/api.w.org\/{rel}","templated":true}]}}