{"id":31,"date":"2017-12-12T11:26:18","date_gmt":"2017-12-12T17:26:18","guid":{"rendered":"http:\/\/www.tamaulipas.gob.mx\/sipinna\/?page_id=31"},"modified":"2022-01-12T10:54:03","modified_gmt":"2022-01-12T16:54:03","slug":"marco-juridico","status":"publish","type":"page","link":"https:\/\/www.tamaulipas.gob.mx\/sipinna\/marco-juridico\/","title":{"rendered":"Marco Jur\u00eddico"},"content":{"rendered":"<p><a href=\"http:\/\/www.ohchr.org\/SP\/ProfessionalInterest\/Pages\/CRC.aspx\" target=\"_blank\" rel=\"noopener\">Convenci\u00f3n de los Derechos del Ni\u00f1o <i class=\"fa fa-external-link\"><\/i><\/a><\/p>\n<p><a href=\"http:\/\/www.congresotamaulipas.gob.mx\/LegislacionEstatal\/Constituciones\/Constituciones.asp\" target=\"_blank\" rel=\"noopener\">Constituci\u00f3n Pol\u00edtica de los Estados Unidos Mexicanos <i class=\"fa fa-external-link\"><\/i><\/a><\/p>\n<p><a href=\"http:\/\/www.ordenjuridico.gob.mx\/Documentos\/Federal\/pdf\/wo99957.pdf\" target=\"_blank\" rel=\"noopener\">Ley General de los Derechos de Ni\u00f1as, Ni\u00f1os y Adolescentes <i class=\"fa fa-external-link\"><\/i><\/a><\/p>\n<p><a href=\"http:\/\/www.congresotamaulipas.gob.mx\/LegislacionEstatal\/LegislacionVigente\/VerLey.asp?IdLey=263\" target=\"_blank\" rel=\"noopener\">Ley de los Derechos de Ni\u00f1as, Ni\u00f1os y Adolescentes del Estado de Tamaulipas <i class=\"fa fa-external-link\"><\/i><\/a><\/p>\n<p><a href=\"http:\/\/www.congresotamaulipas.gob.mx\/LegislacionEstatal\/LegislacionVigente\/VerReglamento.asp?IdReglamento=296\" target=\"_blank\" rel=\"noopener\">Reglamento de la Ley de los Derechos de Ni\u00f1as, Ni\u00f1os y Adolescentes del Estado de Tamaulipas <i class=\"fa fa-external-link\"><\/i><\/a><\/p>\n<p><a href=\"http:\/\/po.tamaulipas.gob.mx\/wp-content\/uploads\/2016\/06\/cxli-78-300616F.pdf\" target=\"_blank\" rel=\"noopener\">Lineamientos de Integraci\u00f3n, Organizaci\u00f3n y Funcionamiento del Sistema Estatal de Protecci\u00f3n Integral de los Derechos de Ni\u00f1as, Ni\u00f1os y Adolescentes <i class=\"fa fa-external-link\"><\/i><\/a><\/p>\n<p><a href=\"https:\/\/www.tamaulipas.gob.mx\/sipinna\/wp-content\/uploads\/sites\/32\/2022\/01\/cxlvii-02-050122f.pdf\" target=\"_blank\" rel=\"noopener\">PROESPINNA Tamaulipas <i class=\"fa fa-external-link\"><\/i><\/a><\/p>\n","protected":false},"excerpt":{"rendered":"<p>Convenci\u00f3n de los Derechos del Ni\u00f1o Constituci\u00f3n Pol\u00edtica de los Estados Unidos Mexicanos Ley General de los Derechos de Ni\u00f1as, Ni\u00f1os y Adolescentes Ley de\u2026<\/p>\n","protected":false},"author":7,"featured_media":0,"parent":0,"menu_order":0,"comment_status":"closed","ping_status":"closed","template":"","meta":{"footnotes":""},"class_list":["post-31","page","type-page","status-publish","hentry"],"publishpress_future_action":{"enabled":false,"date":"2026-04-26 08:54:01","action":"change-status","newStatus":"draft","terms":[],"taxonomy":""},"_links":{"self":[{"href":"https:\/\/www.tamaulipas.gob.mx\/sipinna\/wp-json\/wp\/v2\/pages\/31"}],"collection":[{"href":"https:\/\/www.tamaulipas.gob.mx\/sipinna\/wp-json\/wp\/v2\/pages"}],"about":[{"href":"https:\/\/www.tamaulipas.gob.mx\/sipinna\/wp-json\/wp\/v2\/types\/page"}],"author":[{"embeddable":true,"href":"https:\/\/www.tamaulipas.gob.mx\/sipinna\/wp-json\/wp\/v2\/users\/7"}],"replies":[{"embeddable":true,"href":"https:\/\/www.tamaulipas.gob.mx\/sipinna\/wp-json\/wp\/v2\/comments?post=31"}],"version-history":[{"count":7,"href":"https:\/\/www.tamaulipas.gob.mx\/sipinna\/wp-json\/wp\/v2\/pages\/31\/revisions"}],"predecessor-version":[{"id":930,"href":"https:\/\/www.tamaulipas.gob.mx\/sipinna\/wp-json\/wp\/v2\/pages\/31\/revisions\/930"}],"wp:attachment":[{"href":"https:\/\/www.tamaulipas.gob.mx\/sipinna\/wp-json\/wp\/v2\/media?parent=31"}],"curies":[{"name":"wp","href":"https:\/\/api.w.org\/{rel}","templated":true}]}}