{"id":1631,"date":"2024-05-15T11:42:32","date_gmt":"2024-05-15T17:42:32","guid":{"rendered":"https:\/\/www.tamaulipas.gob.mx\/sipinna\/?page_id=1631"},"modified":"2025-08-20T13:26:05","modified_gmt":"2025-08-20T19:26:05","slug":"espacios-amigables","status":"publish","type":"page","link":"https:\/\/www.tamaulipas.gob.mx\/sipinna\/espacios-amigables\/","title":{"rendered":"Espacios Amigables"},"content":{"rendered":"<p style=\"text-align: justify;\"><span style=\"font-weight: 400;\">Promover el desarrollo de la infancia y la adolescencia es una tarea no s\u00f3lo del sector p\u00fablico sino tambi\u00e9n del privado. Por eso, cada espacio de la comunidad debe ser un lugar en el que los ni\u00f1os, las ni\u00f1as y los adolescentes vean respetados sus derechos.\u00a0<\/span><\/p>\n<p style=\"text-align: justify;\"><span style=\"font-weight: 400;\">La Convenci\u00f3n sobre los Derechos del Ni\u00f1o (CDN) define a los ni\u00f1os como todo ser humano menor a los 18 a\u00f1os. Como personas en formaci\u00f3n y desarrollo, los ni\u00f1os conforman un grupo que requiere de protecci\u00f3n y cuidados especiales, diferentes a los adultos. Son personas poseedoras de derechos que, muchas veces, se encuentran en situaci\u00f3n de mayor vulnerabilidad.\u00a0<\/span><\/p>\n<p>Gracias a la colaboraci\u00f3n entre la sociedad civil y el gobierno, buscamos transformar espacios seguros que brinden atenci\u00f3n integral a la ni\u00f1ez. En estos espacios, se promueve su bienestar, el respeto a sus derechos y el cuidado del medio ambiente, fomentando a trav\u00e9s de la cultura del reciclaje y el juego un entorno saludable y enriquecedor para su desarrollo.<\/p>\n<p>&nbsp;<\/p>\n<p><img loading=\"lazy\" decoding=\"async\" class=\"wp-image-1830 size-full aligncenter\" src=\"https:\/\/www.tamaulipas.gob.mx\/sipinna\/wp-content\/uploads\/sites\/32\/2024\/07\/img_6867.jpeg\" alt=\"\" width=\"1200\" height=\"674\" \/><\/p>\n<p><strong>Espacios Amigables con enfoque de Infancia instalados:<\/strong><\/p>\n<p><a href=\"https:\/\/www.tamaulipas.gob.mx\/sipinna\/sistema-estatal-de-proteccion-integral-de-ninas-ninos-y-adolescentes\/\">Sistema Estatal de Protecci\u00f3n Integral de Ni\u00f1as, Ni\u00f1os y Adolescentes<\/a><\/p>\n<p><a href=\"https:\/\/www.tamaulipas.gob.mx\/sipinna\/comision-estatal-de-atencion-a-victimas\/\">Comisi\u00f3n Estatal de Atenci\u00f3n a V\u00edctimas<\/a><\/p>\n<p><a href=\"https:\/\/www.tamaulipas.gob.mx\/sipinna\/espacios-amigables\/instituto-de-defensoria-publica-del-estado\/\" rel=\"noopener\">Instituto de Defensor\u00eda P\u00fablica del Estado<\/a><\/p>\n<p><a href=\"https:\/\/www.tamaulipas.gob.mx\/sipinna\/fiscalia-especializada-en-la-investigacion-de-delitos-contra-ninas-ninos-y-adolescentes-y-mujeres-por-cuestiones-de-genero\/\">Fiscal\u00eda Especializada en la Investigaci\u00f3n de Delitos contra Ni\u00f1as, Ni\u00f1os y Adolescentes y Mujeres por Razones de G\u00e9nero<\/a><\/p>\n<p><a href=\"https:\/\/www.tamaulipas.gob.mx\/sipinna\/albergue-nuestra-senora-de-guadalupe-cd-reynosa-tamaulipas\/\">Albergue Nuestra Se\u00f1ora de Guadalupe Cd. Reynosa Tamaulipas<\/a><\/p>\n<p><a href=\"https:\/\/www.tamaulipas.gob.mx\/sipinna\/albergue-senda-de-vida-1-cd-reynosa-tamaulipas\/\">Albergue Senda de Vida 1, Cd. Reynosa Tamaulipas<\/a><\/p>\n<p><a href=\"https:\/\/www.tamaulipas.gob.mx\/sipinna\/albergue-senda-de-vida-2-cd-reynosa-tamaulipas\/\">Albergue Senda de Vida 2, Cd. Reynosa Tamaulipas<\/a><\/p>\n<p><a href=\"https:\/\/www.tamaulipas.gob.mx\/sipinna\/procuraduria-de-proteccion-de-ninas-ninos-y-adolescentes-sistema-estatal-de-proteccion-integral-de-nna-en-ciudad-victoria-tamaulipas\/\">Procuradur\u00eda de Protecci\u00f3n de Ni\u00f1as, Ni\u00f1os y Adolescentes, Sistema Estatal de Protecci\u00f3n Integral de NNA, en Ciudad Victoria<\/a><\/p>\n<p><a href=\"https:\/\/www.tamaulipas.gob.mx\/sipinna\/procuraduria-de-proteccion-de-ninas-ninos-y-adolescentes-dif-victoria\/\">Procuradur\u00eda de Protecci\u00f3n de Ni\u00f1as, Ni\u00f1os y Adolescentes, DIF Victoria<\/a><\/p>\n<p><a href=\"https:\/\/www.tamaulipas.gob.mx\/sipinna\/instituto-regional-de-la-mujer-mante-tamaulipas\/\">Instituto Regional de la Mujer, Mante Tamaulipas<\/a><\/p>\n<p><a href=\"https:\/\/www.tamaulipas.gob.mx\/sipinna\/procuraduria-de-la-nina-nino-y-adolescente-mante-tamaulipas\/?preview=true\">Procuradur\u00eda de la Ni\u00f1a, Ni\u00f1o y Adolescente, Mante Tamaulipas<\/a><\/p>\n<p><a href=\"https:\/\/www.tamaulipas.gob.mx\/sipinna\/centro-integral-de-justicia-atencion-a-victimas-mante-tamaulipas\/\">Centro Integral de Justicia (Atenci\u00f3n a V\u00edctimas), Mante Tamaulipas<\/a><\/p>\n<p><a href=\"https:\/\/www.tamaulipas.gob.mx\/sipinna\/sistema-dif-hidalgo-tamaulipas\/\">Sistema DIF, Hidalgo, Tamaulipas<\/a><\/p>\n<p><a href=\"https:\/\/www.tamaulipas.gob.mx\/sipinna\/hospital-general-dr-alfredo-pumarejo-matamoros-tamaulipas\/\">Hospital General Dr. Alfredo Pumarejo, Matamoros, Tamaulipas<\/a><\/p>\n<p><a href=\"https:\/\/www.tamaulipas.gob.mx\/sipinna\/centro-de-ejecucion-de-sanciones-cedes-de-altamira-tamaulipas\/\">Centro de Ejecuci\u00f3n de Sanciones (CEDES) de Altamira Tamaulipas<\/a><\/p>\n<p><a href=\"https:\/\/www.tamaulipas.gob.mx\/sipinna\/centro-de-ejecucion-de-sanciones-cedes-de-reynosa-tamaulipas\/\">Centro de Ejecuci\u00f3n de Sanciones ( CEDES) de Matamoros, Tamaulipas<\/a><\/p>\n<p><a href=\"https:\/\/www.tamaulipas.gob.mx\/sipinna\/infoteca-sor-juana-ines-de-la-cruz-de-nuevo-laredo-tamaulipas\/\">Infoteca \u00abSor Juana In\u00e9s de la Cruz\u00bb de Nuevo Laredo, Tamaulipas<\/a><\/p>\n<p><a href=\"https:\/\/www.tamaulipas.gob.mx\/sipinna\/centro-de-desarrollo-comunitario-lienzo-charro-de-ciudad-madero-tamaulipas\/\">Centro de Desarrollo Comunitario Lienzo Charro de Ciudad Madero, Tamaulipas<\/a><\/p>\n<p>&nbsp;<\/p>\n<p>&nbsp;<\/p>\n<p>&nbsp;<\/p>\n","protected":false},"excerpt":{"rendered":"<p>Promover el desarrollo de la infancia y la adolescencia es una tarea no s\u00f3lo del sector p\u00fablico sino tambi\u00e9n del privado. Por eso, cada espacio\u2026<\/p>\n","protected":false},"author":358,"featured_media":0,"parent":0,"menu_order":0,"comment_status":"closed","ping_status":"closed","template":"","meta":{"footnotes":""},"class_list":["post-1631","page","type-page","status-publish","hentry"],"publishpress_future_action":{"enabled":false,"date":"2026-04-11 10:26:40","action":"change-status","newStatus":"draft","terms":[],"taxonomy":""},"_links":{"self":[{"href":"https:\/\/www.tamaulipas.gob.mx\/sipinna\/wp-json\/wp\/v2\/pages\/1631"}],"collection":[{"href":"https:\/\/www.tamaulipas.gob.mx\/sipinna\/wp-json\/wp\/v2\/pages"}],"about":[{"href":"https:\/\/www.tamaulipas.gob.mx\/sipinna\/wp-json\/wp\/v2\/types\/page"}],"author":[{"embeddable":true,"href":"https:\/\/www.tamaulipas.gob.mx\/sipinna\/wp-json\/wp\/v2\/users\/358"}],"replies":[{"embeddable":true,"href":"https:\/\/www.tamaulipas.gob.mx\/sipinna\/wp-json\/wp\/v2\/comments?post=1631"}],"version-history":[{"count":55,"href":"https:\/\/www.tamaulipas.gob.mx\/sipinna\/wp-json\/wp\/v2\/pages\/1631\/revisions"}],"predecessor-version":[{"id":2200,"href":"https:\/\/www.tamaulipas.gob.mx\/sipinna\/wp-json\/wp\/v2\/pages\/1631\/revisions\/2200"}],"wp:attachment":[{"href":"https:\/\/www.tamaulipas.gob.mx\/sipinna\/wp-json\/wp\/v2\/media?parent=1631"}],"curies":[{"name":"wp","href":"https:\/\/api.w.org\/{rel}","templated":true}]}}