{"id":12,"date":"2017-12-12T10:32:07","date_gmt":"2017-12-12T16:32:07","guid":{"rendered":"http:\/\/www.tamaulipas.gob.mx\/sipinna\/?page_id=12"},"modified":"2017-12-12T10:32:07","modified_gmt":"2017-12-12T16:32:07","slug":"atribuciones","status":"publish","type":"page","link":"https:\/\/www.tamaulipas.gob.mx\/sipinna\/atribuciones\/","title":{"rendered":"Atribuciones"},"content":{"rendered":"<ul>\n<li>Instrumentar y articular sus pol\u00edticas p\u00fablicas<\/li>\n<li>Garantizar la transversalidad de la perspectiva de derechos de ni\u00f1as, ni\u00f1os y adolescentes en la elaboraci\u00f3n de programas sectoriales<\/li>\n<li>Difundir el marco jur\u00eddico local, nacional e internacional de protecci\u00f3n a los derechos de ni\u00f1as, ni\u00f1os y adolescentes<\/li>\n<li>Integrar a los sectores p\u00fablico, social y privado en la definici\u00f3n e instrumentaci\u00f3n de pol\u00edticas para la protecci\u00f3n de ni\u00f1as, ni\u00f1os y adolescentes<\/li>\n<li>Generar los mecanismos necesarios para garantizar la participaci\u00f3n directa y efectiva de ni\u00f1as, ni\u00f1os y adolescentes en los procesos de elaboraci\u00f3n de programas y pol\u00edticas locales para la protecci\u00f3n integral de sus derechos<\/li>\n<li>Establecer en sus presupuestos, rubros destinados a la protecci\u00f3n de los derechos de ni\u00f1as, ni\u00f1os y adolescentes<\/li>\n<li>Garantizar la transversalidad de la perspectiva de derechos de las ni\u00f1as, ni\u00f1os y la adolescencia en la elaboraci\u00f3n de programas, as\u00ed como en las pol\u00edticas y acciones para la protecci\u00f3n de sus derechos<\/li>\n<li>Elaborar y ejecutar el Programa con la participaci\u00f3n de los sectores p\u00fablico, social y privado, as\u00ed como de ni\u00f1as, ni\u00f1os y adolescentes<\/li>\n<li>Llevar a cabo el seguimiento, monitoreo y evaluaci\u00f3n de la ejecuci\u00f3n del Programa<\/li>\n<li>Participar en la formulaci\u00f3n, ejecuci\u00f3n e instrumentaci\u00f3n de programas, estrategias y acciones en materia de protecci\u00f3n y ejercicio de los derechos de ni\u00f1as, ni\u00f1os y adolescentes<\/li>\n<li>Garantizar la participaci\u00f3n de ni\u00f1as, ni\u00f1os y adolescentes en el ejercicio de sus derechos humanos<\/li>\n<li>Fortalecer las acciones de corresponsabilidad y cercan\u00eda entre las instancias p\u00fablicas y privadas con ni\u00f1as, ni\u00f1os y adolescentes<\/li>\n<li>Realizar acciones de formaci\u00f3n y capacitaci\u00f3n de manera sist\u00e9mica y continua sobre el conocimiento y respeto de los derechos humanos de ni\u00f1as, ni\u00f1os y adolescentes, principalmente con aquellas personas que trabajan desde los diversos \u00e1mbitos en la garant\u00eda de sus derechos<\/li>\n<li>Celebrar convenios de coordinaci\u00f3n en la materia<\/li>\n<\/ul>\n","protected":false},"excerpt":{"rendered":"<p>Instrumentar y articular sus pol\u00edticas p\u00fablicas Garantizar la transversalidad de la perspectiva de derechos de ni\u00f1as, ni\u00f1os y adolescentes en la elaboraci\u00f3n de programas sectoriales\u2026<\/p>\n","protected":false},"author":7,"featured_media":0,"parent":0,"menu_order":0,"comment_status":"closed","ping_status":"closed","template":"","meta":{"footnotes":""},"class_list":["post-12","page","type-page","status-publish","hentry"],"publishpress_future_action":{"enabled":false,"date":"2026-04-26 08:54:00","action":"change-status","newStatus":"draft","terms":[],"taxonomy":""},"_links":{"self":[{"href":"https:\/\/www.tamaulipas.gob.mx\/sipinna\/wp-json\/wp\/v2\/pages\/12"}],"collection":[{"href":"https:\/\/www.tamaulipas.gob.mx\/sipinna\/wp-json\/wp\/v2\/pages"}],"about":[{"href":"https:\/\/www.tamaulipas.gob.mx\/sipinna\/wp-json\/wp\/v2\/types\/page"}],"author":[{"embeddable":true,"href":"https:\/\/www.tamaulipas.gob.mx\/sipinna\/wp-json\/wp\/v2\/users\/7"}],"replies":[{"embeddable":true,"href":"https:\/\/www.tamaulipas.gob.mx\/sipinna\/wp-json\/wp\/v2\/comments?post=12"}],"version-history":[{"count":1,"href":"https:\/\/www.tamaulipas.gob.mx\/sipinna\/wp-json\/wp\/v2\/pages\/12\/revisions"}],"predecessor-version":[{"id":13,"href":"https:\/\/www.tamaulipas.gob.mx\/sipinna\/wp-json\/wp\/v2\/pages\/12\/revisions\/13"}],"wp:attachment":[{"href":"https:\/\/www.tamaulipas.gob.mx\/sipinna\/wp-json\/wp\/v2\/media?parent=12"}],"curies":[{"name":"wp","href":"https:\/\/api.w.org\/{rel}","templated":true}]}}