{"id":2798,"date":"2026-04-16T18:17:23","date_gmt":"2026-04-17T00:17:23","guid":{"rendered":"https:\/\/www.tamaulipas.gob.mx\/simplificacionydigitalizacion\/?page_id=2798"},"modified":"2026-04-16T18:17:23","modified_gmt":"2026-04-17T00:17:23","slug":"acuerdos-de-simplificacion-municipales","status":"publish","type":"page","link":"https:\/\/www.tamaulipas.gob.mx\/simplificacionydigitalizacion\/acuerdos-de-simplificacion-municipales\/","title":{"rendered":"Acuerdos de Simplificaci\u00f3n Municipales"},"content":{"rendered":"<p>Es el instrumento normativo emitido por la autoridad competente, mediante el cual se establecen medidas, disposiciones o modificaciones orientadas a simplificar, digitalizar o eliminar tr\u00e1mites y servicios p\u00fablicos, con el fin de reducir cargas administrativas, acortar tiempos de respuesta y facilitar la interacci\u00f3n entre la ciudadan\u00eda y las instituciones gubernamentales.<\/p>\n<h3><\/h3>\n<h3>Tampico<\/h3>\n<p><a href=\"http:\/\/www.tamaulipas.gob.mx\/simplificacionydigitalizacion\/wp-content\/uploads\/sites\/59\/2026\/04\/cli-46-160426.pdf\" target=\"_blank\" rel=\"noopener\">Acuerdo de Simplificaci\u00f3n de la Direcci\u00f3n de Ecolog\u00eda<\/a><\/p>\n<p><a href=\"http:\/\/www.tamaulipas.gob.mx\/simplificacionydigitalizacion\/wp-content\/uploads\/sites\/59\/2026\/04\/cli-46-160426.pdf\" target=\"_blank\" rel=\"noopener\">Acuerdo de Simplificaci\u00f3n de la Direcci\u00f3n de Ingresos<\/a><\/p>\n<p><a href=\"http:\/\/www.tamaulipas.gob.mx\/simplificacionydigitalizacion\/wp-content\/uploads\/sites\/59\/2026\/04\/cli-46-160426.pdf\" target=\"_blank\" rel=\"noopener\">Acuerdo de Simplificaci\u00f3n de la Direcci\u00f3n de Protecci\u00f3n Civil<\/a><\/p>\n<p>&nbsp;<\/p>\n","protected":false},"excerpt":{"rendered":"<p>Es el instrumento normativo emitido por la autoridad competente, mediante el cual se establecen medidas, disposiciones o modificaciones orientadas a simplificar, digitalizar o eliminar tr\u00e1mites\u2026<\/p>\n","protected":false},"author":300,"featured_media":0,"parent":0,"menu_order":0,"comment_status":"closed","ping_status":"closed","template":"","meta":{"footnotes":""},"class_list":["post-2798","page","type-page","status-publish","hentry"],"publishpress_future_action":{"enabled":false,"date":"2026-04-27 23:47:57","action":"change-status","newStatus":"draft","terms":[],"taxonomy":""},"_links":{"self":[{"href":"https:\/\/www.tamaulipas.gob.mx\/simplificacionydigitalizacion\/wp-json\/wp\/v2\/pages\/2798"}],"collection":[{"href":"https:\/\/www.tamaulipas.gob.mx\/simplificacionydigitalizacion\/wp-json\/wp\/v2\/pages"}],"about":[{"href":"https:\/\/www.tamaulipas.gob.mx\/simplificacionydigitalizacion\/wp-json\/wp\/v2\/types\/page"}],"author":[{"embeddable":true,"href":"https:\/\/www.tamaulipas.gob.mx\/simplificacionydigitalizacion\/wp-json\/wp\/v2\/users\/300"}],"replies":[{"embeddable":true,"href":"https:\/\/www.tamaulipas.gob.mx\/simplificacionydigitalizacion\/wp-json\/wp\/v2\/comments?post=2798"}],"version-history":[{"count":1,"href":"https:\/\/www.tamaulipas.gob.mx\/simplificacionydigitalizacion\/wp-json\/wp\/v2\/pages\/2798\/revisions"}],"predecessor-version":[{"id":2800,"href":"https:\/\/www.tamaulipas.gob.mx\/simplificacionydigitalizacion\/wp-json\/wp\/v2\/pages\/2798\/revisions\/2800"}],"wp:attachment":[{"href":"https:\/\/www.tamaulipas.gob.mx\/simplificacionydigitalizacion\/wp-json\/wp\/v2\/media?parent=2798"}],"curies":[{"name":"wp","href":"https:\/\/api.w.org\/{rel}","templated":true}]}}