{"id":596,"date":"2020-11-20T17:02:03","date_gmt":"2020-11-20T23:02:03","guid":{"rendered":"https:\/\/www.tamaulipas.gob.mx\/sesesp\/?page_id=596"},"modified":"2020-11-20T17:02:03","modified_gmt":"2020-11-20T23:02:03","slug":"inauguracion-del-modulo-de-verificacion-vehicular-y-pegado-de-constancias-del-repuve-en-reynosa","status":"publish","type":"page","link":"https:\/\/www.tamaulipas.gob.mx\/sesesp\/inauguracion-del-modulo-de-verificacion-vehicular-y-pegado-de-constancias-del-repuve-en-reynosa\/","title":{"rendered":"Inauguraci\u00f3n del M\u00f3dulo de verificaci\u00f3n vehicular y pegado de constancias del REPUVE en Reynosa"},"content":{"rendered":"<p style=\"text-align: justify;\">Recientemente se inaugur\u00f3 el m\u00f3dulo de verificaci\u00f3n vehicular y pegado de constancias del Registro P\u00fablico Vehicular (REPUVE) en Reynosa, que tiene por objetivo la identificaci\u00f3n y control de los veh\u00edculos que circulan en el territorio nacional. Dicho m\u00f3dulo est\u00e1 ubicado en la calle Progreso entre R\u00edo Sabinas y R\u00edo P\u00e1nuco de la Colonia Longoria, con un horario de atenci\u00f3n de 8:00-14:30 horas.<\/p>\n<p style=\"text-align: justify;\">El tr\u00e1mite de REPUVE es gratuito, para realizarlo es necesario acudir con el veh\u00edculo y presentar original y copia de la\u00a0identificaci\u00f3n oficial y tarjeta de circulaci\u00f3n.<\/p>\n<p style=\"text-align: justify;\">\nPara mayores informes comun\u00edcate al 834 318 25 00 ext. 10324.<\/p>\n<p><img loading=\"lazy\" decoding=\"async\" class=\"alignnone size-full wp-image-597\" src=\"https:\/\/www.tamaulipas.gob.mx\/sesesp\/wp-content\/uploads\/sites\/25\/2020\/11\/whatsapp-image-2020-11-03-at-21.52.011.jpeg\" alt=\"\" width=\"1200\" height=\"900\" \/><\/p>\n<p>&nbsp;<\/p>\n<div class='owl-gallery'><div class='item'><a href='https:\/\/www.tamaulipas.gob.mx\/sesesp\/wp-content\/uploads\/sites\/25\/2020\/11\/whatsapp-image-2020-11-03-at-21.52.017.jpeg' rel='galeria'><img src='https:\/\/www.tamaulipas.gob.mx\/sesesp\/wp-content\/uploads\/sites\/25\/2020\/11\/whatsapp-image-2020-11-03-at-21.52.017-850x500.jpeg' srcset='' sizes='auto' alt=''><\/a><figcaption><\/figcaption><\/div><div class='item'><a href='https:\/\/www.tamaulipas.gob.mx\/sesesp\/wp-content\/uploads\/sites\/25\/2020\/11\/whatsapp-image-2020-11-03-at-21.52.019.jpeg' rel='galeria'><img src='https:\/\/www.tamaulipas.gob.mx\/sesesp\/wp-content\/uploads\/sites\/25\/2020\/11\/whatsapp-image-2020-11-03-at-21.52.019-850x500.jpeg' srcset='' sizes='auto' alt=''><\/a><figcaption><\/figcaption><\/div><div class='item'><a href='https:\/\/www.tamaulipas.gob.mx\/sesesp\/wp-content\/uploads\/sites\/25\/2020\/11\/whatsapp-image-2020-11-03-at-21.52.01.jpeg' rel='galeria'><img src='https:\/\/www.tamaulipas.gob.mx\/sesesp\/wp-content\/uploads\/sites\/25\/2020\/11\/whatsapp-image-2020-11-03-at-21.52.01-850x500.jpeg' srcset='' sizes='auto' alt=''><\/a><figcaption><\/figcaption><\/div><div class='item'><a href='https:\/\/www.tamaulipas.gob.mx\/sesesp\/wp-content\/uploads\/sites\/25\/2020\/11\/whatsapp-image-2020-11-03-at-21.52.015.jpeg' rel='galeria'><img src='https:\/\/www.tamaulipas.gob.mx\/sesesp\/wp-content\/uploads\/sites\/25\/2020\/11\/whatsapp-image-2020-11-03-at-21.52.015-850x500.jpeg' srcset='' sizes='auto' alt=''><\/a><figcaption><\/figcaption><\/div><div class='item'><a href='https:\/\/www.tamaulipas.gob.mx\/sesesp\/wp-content\/uploads\/sites\/25\/2020\/11\/whatsapp-image-2020-11-03-at-21.52.018.jpeg' rel='galeria'><img src='https:\/\/www.tamaulipas.gob.mx\/sesesp\/wp-content\/uploads\/sites\/25\/2020\/11\/whatsapp-image-2020-11-03-at-21.52.018-850x500.jpeg' srcset='' sizes='auto' alt=''><\/a><figcaption><\/figcaption><\/div><div class='item'><a href='https:\/\/www.tamaulipas.gob.mx\/sesesp\/wp-content\/uploads\/sites\/25\/2020\/11\/whatsapp-image-2020-11-03-at-21.52.016.jpeg' rel='galeria'><img src='https:\/\/www.tamaulipas.gob.mx\/sesesp\/wp-content\/uploads\/sites\/25\/2020\/11\/whatsapp-image-2020-11-03-at-21.52.016-850x500.jpeg' srcset='' sizes='auto' alt=''><\/a><figcaption><\/figcaption><\/div><div class='item'><a href='https:\/\/www.tamaulipas.gob.mx\/sesesp\/wp-content\/uploads\/sites\/25\/2020\/11\/whatsapp-image-2020-11-03-at-21.52.014.jpeg' rel='galeria'><img src='https:\/\/www.tamaulipas.gob.mx\/sesesp\/wp-content\/uploads\/sites\/25\/2020\/11\/whatsapp-image-2020-11-03-at-21.52.014-850x500.jpeg' srcset='' sizes='auto' alt=''><\/a><figcaption><\/figcaption><\/div><div class='item'><a href='https:\/\/www.tamaulipas.gob.mx\/sesesp\/wp-content\/uploads\/sites\/25\/2020\/11\/whatsapp-image-2020-11-03-at-21.52.013.jpeg' rel='galeria'><img src='https:\/\/www.tamaulipas.gob.mx\/sesesp\/wp-content\/uploads\/sites\/25\/2020\/11\/whatsapp-image-2020-11-03-at-21.52.013-850x500.jpeg' srcset='' sizes='auto' alt=''><\/a><figcaption><\/figcaption><\/div><div class='item'><a href='https:\/\/www.tamaulipas.gob.mx\/sesesp\/wp-content\/uploads\/sites\/25\/2020\/11\/whatsapp-image-2020-11-03-at-21.52.012.jpeg' rel='galeria'><img src='https:\/\/www.tamaulipas.gob.mx\/sesesp\/wp-content\/uploads\/sites\/25\/2020\/11\/whatsapp-image-2020-11-03-at-21.52.012-850x500.jpeg' srcset='' sizes='auto' alt=''><\/a><figcaption><\/figcaption><\/div><\/div>\n","protected":false},"excerpt":{"rendered":"<p>Recientemente se inaugur\u00f3 el m\u00f3dulo de verificaci\u00f3n vehicular y pegado de constancias del Registro P\u00fablico Vehicular (REPUVE) en Reynosa, que tiene por objetivo la identificaci\u00f3n\u2026<\/p>\n","protected":false},"author":175,"featured_media":0,"parent":0,"menu_order":0,"comment_status":"closed","ping_status":"closed","template":"","meta":{"footnotes":""},"class_list":["post-596","page","type-page","status-publish","hentry"],"publishpress_future_action":{"enabled":false,"date":"2026-04-12 06:14:49","action":"change-status","newStatus":"draft","terms":[],"taxonomy":""},"_links":{"self":[{"href":"https:\/\/www.tamaulipas.gob.mx\/sesesp\/wp-json\/wp\/v2\/pages\/596"}],"collection":[{"href":"https:\/\/www.tamaulipas.gob.mx\/sesesp\/wp-json\/wp\/v2\/pages"}],"about":[{"href":"https:\/\/www.tamaulipas.gob.mx\/sesesp\/wp-json\/wp\/v2\/types\/page"}],"author":[{"embeddable":true,"href":"https:\/\/www.tamaulipas.gob.mx\/sesesp\/wp-json\/wp\/v2\/users\/175"}],"replies":[{"embeddable":true,"href":"https:\/\/www.tamaulipas.gob.mx\/sesesp\/wp-json\/wp\/v2\/comments?post=596"}],"version-history":[{"count":11,"href":"https:\/\/www.tamaulipas.gob.mx\/sesesp\/wp-json\/wp\/v2\/pages\/596\/revisions"}],"predecessor-version":[{"id":617,"href":"https:\/\/www.tamaulipas.gob.mx\/sesesp\/wp-json\/wp\/v2\/pages\/596\/revisions\/617"}],"wp:attachment":[{"href":"https:\/\/www.tamaulipas.gob.mx\/sesesp\/wp-json\/wp\/v2\/media?parent=596"}],"curies":[{"name":"wp","href":"https:\/\/api.w.org\/{rel}","templated":true}]}}