{"id":334,"date":"2019-10-24T12:35:28","date_gmt":"2019-10-24T17:35:28","guid":{"rendered":"https:\/\/www.tamaulipas.gob.mx\/sesesp\/?page_id=334"},"modified":"2025-01-08T16:03:40","modified_gmt":"2025-01-08T22:03:40","slug":"repuve","status":"publish","type":"page","link":"https:\/\/www.tamaulipas.gob.mx\/sesesp\/repuve\/","title":{"rendered":"Registro P\u00fablico Vehicular"},"content":{"rendered":"<p style=\"text-align: justify;\">El Registro P\u00fablico Vehicular (REPUVE) con base en la Ley de Registro P\u00fablico Vehicular (LRPV) tiene por objeto la identificaci\u00f3n y control vehicular; en la que consten las inscripciones o altas, bajas, emplacamientos, infracciones, p\u00e9rdidas, robos, recuperaciones y destrucci\u00f3n de los veh\u00edculos que se fabrican, ensamblan, importan o circulan en el territorio nacional, as\u00ed como brindar servicios de informaci\u00f3n al p\u00fablico.<\/p>\n<p style=\"text-align: justify;\">El REPUVE es una herramienta que utiliza el Sistema Nacional de Seguridad P\u00fablica para gestionar la base de datos de los veh\u00edculos que circulan en el territorio nacional, la cual se estableci\u00f3 en el art\u00edculo 1\u00b0 de la Ley de Registro Vehicular.<\/p>\n<p style=\"text-align: justify;\">Por tanto, REPUVE tiene como prop\u00f3sito proporcionar certeza jur\u00eddica sobre la propiedad de los veh\u00edculos que circulan en territorio nacional.<\/p>\n<p>Si antes de comprar un auto, quieres consultar su historial y saber as\u00ed que su estatus es legal, entonces debes ingresar al siguiente sitio web\u00a0 e ingresa los datos del veh\u00edculo en cuesti\u00f3n:<\/p>\n<ul>\n<li>N\u00famero de Placa (sin guiones ni espacios) (5-7 d\u00edgitos)<\/li>\n<li>N\u00famero de Identificaci\u00f3n Vehicular (NIV): (17 d\u00edgitos)<\/li>\n<li>Folio de Constancia de Inscripci\u00f3n: (8 d\u00edgitos)<\/li>\n<li>N\u00famero de Constancia de Inscripci\u00f3n: (8 d\u00edgitos)<\/li>\n<\/ul>\n<table style=\"border-collapse: collapse; width: 100%;\">\n<tbody>\n<tr>\n<td style=\"width: 100%;\"><a href=\"https:\/\/www2.repuve.gob.mx:8443\/ciudadania\/\"><img loading=\"lazy\" decoding=\"async\" class=\"wp-image-2085 aligncenter\" src=\"https:\/\/www.tamaulipas.gob.mx\/sesesp\/wp-content\/uploads\/sites\/25\/2025\/01\/pagina-web-16.png\" alt=\"\" width=\"773\" height=\"426\" \/><\/a><\/td>\n<\/tr>\n<\/tbody>\n<\/table>\n","protected":false},"excerpt":{"rendered":"<p>El Registro P\u00fablico Vehicular (REPUVE) con base en la Ley de Registro P\u00fablico Vehicular (LRPV) tiene por objeto la identificaci\u00f3n y control vehicular; en la\u2026<\/p>\n","protected":false},"author":1,"featured_media":0,"parent":0,"menu_order":0,"comment_status":"closed","ping_status":"closed","template":"","meta":{"footnotes":""},"class_list":["post-334","page","type-page","status-publish","hentry"],"publishpress_future_action":{"enabled":false,"date":"2026-04-23 21:58:10","action":"change-status","newStatus":"draft","terms":[],"taxonomy":""},"_links":{"self":[{"href":"https:\/\/www.tamaulipas.gob.mx\/sesesp\/wp-json\/wp\/v2\/pages\/334"}],"collection":[{"href":"https:\/\/www.tamaulipas.gob.mx\/sesesp\/wp-json\/wp\/v2\/pages"}],"about":[{"href":"https:\/\/www.tamaulipas.gob.mx\/sesesp\/wp-json\/wp\/v2\/types\/page"}],"author":[{"embeddable":true,"href":"https:\/\/www.tamaulipas.gob.mx\/sesesp\/wp-json\/wp\/v2\/users\/1"}],"replies":[{"embeddable":true,"href":"https:\/\/www.tamaulipas.gob.mx\/sesesp\/wp-json\/wp\/v2\/comments?post=334"}],"version-history":[{"count":26,"href":"https:\/\/www.tamaulipas.gob.mx\/sesesp\/wp-json\/wp\/v2\/pages\/334\/revisions"}],"predecessor-version":[{"id":2082,"href":"https:\/\/www.tamaulipas.gob.mx\/sesesp\/wp-json\/wp\/v2\/pages\/334\/revisions\/2082"}],"wp:attachment":[{"href":"https:\/\/www.tamaulipas.gob.mx\/sesesp\/wp-json\/wp\/v2\/media?parent=334"}],"curies":[{"name":"wp","href":"https:\/\/api.w.org\/{rel}","templated":true}]}}