{"id":31,"date":"2017-05-22T11:14:14","date_gmt":"2017-05-22T16:14:14","guid":{"rendered":"http:\/\/www.tamaulipas.gob.mx\/c4\/?page_id=31"},"modified":"2019-08-23T11:41:07","modified_gmt":"2019-08-23T16:41:07","slug":"que-es","status":"publish","type":"page","link":"https:\/\/www.tamaulipas.gob.mx\/sesesp\/numero-de-emergencias-911\/que-es\/","title":{"rendered":"\u00bfQu\u00e9 es el 911?"},"content":{"rendered":"<p>El 9-1-1 es el n\u00famero \u00fanico de llamadas de emergencia. En \u00e9l se homologan todos los n\u00fameros de atenci\u00f3n de emergencias m\u00e9dicas, de seguridad y de protecci\u00f3n civil a nivel federal, estatal y municipal.<\/p>\n<p>El n\u00famero \u00fanico de llamadas de emergencia 9-1-1 est\u00e1 a tu disposici\u00f3n los 365 d\u00edas del a\u00f1o las 24 horas del d\u00eda.<\/p>\n<div class=\"panel-group\" id=\"custom-collapse-0\">\n<div class=\"panel panel-default\">\n\t\t\t\t<div class=\"panel-heading\">\n\t\t\t\t\t<h4 class=\"panel-title\">\n\t\t\t\t\t\t<a class=\"\" data-toggle=\"collapse\" data-parent=\"#custom-collapse-0\" href=\"#custom-collapse-0-0\">\u00bfYa sabes que es el 9-1-1?<\/a>\n\t\t\t\t\t<\/h4>\n\t\t\t\t<\/div>\n\t\t\t\t<div id=\"custom-collapse-0-0\" class=\"panel-collapse in\">\n\t\t\t\t\t<div class=\"panel-body\">\n<div class=\"videoWrapper\"><iframe loading=\"lazy\" title=\"\u00bfYa sabes que es el 9-1-1?\" width=\"500\" height=\"281\" src=\"https:\/\/www.youtube.com\/embed\/TuzlkDVvhiI?wmode=transparent&amp;rel=0&amp;feature=oembed\" frameborder=\"0\" allow=\"accelerometer; autoplay; clipboard-write; encrypted-media; gyroscope; picture-in-picture; web-share\" referrerpolicy=\"strict-origin-when-cross-origin\" allowfullscreen><\/iframe><\/div>\n<\/div>\n\t\t\t\t<\/div>\n\t\t\t<\/div>\n<div class=\"panel panel-default\">\n\t\t\t\t<div class=\"panel-heading\">\n\t\t\t\t\t<h4 class=\"panel-title\">\n\t\t\t\t\t\t<a class=\"collapsed\" data-toggle=\"collapse\" data-parent=\"#custom-collapse-0\" href=\"#custom-collapse-0-1\">\u00bfC\u00f3mo realizar una llamada al 9-1-1?<\/a>\n\t\t\t\t\t<\/h4>\n\t\t\t\t<\/div>\n\t\t\t\t<div id=\"custom-collapse-0-1\" class=\"panel-collapse collapse\">\n\t\t\t\t\t<div class=\"panel-body\">\n<div class=\"videoWrapper\"><iframe loading=\"lazy\" title=\"Como realizar una llamada al 911\" width=\"500\" height=\"281\" src=\"https:\/\/www.youtube.com\/embed\/t0n-8-AYr2U?wmode=transparent&amp;rel=0&amp;feature=oembed\" frameborder=\"0\" allow=\"accelerometer; autoplay; clipboard-write; encrypted-media; gyroscope; picture-in-picture; web-share\" referrerpolicy=\"strict-origin-when-cross-origin\" allowfullscreen><\/iframe><\/div>\n<\/div>\n\t\t\t\t<\/div>\n\t\t\t<\/div>\n<\/div>\n","protected":false},"excerpt":{"rendered":"<p>El 9-1-1 es el n\u00famero \u00fanico de llamadas de emergencia. En \u00e9l se homologan todos los n\u00fameros de atenci\u00f3n de emergencias m\u00e9dicas, de seguridad y\u2026<\/p>\n","protected":false},"author":7,"featured_media":0,"parent":208,"menu_order":0,"comment_status":"closed","ping_status":"closed","template":"","meta":{"footnotes":""},"class_list":["post-31","page","type-page","status-publish","hentry"],"publishpress_future_action":{"enabled":false,"date":"2026-04-20 08:16:17","action":"change-status","newStatus":"draft","terms":[],"taxonomy":""},"_links":{"self":[{"href":"https:\/\/www.tamaulipas.gob.mx\/sesesp\/wp-json\/wp\/v2\/pages\/31"}],"collection":[{"href":"https:\/\/www.tamaulipas.gob.mx\/sesesp\/wp-json\/wp\/v2\/pages"}],"about":[{"href":"https:\/\/www.tamaulipas.gob.mx\/sesesp\/wp-json\/wp\/v2\/types\/page"}],"author":[{"embeddable":true,"href":"https:\/\/www.tamaulipas.gob.mx\/sesesp\/wp-json\/wp\/v2\/users\/7"}],"replies":[{"embeddable":true,"href":"https:\/\/www.tamaulipas.gob.mx\/sesesp\/wp-json\/wp\/v2\/comments?post=31"}],"version-history":[{"count":5,"href":"https:\/\/www.tamaulipas.gob.mx\/sesesp\/wp-json\/wp\/v2\/pages\/31\/revisions"}],"predecessor-version":[{"id":203,"href":"https:\/\/www.tamaulipas.gob.mx\/sesesp\/wp-json\/wp\/v2\/pages\/31\/revisions\/203"}],"up":[{"embeddable":true,"href":"https:\/\/www.tamaulipas.gob.mx\/sesesp\/wp-json\/wp\/v2\/pages\/208"}],"wp:attachment":[{"href":"https:\/\/www.tamaulipas.gob.mx\/sesesp\/wp-json\/wp\/v2\/media?parent=31"}],"curies":[{"name":"wp","href":"https:\/\/api.w.org\/{rel}","templated":true}]}}