{"id":2210,"date":"2025-10-03T16:29:41","date_gmt":"2025-10-03T22:29:41","guid":{"rendered":"https:\/\/www.tamaulipas.gob.mx\/sesesp\/?page_id=2210"},"modified":"2025-10-03T16:29:41","modified_gmt":"2025-10-03T22:29:41","slug":"refuerza-gobierno-del-estado-coordinacion-con-municipios-del-sur-para-fortalecer-la-seguridad-publica","status":"publish","type":"page","link":"https:\/\/www.tamaulipas.gob.mx\/sesesp\/refuerza-gobierno-del-estado-coordinacion-con-municipios-del-sur-para-fortalecer-la-seguridad-publica\/","title":{"rendered":"REFUERZA GOBIERNO DEL ESTADO COORDINACI\u00d3N CON MUNICIPIOS DEL SUR PARA FORTALECER LA SEGURIDAD P\u00daBLICA"},"content":{"rendered":"<p>Septiembre 26 de 2025<\/p>\n<p>Tampico, Tamaulipas.- Como parte de la agenda de fortalecimiento de la pol\u00edtica de seguridad p\u00fablica y la coordinaci\u00f3n con los municipios, el secretario ejecutivo del Sistema Estatal de Seguridad P\u00fablica, Willy Z\u00fa\u00f1iga Castillo, realiz\u00f3 una gira de trabajo en la zona sur del estado.<\/p>\n<p>Durante su visita, sostuvo una reuni\u00f3n en la Presidencia Municipal de Tampico con los alcaldes de Altamira, Armando Mart\u00ednez Manr\u00edquez; Ciudad Madero, Erasmo Gonz\u00e1lez Robledo; y Tampico, M\u00f3nica Zacil Villarreal Anaya. En el encuentro se abordaron diversos temas prioritarios para la regi\u00f3n, destacando el uso estrat\u00e9gico del Fondo de Aportaciones para el Fortalecimiento de los Municipios (FORTAMUN).<\/p>\n<p>Z\u00fa\u00f1iga Castillo hizo el llamado a destinar al menos el 20% de dicho recurso a acciones de seguridad p\u00fablica, contemplando el fortalecimiento de \u00e1reas como Protecci\u00f3n Civil y Bomberos, as\u00ed como proyectos enfocados en la prevenci\u00f3n de violencias, la polic\u00eda de proximidad, la justicia c\u00edvica y programas que ampl\u00eden la cobertura y efectividad de la seguridad en los municipios.<\/p>\n<p>Como parte de su gira, el secretario ejecutivo tambi\u00e9n realiz\u00f3 una visita de supervisi\u00f3n a los subcentros del C5i en los municipios de El Mante y Tampico, donde sostuvo reuniones con el personal operativo y administrativo. El objetivo fue revisar protocolos, supervisar el funcionamiento de los centros y atender directamente las necesidades identificadas en cada sede.<\/p>\n<p>En Tampico, constat\u00f3 avances en las obras de remodelaci\u00f3n que permitir\u00e1n optimizar los espacios destinados a videovigilancia, despacho y atenci\u00f3n de emergencias. Por su parte, en El Mante verific\u00f3 las acciones de mantenimiento correctivo y preventivo recientemente realizadas para asegurar la operatividad y eficiencia de las instalaciones.<\/p>\n<p>Por \u00faltimo refiri\u00f3 que que con estas acciones, el Gobierno del Estado refrenda su compromiso de trabajar de manera cercana con los municipios y fortalecer las capacidades institucionales en materia de seguridad p\u00fablica, en beneficio de las y los tamaulipeco.<\/p>\n<p><img loading=\"lazy\" decoding=\"async\" class=\"size-full wp-image-2202 aligncenter\" src=\"https:\/\/www.tamaulipas.gob.mx\/sesesp\/wp-content\/uploads\/sites\/25\/2025\/10\/grabacion-de-pantalla-2025-09-30-a-las-1.02.03p.m.png\" alt=\"\" width=\"1200\" height=\"835\" \/><\/p>\n<p><img loading=\"lazy\" decoding=\"async\" class=\"size-full wp-image-2203 aligncenter\" src=\"https:\/\/www.tamaulipas.gob.mx\/sesesp\/wp-content\/uploads\/sites\/25\/2025\/10\/grabacion-de-pantalla-2025.png\" alt=\"\" width=\"1200\" height=\"835\" \/><\/p>\n","protected":false},"excerpt":{"rendered":"<p>Septiembre 26 de 2025 Tampico, Tamaulipas.- Como parte de la agenda de fortalecimiento de la pol\u00edtica de seguridad p\u00fablica y la coordinaci\u00f3n con los municipios,\u2026<\/p>\n","protected":false},"author":250,"featured_media":0,"parent":0,"menu_order":0,"comment_status":"closed","ping_status":"closed","template":"","meta":{"footnotes":""},"class_list":["post-2210","page","type-page","status-publish","hentry"],"publishpress_future_action":{"enabled":false,"date":"2026-04-28 12:29:20","action":"change-status","newStatus":"draft","terms":[],"taxonomy":""},"_links":{"self":[{"href":"https:\/\/www.tamaulipas.gob.mx\/sesesp\/wp-json\/wp\/v2\/pages\/2210"}],"collection":[{"href":"https:\/\/www.tamaulipas.gob.mx\/sesesp\/wp-json\/wp\/v2\/pages"}],"about":[{"href":"https:\/\/www.tamaulipas.gob.mx\/sesesp\/wp-json\/wp\/v2\/types\/page"}],"author":[{"embeddable":true,"href":"https:\/\/www.tamaulipas.gob.mx\/sesesp\/wp-json\/wp\/v2\/users\/250"}],"replies":[{"embeddable":true,"href":"https:\/\/www.tamaulipas.gob.mx\/sesesp\/wp-json\/wp\/v2\/comments?post=2210"}],"version-history":[{"count":1,"href":"https:\/\/www.tamaulipas.gob.mx\/sesesp\/wp-json\/wp\/v2\/pages\/2210\/revisions"}],"predecessor-version":[{"id":2211,"href":"https:\/\/www.tamaulipas.gob.mx\/sesesp\/wp-json\/wp\/v2\/pages\/2210\/revisions\/2211"}],"wp:attachment":[{"href":"https:\/\/www.tamaulipas.gob.mx\/sesesp\/wp-json\/wp\/v2\/media?parent=2210"}],"curies":[{"name":"wp","href":"https:\/\/api.w.org\/{rel}","templated":true}]}}