{"id":2200,"date":"2025-10-03T16:14:12","date_gmt":"2025-10-03T22:14:12","guid":{"rendered":"https:\/\/www.tamaulipas.gob.mx\/sesesp\/?page_id=2200"},"modified":"2025-11-11T17:04:27","modified_gmt":"2025-11-11T23:04:27","slug":"avanza-tamaulipas-en-la-armonizacion-legislativa-en-materia-de-seguridad-publica","status":"publish","type":"page","link":"https:\/\/www.tamaulipas.gob.mx\/sesesp\/avanza-tamaulipas-en-la-armonizacion-legislativa-en-materia-de-seguridad-publica\/","title":{"rendered":"AVANZA TAMAULIPAS EN LA ARMONIZACI\u00d3N LEGISLATIVA EN MATERIA DE SEGURIDAD P\u00daBLICA"},"content":{"rendered":"<p style=\"background: white; margin: 0cm 0cm 15.0pt 0cm;\"><span style=\"font-size: 10.5pt; font-family: 'Encode Sans'; color: #45494c;\">Septiembre 27 de 2025<\/span><\/p>\n<p style=\"text-align: justify; background: white; margin: 0cm 0cm 15.0pt 0cm;\"><span style=\"font-size: 10.5pt; font-family: 'Encode Sans'; color: #45494c;\">Ciudad de M\u00e9xico. \u2013 En seguimiento a los esfuerzos por fortalecer el marco jur\u00eddico y operativo del sistema de seguridad p\u00fablica en Tamaulipas, Willy Z\u00fa\u00f1iga Castillo sostuvo una reuni\u00f3n de trabajo en la Ciudad de M\u00e9xico con el Mtro. Al\u00ed L\u00f3pez Castellanos, director general de Vinculaci\u00f3n y Seguimiento del Secretariado Ejecutivo del Sistema Nacional de Seguridad P\u00fablica (SESNSP).<\/span><\/p>\n<p style=\"text-align: justify; background: white; margin: 0cm 0cm 15.0pt 0cm;\"><span style=\"font-size: 10.5pt; font-family: 'Encode Sans'; color: #45494c;\">Durante el encuentro, se abordaron temas relevantes relacionados con la armonizaci\u00f3n del marco jur\u00eddico estatal con la Ley General del Sistema Nacional de Seguridad P\u00fablica, as\u00ed como con los lineamientos establecidos por el Consejo Nacional de Seguridad P\u00fablica.<\/span><\/p>\n<p style=\"text-align: justify; background: white; margin: 0cm 0cm 15.0pt 0cm;\"><span style=\"font-size: 10.5pt; font-family: 'Encode Sans'; color: #45494c;\">Como parte de esta coordinaci\u00f3n, se recibieron orientaciones espec\u00edficas para impulsar reformas legislativas en el \u00e1mbito estatal. Estas reformas estar\u00e1n enfocadas en transformar \u00e1reas clave con el objetivo de fortalecer los procesos de capacitaci\u00f3n, mejorar el seguimiento en la aplicaci\u00f3n de los recursos federales y reorganizar la profesionalizaci\u00f3n de los cuerpos operativos del Sistema de Justicia Penal.<\/span><\/p>\n<p style=\"text-align: justify; background: white; margin: 0cm 0cm 15.0pt 0cm;\"><span style=\"font-size: 10.5pt; font-family: 'Encode Sans'; color: #45494c;\">Adem\u00e1s, se presentaron las acciones que el Secretariado Ejecutivo llevar\u00e1 a cabo con los alcaldes de los municipios de Tamaulipas. Estas acciones estar\u00e1n orientadas a la correcta aplicaci\u00f3n del Fondo de Aportaciones para el Fortalecimiento de los Municipios (FORTAMUN), a trav\u00e9s de programas de orientaci\u00f3n, capacitaci\u00f3n y seguimiento.<\/span><\/p>\n<p style=\"text-align: justify; background: white; margin: 0cm 0cm 15.0pt 0cm;\"><span style=\"font-size: 10.5pt; font-family: 'Encode Sans'; color: #45494c;\">El funcionario indic\u00f3 que con este trabajo coordinado entre el Estado y la Federaci\u00f3n, Tamaulipas avanza en la consolidaci\u00f3n de un sistema de seguridad m\u00e1s eficiente, profesional y alineado a los principios establecidos a nivel nacional, en beneficio de todas y todos los tamaulipecos.<\/span><\/p>\n<h1 style=\"margin-top: 22.5pt; line-height: 33.75pt; background: white;\"><span style=\"font-size: 12.0pt; font-family: 'Encode Sans'; color: #ab0033; text-transform: uppercase;\"><img loading=\"lazy\" decoding=\"async\" class=\"size-full wp-image-2289 aligncenter\" src=\"https:\/\/www.tamaulipas.gob.mx\/sesesp\/wp-content\/uploads\/sites\/25\/2025\/11\/certificado-2.png\" alt=\"\" width=\"1200\" height=\"834\" \/><\/span><\/h1>\n<h1 style=\"margin-top: 22.5pt; line-height: 33.75pt; background: white;\"><span style=\"font-size: 12.0pt; font-family: 'Encode Sans'; color: #ab0033; text-transform: uppercase;\"><img loading=\"lazy\" decoding=\"async\" class=\"size-full wp-image-2295 aligncenter\" src=\"https:\/\/www.tamaulipas.gob.mx\/sesesp\/wp-content\/uploads\/sites\/25\/2025\/11\/certificado2.2.png\" alt=\"\" width=\"1200\" height=\"834\" \/><\/span><\/h1>\n","protected":false},"excerpt":{"rendered":"<p>Septiembre 27 de 2025 Ciudad de M\u00e9xico. \u2013 En seguimiento a los esfuerzos por fortalecer el marco jur\u00eddico y operativo del sistema de seguridad p\u00fablica\u2026<\/p>\n","protected":false},"author":250,"featured_media":0,"parent":0,"menu_order":0,"comment_status":"closed","ping_status":"closed","template":"","meta":{"footnotes":""},"class_list":["post-2200","page","type-page","status-publish","hentry"],"publishpress_future_action":{"enabled":false,"date":"2026-04-28 14:02:18","action":"change-status","newStatus":"draft","terms":[],"taxonomy":""},"_links":{"self":[{"href":"https:\/\/www.tamaulipas.gob.mx\/sesesp\/wp-json\/wp\/v2\/pages\/2200"}],"collection":[{"href":"https:\/\/www.tamaulipas.gob.mx\/sesesp\/wp-json\/wp\/v2\/pages"}],"about":[{"href":"https:\/\/www.tamaulipas.gob.mx\/sesesp\/wp-json\/wp\/v2\/types\/page"}],"author":[{"embeddable":true,"href":"https:\/\/www.tamaulipas.gob.mx\/sesesp\/wp-json\/wp\/v2\/users\/250"}],"replies":[{"embeddable":true,"href":"https:\/\/www.tamaulipas.gob.mx\/sesesp\/wp-json\/wp\/v2\/comments?post=2200"}],"version-history":[{"count":7,"href":"https:\/\/www.tamaulipas.gob.mx\/sesesp\/wp-json\/wp\/v2\/pages\/2200\/revisions"}],"predecessor-version":[{"id":2297,"href":"https:\/\/www.tamaulipas.gob.mx\/sesesp\/wp-json\/wp\/v2\/pages\/2200\/revisions\/2297"}],"wp:attachment":[{"href":"https:\/\/www.tamaulipas.gob.mx\/sesesp\/wp-json\/wp\/v2\/media?parent=2200"}],"curies":[{"name":"wp","href":"https:\/\/api.w.org\/{rel}","templated":true}]}}