{"id":2165,"date":"2025-08-22T15:34:37","date_gmt":"2025-08-22T21:34:37","guid":{"rendered":"https:\/\/www.tamaulipas.gob.mx\/sesesp\/?page_id=2165"},"modified":"2025-08-22T15:59:28","modified_gmt":"2025-08-22T21:59:28","slug":"participacion-del-secretario-willy-zuniga-castillo-al-encuentro-nacional-de-secretarios-ejecutivos-estatales-de-seguridad-publica","status":"publish","type":"page","link":"https:\/\/www.tamaulipas.gob.mx\/sesesp\/participacion-del-secretario-willy-zuniga-castillo-al-encuentro-nacional-de-secretarios-ejecutivos-estatales-de-seguridad-publica\/","title":{"rendered":"Participaci\u00f3n del Secretario Willy Z\u00fa\u00f1iga Castillo al Encuentro Nacional de Secretariados Ejecutivos Estatales de Seguridad P\u00fablica"},"content":{"rendered":"<p>El d\u00eda de hoy, 22 de agosto de 2025, el Secretario Ejecutivo del Estado de Tamaulipas, Mtro. Willy Z\u00fa\u00f1iga Castillo, particip\u00f3 en el Encuentro Nacional de Secretariados Ejecutivos Estatales de Seguridad P\u00fablica, celebrado en el Sal\u00f3n Espejo de la Secretar\u00eda de Seguridad y Protecci\u00f3n Ciudadana, en la Ciudad de M\u00e9xico.<br \/>\nEl evento fue presidido por la Mtra. Marcela Figueroa Franco, Titular del Secretariado Ejecutivo del Sistema Nacional de Seguridad P\u00fablica (SESNSP) y reuni\u00f3 a las y los Secretarios Ejecutivos Estatales con el objetivo de fortalecer los mecanismos de coordinaci\u00f3n entre los tres \u00f3rdenes de gobierno en materia de seguridad p\u00fablica.<\/p>\n<p>Durante la jornada, se abordaron temas fundamentales para el dise\u00f1o de pol\u00edticas p\u00fablicas y la correcta aplicaci\u00f3n de los recursos federales. Las ponencias estuvieron a cargo de la Mtra. Dulce C. Col\u00edn Col\u00edn, Directora General de Planeaci\u00f3n del SESNSP y del Mtro. Ali L\u00f3pez Castellanos, Director General de Vinculaci\u00f3n y Seguimiento del SESNSP, quienes presentaron los siguientes temas:<br \/>\n\u2022 Mecanismos de coordinaci\u00f3n del Sistema Nacional de Seguridad P\u00fablica.<\/p>\n<p>\u2022 Criterios y lineamientos para la *distribuci\u00f3n, administraci\u00f3n y verificaci\u00f3n de los fondos:<br \/>\n&#8211; Fondo de Aportaciones para la Seguridad P\u00fablica (FASP)<br \/>\n&#8211; Fondo para el Fortalecimiento de las Instituciones de Seguridad P\u00fablica (FOFISP)<br \/>\n-Fondo de Aportaciones para el Fortalecimiento de los Municipios y de las Demarcaciones Territoriales del Distrito Federal (FORTAMUN)<\/p>\n<p>\u2022 Modelo de evaluaci\u00f3n y lineamientos del FASP 2025.<\/p>\n<p>\u2022 Nuevos lineamientos para la supervisi\u00f3n de la profesionalizaci\u00f3n de los cuerpos de seguridad y justicia en sus metas.<\/p>\n<p>La participaci\u00f3n del Mtro. Willy Z\u00fa\u00f1iga Castillo en este encuentro reafirma el compromiso del Gobierno del Estado de Tamaulipas con una gesti\u00f3n eficiente, transparente y coordinada en materia de seguridad p\u00fablica, alineada a las pol\u00edticas nacionales establecidas por el Sistema Nacional de Seguridad P\u00fablica.<\/p>\n<p><img loading=\"lazy\" decoding=\"async\" class=\"alignnone size-full wp-image-2162\" src=\"https:\/\/www.tamaulipas.gob.mx\/sesesp\/wp-content\/uploads\/sites\/25\/2025\/08\/secretariados.png\" alt=\"\" width=\"1200\" height=\"834\" \/><\/p>\n<p><img loading=\"lazy\" decoding=\"async\" class=\"alignnone size-full wp-image-2163\" src=\"https:\/\/www.tamaulipas.gob.mx\/sesesp\/wp-content\/uploads\/sites\/25\/2025\/08\/whatsapp-image-2025-08-22-at-3.06.17-pm.jpeg\" alt=\"\" width=\"1200\" height=\"834\" \/><\/p>\n","protected":false},"excerpt":{"rendered":"<p>El d\u00eda de hoy, 22 de agosto de 2025, el Secretario Ejecutivo del Estado de Tamaulipas, Mtro. Willy Z\u00fa\u00f1iga Castillo, particip\u00f3 en el Encuentro Nacional\u2026<\/p>\n","protected":false},"author":250,"featured_media":0,"parent":0,"menu_order":0,"comment_status":"closed","ping_status":"closed","template":"","meta":{"footnotes":""},"class_list":["post-2165","page","type-page","status-publish","hentry"],"publishpress_future_action":{"enabled":false,"date":"2026-04-28 12:41:27","action":"change-status","newStatus":"draft","terms":[],"taxonomy":""},"_links":{"self":[{"href":"https:\/\/www.tamaulipas.gob.mx\/sesesp\/wp-json\/wp\/v2\/pages\/2165"}],"collection":[{"href":"https:\/\/www.tamaulipas.gob.mx\/sesesp\/wp-json\/wp\/v2\/pages"}],"about":[{"href":"https:\/\/www.tamaulipas.gob.mx\/sesesp\/wp-json\/wp\/v2\/types\/page"}],"author":[{"embeddable":true,"href":"https:\/\/www.tamaulipas.gob.mx\/sesesp\/wp-json\/wp\/v2\/users\/250"}],"replies":[{"embeddable":true,"href":"https:\/\/www.tamaulipas.gob.mx\/sesesp\/wp-json\/wp\/v2\/comments?post=2165"}],"version-history":[{"count":4,"href":"https:\/\/www.tamaulipas.gob.mx\/sesesp\/wp-json\/wp\/v2\/pages\/2165\/revisions"}],"predecessor-version":[{"id":2172,"href":"https:\/\/www.tamaulipas.gob.mx\/sesesp\/wp-json\/wp\/v2\/pages\/2165\/revisions\/2172"}],"wp:attachment":[{"href":"https:\/\/www.tamaulipas.gob.mx\/sesesp\/wp-json\/wp\/v2\/media?parent=2165"}],"curies":[{"name":"wp","href":"https:\/\/api.w.org\/{rel}","templated":true}]}}