{"id":2,"date":"2017-05-18T16:26:49","date_gmt":"2017-05-18T16:26:49","guid":{"rendered":"http:\/\/www.tamaulipas.gob.mx\/c4\/?page_id=2"},"modified":"2020-07-16T10:13:13","modified_gmt":"2020-07-16T15:13:13","slug":"contacto","status":"publish","type":"page","link":"https:\/\/www.tamaulipas.gob.mx\/sesesp\/contacto\/","title":{"rendered":"Contacto"},"content":{"rendered":"<blockquote><p><strong>Secretariado Ejecutivo del Sistema Estatal de Seguridad P\u00fablica<\/strong><\/p>\n<p>Direcci\u00f3n: Camino de acceso al 77 Batall\u00f3n de Infanter\u00eda 0 + 400 metros<br \/>\nCol. Lucio Blanco, Ciudad Victoria, Tamaulipas, M\u00e9xico C.P. 87014<\/p>\n<p>Tel\u00e9fono: (834) 318 2550<\/p><\/blockquote>\n<div class=\"embed-responsive  embed-responsive-16by9  mb30\"><iframe loading=\"lazy\" style=\"border: 0;\" src=\"https:\/\/www.google.com\/maps\/embed?pb=!1m14!1m8!1m3!1d116856.3715125028!2d-99.177351!3d23.755879!3m2!1i1024!2i768!4f13.1!3m3!1m2!1s0x0%3A0xadee3424050af486!2sSecretariado%20Ejecutivo%20de%20Seguridad%20P%C3%BAblica%20Tamaulipas!5e0!3m2!1ses-419!2smx!4v1567009061207!5m2!1ses-419!2smx\" width=\"600\" height=\"450\" frameborder=\"0\" allowfullscreen=\"allowfullscreen\" class=\" embed-responsive-item\"><\/iframe><\/div>\n\n<div class=\"wpcf7 no-js\" id=\"wpcf7-f5-o1\" lang=\"es-ES\" dir=\"ltr\">\n<div class=\"screen-reader-response\"><p role=\"status\" aria-live=\"polite\" aria-atomic=\"true\"><\/p> <ul><\/ul><\/div>\n<form action=\"\/sesesp\/wp-json\/wp\/v2\/pages\/2#wpcf7-f5-o1\" method=\"post\" class=\"wpcf7-form init\" aria-label=\"Formulario de contacto\" novalidate=\"novalidate\" data-status=\"init\">\n<div style=\"display: none;\">\n<input type=\"hidden\" name=\"_wpcf7\" value=\"5\" \/>\n<input type=\"hidden\" name=\"_wpcf7_version\" value=\"5.7.6\" \/>\n<input type=\"hidden\" name=\"_wpcf7_locale\" value=\"es_ES\" \/>\n<input type=\"hidden\" name=\"_wpcf7_unit_tag\" value=\"wpcf7-f5-o1\" \/>\n<input type=\"hidden\" name=\"_wpcf7_container_post\" value=\"0\" \/>\n<input type=\"hidden\" name=\"_wpcf7_posted_data_hash\" value=\"\" \/>\n<input type=\"hidden\" name=\"_wpcf7_recaptcha_response\" value=\"\" \/>\n<\/div>\n<div class=\"row mb20\">\n\t<div class=\"col-sm-6\">\n\t\t<p><label for=\"nombre\">Nombre <span class=\"requerido\">*<\/span><\/label><br \/>\n<span class=\"wpcf7-form-control-wrap\" data-name=\"nombre\"><input size=\"40\" class=\"wpcf7-form-control wpcf7-text wpcf7-validates-as-required form-control\" aria-required=\"true\" aria-invalid=\"false\" placeholder=\"Nombre\" value=\"\" type=\"text\" name=\"nombre\" \/><\/span>\n\t\t<\/p>\n\t<\/div>\n\t<div class=\"col-sm-6\">\n\t\t<p><label for=\"correo\">Correo electr\u00f3nico <span class=\"requerido\">*<\/span><\/label><br \/>\n<span class=\"wpcf7-form-control-wrap\" data-name=\"correo\"><input size=\"40\" class=\"wpcf7-form-control wpcf7-text wpcf7-email wpcf7-validates-as-required wpcf7-validates-as-email form-control\" aria-required=\"true\" aria-invalid=\"false\" placeholder=\"Correo electr\u00f3nico\" value=\"\" type=\"email\" name=\"correo\" \/><\/span>\n\t\t<\/p>\n\t<\/div>\n<\/div>\n<div class=\"row mb20\">\n\t<div class=\"col-sm-6\">\n\t\t<p><label for=\"estado\">Estado <span class=\"requerido\">*<\/span><\/label><br \/>\n<span class=\"wpcf7-form-control-wrap\" data-name=\"Estado\"><select class=\"wpcf7-form-control wpcf7-select wpcf7-validates-as-required form-control\" aria-required=\"true\" aria-invalid=\"false\" name=\"Estado\"><option value=\"Tamaulipas\">Tamaulipas<\/option><\/select><\/span>\n\t\t<\/p>\n\t<\/div>\n\t<div class=\"col-sm-6\">\n\t\t<p><label for=\"municipio\">Municipio<span class=\"requerido\">*<\/span><\/label><br \/>\n<span class=\"wpcf7-form-control-wrap\" data-name=\"municipios\"><select class=\"wpcf7-form-control wpcf7-select wpcf7-validates-as-required form-control\" aria-required=\"true\" aria-invalid=\"false\" name=\"municipios\"><option value=\"\">&#8212;Por favor, elige una opci\u00f3n&#8212;<\/option><option value=\"Abasolo\">Abasolo<\/option><option value=\"Aldama\">Aldama<\/option><option value=\"Altamira\">Altamira<\/option><option value=\"Antiguo Morelos\">Antiguo Morelos<\/option><option value=\"Burgos\">Burgos<\/option><option value=\"Bustamante\">Bustamante<\/option><option value=\"Camargo\">Camargo<\/option><option value=\"Casas\">Casas<\/option><option value=\"Ciudad Madero\">Ciudad Madero<\/option><option value=\"Cruillas\">Cruillas<\/option><option value=\"Gomez Far\u00edas\">Gomez Far\u00edas<\/option><option value=\"Gonz\u00e1lez\">Gonz\u00e1lez<\/option><option value=\"G\u00fc\u00e9mez\">G\u00fc\u00e9mez<\/option><option value=\"Guerrero\">Guerrero<\/option><option value=\"Gustavo D\u00edaz Ordaz\">Gustavo D\u00edaz Ordaz<\/option><option value=\"Hidalgo\">Hidalgo<\/option><option value=\"Jaumave\">Jaumave<\/option><option value=\"Jim\u00e9nez\">Jim\u00e9nez<\/option><option value=\"Llera\">Llera<\/option><option value=\"Mainero\">Mainero<\/option><option value=\"El Mante\">El Mante<\/option><option value=\"Matamoros\">Matamoros<\/option><option value=\"M\u00e9ndez\">M\u00e9ndez<\/option><option value=\"Mier\">Mier<\/option><option value=\"Miguel Alem\u00e1n\">Miguel Alem\u00e1n<\/option><option value=\"Miquihuana\">Miquihuana<\/option><option value=\"Nuevo Laredo\">Nuevo Laredo<\/option><option value=\"Nuevo Morelos\">Nuevo Morelos<\/option><option value=\"Ocampo\">Ocampo<\/option><option value=\"Padilla\">Padilla<\/option><option value=\"Palmillas\">Palmillas<\/option><option value=\"Reynosa\">Reynosa<\/option><option value=\"R\u00edo Bravo\">R\u00edo Bravo<\/option><option value=\"San Carlos\">San Carlos<\/option><option value=\"San Fernando\">San Fernando<\/option><option value=\"San Nicol\u00e1s\">San Nicol\u00e1s<\/option><option value=\"Soto la Marina\">Soto la Marina<\/option><option value=\"Tampico\">Tampico<\/option><option value=\"Tula\">Tula<\/option><option value=\"Valle Hermoso\">Valle Hermoso<\/option><option value=\"Victoria\">Victoria<\/option><option value=\"Villagr\u00e1n\">Villagr\u00e1n<\/option><option value=\"Xicot\u00e9ncatl\">Xicot\u00e9ncatl<\/option><\/select><\/span>\n\t\t<\/p>\n\t<\/div>\n<\/div>\n<div class=\"row mb20\">\n\t<div class=\"col-sm-6\">\n\t\t<p><label for=\"Colonia\">Colonia<\/label><br \/>\n<span class=\"wpcf7-form-control-wrap\" data-name=\"Colonia\"><input size=\"40\" class=\"wpcf7-form-control wpcf7-text form-control\" aria-invalid=\"false\" placeholder=\"Colonia\" value=\"\" type=\"text\" name=\"Colonia\" \/><\/span>\n\t\t<\/p>\n\t<\/div>\n\t<div class=\"col-sm-6\">\n\t\t<p><label for=\"Calle\">Calle<\/label><br \/>\n<span class=\"wpcf7-form-control-wrap\" data-name=\"Calle\"><input size=\"40\" class=\"wpcf7-form-control wpcf7-text form-control\" aria-invalid=\"false\" placeholder=\"Calle\" value=\"\" type=\"text\" name=\"Calle\" \/><\/span>\n\t\t<\/p>\n\t<\/div>\n<\/div>\n<div class=\"row mb20\">\n\t<div class=\"col-sm-6\">\n\t\t<p><label for=\"CP\">C.P.<\/label><br \/>\n<span class=\"wpcf7-form-control-wrap\" data-name=\"CP\"><input size=\"40\" class=\"wpcf7-form-control wpcf7-text form-control\" aria-invalid=\"false\" placeholder=\"C.P.\" value=\"\" type=\"text\" name=\"CP\" \/><\/span>\n\t\t<\/p>\n\t<\/div>\n\t<div class=\"col-sm-6\">\n\t\t<p><label for=\"Tel\u00e9fono\">Tel\u00e9fono<\/label><br \/>\n<span class=\"wpcf7-form-control-wrap\" data-name=\"Tel\"><input size=\"40\" class=\"wpcf7-form-control wpcf7-text form-control\" aria-invalid=\"false\" placeholder=\"Tel\u00e9fono\" value=\"\" type=\"text\" name=\"Tel\" \/><\/span>\n\t\t<\/p>\n\t<\/div>\n<\/div>\n<div class=\"row mb20\">\n\t<div class=\"col-sm-6\">\n\t\t<p><label for=\"Motivo\">Motivo de contacto<span class=\"requerido\">*<\/span><\/label><br \/>\n<span class=\"wpcf7-form-control-wrap\" data-name=\"Motivo\"><select class=\"wpcf7-form-control wpcf7-select wpcf7-validates-as-required form-control\" aria-required=\"true\" aria-invalid=\"false\" name=\"Motivo\"><option value=\"\">&#8212;Por favor, elige una opci\u00f3n&#8212;<\/option><option value=\"Queja\">Queja<\/option><option value=\"Sugerencia\">Sugerencia<\/option><option value=\"Felicitaci\u00f3n\">Felicitaci\u00f3n<\/option><option value=\"Consulta de informaci\u00f3n\">Consulta de informaci\u00f3n<\/option><\/select><\/span>\n\t\t<\/p>\n\t<\/div>\n\t<div class=\"col-sm-6\">\n\t\t<p><label for=\"\u00c1rea\">\u00c1rea<span class=\"requerido\">*<\/span><\/label><br \/>\n<span class=\"wpcf7-form-control-wrap\" data-name=\"Area\"><select class=\"wpcf7-form-control wpcf7-select wpcf7-validates-as-required form-control\" aria-required=\"true\" aria-invalid=\"false\" name=\"Area\"><option value=\"\">&#8212;Por favor, elige una opci\u00f3n&#8212;<\/option><option value=\"Centro de Comando, Control, Comunicaciones y C\u00f3mputo (911 L\u00ednea de Emergencias)\">Centro de Comando, Control, Comunicaciones y C\u00f3mputo (911 L\u00ednea de Emergencias)<\/option><option value=\"Centro de Comando, Control, Comunicaciones y C\u00f3mputo (089 Denuncia An\u00f3nima)\">Centro de Comando, Control, Comunicaciones y C\u00f3mputo (089 Denuncia An\u00f3nima)<\/option><option value=\"Centro Estatal de Informaci\u00f3n\">Centro Estatal de Informaci\u00f3n<\/option><option value=\"Centro Estatal de Evaluaci\u00f3n y Control de Confianza\">Centro Estatal de Evaluaci\u00f3n y Control de Confianza<\/option><\/select><\/span>\n\t\t<\/p>\n\t<\/div>\n<\/div>\n<div class=\"row mb20\">\n\t<div class=\"col-xs-12\">\n\t\t<p><label for=\"mensaje\">Mensaje <span class=\"requerido\">*<\/span><\/label><br \/>\n<span class=\"wpcf7-form-control-wrap\" data-name=\"mensaje\"><textarea cols=\"99\" rows=\"5\" class=\"wpcf7-form-control wpcf7-textarea wpcf7-validates-as-required form-control\" aria-required=\"true\" aria-invalid=\"false\" placeholder=\"Mensaje\" name=\"mensaje\"><\/textarea><\/span>\n\t\t<\/p>\n\t<\/div>\n<\/div>\n<div class=\"row mb20\">\n\t<div class=\"col-xs-12\">\n\t\n\t<\/div>\n\t<div class=\"col-xs-12\">\n\t\t<p><input class=\"wpcf7-form-control has-spinner wpcf7-submit btn btn-primary center-block\" type=\"submit\" value=\"Enviar\" \/>\n\t\t<\/p>\n\t<\/div>\n<\/div><div class=\"wpcf7-response-output\" aria-hidden=\"true\"><\/div>\n<\/form>\n<\/div>\n\n","protected":false},"excerpt":{"rendered":"<p>Secretariado Ejecutivo del Sistema Estatal de Seguridad P\u00fablica Direcci\u00f3n: Camino de acceso al 77 Batall\u00f3n de Infanter\u00eda 0 + 400 metros Col. Lucio Blanco, Ciudad\u2026<\/p>\n","protected":false},"author":1,"featured_media":0,"parent":0,"menu_order":0,"comment_status":"closed","ping_status":"closed","template":"","meta":{"footnotes":""},"class_list":["post-2","page","type-page","status-publish","hentry"],"publishpress_future_action":{"enabled":false,"date":"2026-04-11 13:40:43","action":"change-status","newStatus":"draft","terms":[],"taxonomy":""},"_links":{"self":[{"href":"https:\/\/www.tamaulipas.gob.mx\/sesesp\/wp-json\/wp\/v2\/pages\/2"}],"collection":[{"href":"https:\/\/www.tamaulipas.gob.mx\/sesesp\/wp-json\/wp\/v2\/pages"}],"about":[{"href":"https:\/\/www.tamaulipas.gob.mx\/sesesp\/wp-json\/wp\/v2\/types\/page"}],"author":[{"embeddable":true,"href":"https:\/\/www.tamaulipas.gob.mx\/sesesp\/wp-json\/wp\/v2\/users\/1"}],"replies":[{"embeddable":true,"href":"https:\/\/www.tamaulipas.gob.mx\/sesesp\/wp-json\/wp\/v2\/comments?post=2"}],"version-history":[{"count":4,"href":"https:\/\/www.tamaulipas.gob.mx\/sesesp\/wp-json\/wp\/v2\/pages\/2\/revisions"}],"predecessor-version":[{"id":234,"href":"https:\/\/www.tamaulipas.gob.mx\/sesesp\/wp-json\/wp\/v2\/pages\/2\/revisions\/234"}],"wp:attachment":[{"href":"https:\/\/www.tamaulipas.gob.mx\/sesesp\/wp-json\/wp\/v2\/media?parent=2"}],"curies":[{"name":"wp","href":"https:\/\/api.w.org\/{rel}","templated":true}]}}