{"id":164,"date":"2018-02-07T13:46:52","date_gmt":"2018-02-07T19:46:52","guid":{"rendered":"http:\/\/www.tamaulipas.gob.mx\/c4\/?page_id=164"},"modified":"2023-01-30T11:38:58","modified_gmt":"2023-01-30T17:38:58","slug":"marcojuridico","status":"publish","type":"page","link":"https:\/\/www.tamaulipas.gob.mx\/sesesp\/marcojuridico\/","title":{"rendered":"Marco Jur\u00eddico"},"content":{"rendered":"<p style=\"text-align: justify;\">En el Secretariado Ejecutivo del Sistema Estatal de Seguridad P\u00fablica, cumplimos en los t\u00e9rminos del art\u00edculo 21 de la Constituci\u00f3n Pol\u00edtica de los Estados Unidos Mexicanos, en concordancia con el 19 Bis de la Constituci\u00f3n Pol\u00edtica del Estado de Tamaulipas, fungiendo como eje de coordinaci\u00f3n entre los tres \u00f3rdenes de gobierno, para la debida gesti\u00f3n y aplicaci\u00f3n de los recursos concernientes al \u00e1mbito de la seguridad p\u00fablica y procuraci\u00f3n de justicia, aunado a promover e impulsar acciones que coadyuven a la evaluaci\u00f3n de los integrantes de las instituciones de seguridad p\u00fablica, manteniendo actualizada la base de datos criminal\u00edsticos de los mismos, adem\u00e1s de administrar y operar la Red Estatal de Telecomunicaciones en \u00f3ptimas condiciones en favor de la ciudadan\u00eda, observando principios de honradez, legalidad, objetividad, imparcialidad, eficiencia, eficacia, paridad de g\u00e9nero y pleno respeto a los Derechos Humanos.<\/p>\n<ul style=\"text-align: justify;\">\n<li><a href=\"http:\/\/www.diputados.gob.mx\/LeyesBiblio\/pdf\/1_080520.pdf\" target=\"_blank\" rel=\"noopener noreferrer\">Constituci\u00f3n Pol\u00edtica de los Estados Unidos Mexicanos.<\/a><\/li>\n<li><a href=\"https:\/\/www.tamaulipas.gob.mx\/sesesp\/wp-content\/uploads\/sites\/25\/2022\/03\/constitucion-politica-del-estado-accion-inconst-dic-2021.pdf\" target=\"_blank\" rel=\"noopener noreferrer\">Constituci\u00f3n Pol\u00edtica del Estado de Tamaulipas.<\/a><\/li>\n<li><a href=\"http:\/\/www.dof.gob.mx\/nota_detalle.php?codigo=5076728&amp;fecha=02\/01\/2009\" target=\"_blank\" rel=\"noopener noreferrer\">Ley General del Sistema Nacional de Seguridad P\u00fablica<\/a>.<\/li>\n<li><a href=\"http:\/\/po.tamaulipas.gob.mx\/wp-content\/uploads\/2017\/06\/Ley_Coord_Seguridad_Publica.pdf\" target=\"_blank\" rel=\"noopener noreferrer\">Ley de Coordinaci\u00f3n del Sistema de Seguridad P\u00fablica del Estado de Tamaulipas.<\/a><\/li>\n<li><a href=\"http:\/\/po.tamaulipas.gob.mx\/wp-content\/uploads\/2016\/09\/Ley_Seguridad_Publica.pdf\" target=\"_blank\" rel=\"noopener noreferrer\">Ley de Seguridad P\u00fablica del Estado de Tamaulipas.<\/a><\/li>\n<li><a href=\"https:\/\/www.tamaulipas.gob.mx\/cazaypesca\/wp-content\/uploads\/sites\/33\/2018\/01\/ley-organica-de-la-administracion-publica-del-estado-de-tamaulipas.pdf\" target=\"_blank\" rel=\"noopener noreferrer\">Ley Org\u00e1nica de la Administraci\u00f3n P\u00fablica del Estado de Tamaulipas.<\/a><\/li>\n<li><a href=\"http:\/\/po.tamaulipas.gob.mx\/wp-content\/uploads\/2018\/09\/003_Regla_Interior_Secretaria_General.pdf\" target=\"_blank\" rel=\"noopener noreferrer\">Reglamento Interior de la Secretar\u00eda General de Gobierno.<\/a><\/li>\n<li><a href=\"http:\/\/po.tamaulipas.gob.mx\/wp-content\/uploads\/2018\/10\/002_Regla_Consejo-Seguridad.pdf\" target=\"_blank\" rel=\"noopener noreferrer\">Reglamento del Consejo Estatal de Seguridad P\u00fablica.<\/a><\/li>\n<li>Convenios FASP suscritos con el Sistema Nacional de Seguridad P\u00fablica.\n<ul>\n<li><a href=\"https:\/\/www.tamaulipas.gob.mx\/sesesp\/wp-content\/uploads\/sites\/25\/2022\/03\/convenio-fasp-2022-firmado.pdf\">Convenio Tamaulipas, FASP 2022<\/a><\/li>\n<\/ul>\n<\/li>\n<li><a href=\"https:\/\/www.gob.mx\/sesnsp\/documentos\/acuerdos-normateca-del-sesnsp?state=published\" target=\"_blank\" rel=\"noopener noreferrer\">Acuerdos del Consejo Nacional de Seguridad P\u00fablica.<\/a><\/li>\n<li>Las dem\u00e1s que determinen otros ordenamientos aplicables.<\/li>\n<\/ul>\n<p style=\"text-align: justify;\">Se utilizan por supletoriedad los siguientes ordenamientos:<\/p>\n<ul>\n<li style=\"text-align: justify;\"><a href=\"https:\/\/www.tamaulipas.gob.mx\/sesesp\/wp-content\/uploads\/sites\/25\/2022\/03\/ley-de-adquisiciones-arrendamientos-y-servicios-del-sector-publico.pdf\" target=\"_blank\" rel=\"noopener noreferrer\">Ley de Adquisiciones, Arrendamientos y Servicios del Sector P\u00fablico.<\/a><\/li>\n<li style=\"text-align: justify;\"><a href=\"https:\/\/www.tamaulipas.gob.mx\/sesesp\/wp-content\/uploads\/sites\/25\/2022\/03\/reglamento-de-la-ley-de-adquisiciones-arrendamientos-y-servicios-del-sector-publico.pdf\" target=\"_blank\" rel=\"noopener noreferrer\">Reglamento de la Ley de Adquisiciones, Arrendamientos y Servicios del Sector P\u00fablico.<\/a><\/li>\n<li style=\"text-align: justify;\"><a href=\"https:\/\/www.congresotamaulipas.gob.mx\/Parlamentario\/Archivos\/Leyes\/92%20Ley%20de%20Adquisiones%20para%20la%20administracion%20Publica%20200819.pdf\" target=\"_blank\" rel=\"noopener noreferrer\">Ley de Adquisiciones para la Administraci\u00f3n P\u00fablica del Estado de Tamaulipas y sus Municipios.<\/a><\/li>\n<li style=\"text-align: justify;\"><a href=\"https:\/\/www.congresotamaulipas.gob.mx\/Parlamentario\/Archivos\/Leyes\/09%20Ley%20de%20Responsabilidades%20de%20los%20Servidores%20Publicos%20190717.pdf\" target=\"_blank\" rel=\"noopener noreferrer\">Ley de Responsabilidades de los Servidores P\u00fablicos del Estado de Tamaulipas.<\/a><\/li>\n<li style=\"text-align: justify;\"><a href=\"https:\/\/www.congresotamaulipas.gob.mx\/Parlamentario\/Archivos\/Leyes\/34%20Ley%20del%20Trabajo%20de%20los%20Servidores%20Publicos-280918.pdf\" target=\"_blank\" rel=\"noopener noreferrer\">Ley del Trabajo de los Servidores P\u00fablicos del Estado de Tamaulipas.<\/a><\/li>\n<li><a href=\"https:\/\/www.tamaulipas.gob.mx\/sesesp\/wp-content\/uploads\/sites\/25\/2022\/03\/reglamento-de-las-condiciones-generales-de-trabajo5.pdf\">Reglamento de las Condiciones Generales de Trabajo<\/a><\/li>\n<li style=\"text-align: justify;\"><a href=\"https:\/\/www.congresotamaulipas.gob.mx\/Parlamentario\/Archivos\/Leyes\/117%20Ley%20de%20Transparencia%20y%20Acceso%20a%20la%20Informacion%20Publica%20120619.pdf\" target=\"_blank\" rel=\"noopener noreferrer\">Ley de Transparencia y Acceso a la Informaci\u00f3n P\u00fablica del Estado de Tamaulipas.<\/a><\/li>\n<li style=\"text-align: justify;\"><a href=\"https:\/\/www.tamaulipas.gob.mx\/sesesp\/wp-content\/uploads\/sites\/25\/2022\/03\/ley-general-de-trasparencia-y-acceso-a-la-informacion-publica.pdf\" target=\"_blank\" rel=\"noopener noreferrer\">Ley General de Transparencia y Acceso a la Informaci\u00f3n P\u00fablica.<\/a><\/li>\n<li style=\"text-align: justify;\"><a href=\"http:\/\/po.tamaulipas.gob.mx\/wp-content\/uploads\/2017\/05\/Ley_Periodico_Oficial.pdf\" target=\"_blank\" rel=\"noopener noreferrer\">Ley del Peri\u00f3dico Oficial del Estado.<\/a><\/li>\n<li style=\"text-align: justify;\"><a href=\"https:\/\/www.gob.mx\/sesnsp\/acciones-y-programas\/fondo-de-aportaciones-para-la-seguridad-publica-fasp\" target=\"_blank\" rel=\"noopener noreferrer\">Lineamientos y Criterios de Recurso FASP.<\/a><\/li>\n<\/ul>\n","protected":false},"excerpt":{"rendered":"<p>En el Secretariado Ejecutivo del Sistema Estatal de Seguridad P\u00fablica, cumplimos en los t\u00e9rminos del art\u00edculo 21 de la Constituci\u00f3n Pol\u00edtica de los Estados Unidos\u2026<\/p>\n","protected":false},"author":7,"featured_media":0,"parent":0,"menu_order":0,"comment_status":"closed","ping_status":"closed","template":"","meta":{"footnotes":""},"class_list":["post-164","page","type-page","status-publish","hentry"],"publishpress_future_action":{"enabled":false,"date":"2026-04-28 10:37:41","action":"change-status","newStatus":"draft","terms":[],"taxonomy":""},"_links":{"self":[{"href":"https:\/\/www.tamaulipas.gob.mx\/sesesp\/wp-json\/wp\/v2\/pages\/164"}],"collection":[{"href":"https:\/\/www.tamaulipas.gob.mx\/sesesp\/wp-json\/wp\/v2\/pages"}],"about":[{"href":"https:\/\/www.tamaulipas.gob.mx\/sesesp\/wp-json\/wp\/v2\/types\/page"}],"author":[{"embeddable":true,"href":"https:\/\/www.tamaulipas.gob.mx\/sesesp\/wp-json\/wp\/v2\/users\/7"}],"replies":[{"embeddable":true,"href":"https:\/\/www.tamaulipas.gob.mx\/sesesp\/wp-json\/wp\/v2\/comments?post=164"}],"version-history":[{"count":24,"href":"https:\/\/www.tamaulipas.gob.mx\/sesesp\/wp-json\/wp\/v2\/pages\/164\/revisions"}],"predecessor-version":[{"id":1494,"href":"https:\/\/www.tamaulipas.gob.mx\/sesesp\/wp-json\/wp\/v2\/pages\/164\/revisions\/1494"}],"wp:attachment":[{"href":"https:\/\/www.tamaulipas.gob.mx\/sesesp\/wp-json\/wp\/v2\/media?parent=164"}],"curies":[{"name":"wp","href":"https:\/\/api.w.org\/{rel}","templated":true}]}}