{"id":11,"date":"2017-05-18T15:39:02","date_gmt":"2017-05-18T20:39:02","guid":{"rendered":"http:\/\/www.tamaulipas.gob.mx\/c4\/?page_id=11"},"modified":"2020-05-15T14:28:18","modified_gmt":"2020-05-15T19:28:18","slug":"mision-y-vision","status":"publish","type":"page","link":"https:\/\/www.tamaulipas.gob.mx\/sesesp\/mision-y-vision\/","title":{"rendered":"Misi\u00f3n y Visi\u00f3n"},"content":{"rendered":"<p style=\"text-align: justify;\"><strong>Misi\u00f3n<\/strong><\/p>\n<p style=\"text-align: justify;\">Promover, impulsar y apoyar con respeto a los principios de distribuci\u00f3n de competencias y de coordinaci\u00f3n, la funcionalidad del sistema, de los sub-sistemas que se desprenden del mismo y de la participaci\u00f3n organizada de la sociedad; por lo tanto es el eje de coordinaci\u00f3n entre las instancias federales, estatales y municipales, conforme a los convenios del Sistema Nacional de Seguridad P\u00fablica.<\/p>\n<p style=\"text-align: justify;\"><strong>Visi\u00f3n<\/strong><\/p>\n<p style=\"text-align: justify;\">Proponer las pol\u00edticas p\u00fablicas, lineamientos, protocolos y acciones para el mejor desempe\u00f1o de las instituciones de seguridad p\u00fablica, a fin de contribuir al desarrollo y preservaci\u00f3n de un entorno de seguridad ciudadana propicio para el desarrollo humano sostenible, por medio del fortalecimiento institucional y mejora continua y uso eficiente y transparente de los recursos federales y estatales de seguridad p\u00fablica que se destinan a Tamaulipas, bajo los principios de legalidad, objetividad, equidad, eficiencia, profesionalismo, honradez y respeto a los derechos humanos.<\/p>\n","protected":false},"excerpt":{"rendered":"<p>Misi\u00f3n Promover, impulsar y apoyar con respeto a los principios de distribuci\u00f3n de competencias y de coordinaci\u00f3n, la funcionalidad del sistema, de los sub-sistemas que\u2026<\/p>\n","protected":false},"author":7,"featured_media":0,"parent":0,"menu_order":0,"comment_status":"closed","ping_status":"closed","template":"","meta":{"footnotes":""},"class_list":["post-11","page","type-page","status-publish","hentry"],"publishpress_future_action":{"enabled":false,"date":"2026-04-28 10:37:44","action":"change-status","newStatus":"draft","terms":[],"taxonomy":""},"_links":{"self":[{"href":"https:\/\/www.tamaulipas.gob.mx\/sesesp\/wp-json\/wp\/v2\/pages\/11"}],"collection":[{"href":"https:\/\/www.tamaulipas.gob.mx\/sesesp\/wp-json\/wp\/v2\/pages"}],"about":[{"href":"https:\/\/www.tamaulipas.gob.mx\/sesesp\/wp-json\/wp\/v2\/types\/page"}],"author":[{"embeddable":true,"href":"https:\/\/www.tamaulipas.gob.mx\/sesesp\/wp-json\/wp\/v2\/users\/7"}],"replies":[{"embeddable":true,"href":"https:\/\/www.tamaulipas.gob.mx\/sesesp\/wp-json\/wp\/v2\/comments?post=11"}],"version-history":[{"count":6,"href":"https:\/\/www.tamaulipas.gob.mx\/sesesp\/wp-json\/wp\/v2\/pages\/11\/revisions"}],"predecessor-version":[{"id":473,"href":"https:\/\/www.tamaulipas.gob.mx\/sesesp\/wp-json\/wp\/v2\/pages\/11\/revisions\/473"}],"wp:attachment":[{"href":"https:\/\/www.tamaulipas.gob.mx\/sesesp\/wp-json\/wp\/v2\/media?parent=11"}],"curies":[{"name":"wp","href":"https:\/\/api.w.org\/{rel}","templated":true}]}}