{"id":518,"date":"2018-09-28T15:18:26","date_gmt":"2018-09-28T20:18:26","guid":{"rendered":"https:\/\/www.tamaulipas.gob.mx\/seguridadpublica\/?page_id=518"},"modified":"2025-04-02T13:02:05","modified_gmt":"2025-04-02T19:02:05","slug":"comite-de-etica-conducta-y-prevencion-de-conflictos-de-interes","status":"publish","type":"page","link":"https:\/\/www.tamaulipas.gob.mx\/seguridadpublica\/comite-de-etica-conducta-y-prevencion-de-conflictos-de-interes\/","title":{"rendered":"Comit\u00e9 de \u00c9tica, Conducta y Prevenci\u00f3n de Conflictos de Inter\u00e9s"},"content":{"rendered":"<p><a href=\"https:\/\/www.tamaulipas.gob.mx\/seguridadpublica\/wp-content\/uploads\/sites\/10\/2024\/04\/codigo-de-conducta.pdf\" target=\"_blank\" rel=\"noopener\"><i class=\"fa fa-file-pdf-o\"><\/i>\u00a0 CODIGO DE CONDUCTA Y PREVENCI\u00d3N DE CONFLICTOS DE INTER\u00c9S DE LA SECRETAR\u00cdA DE SEGURIDAD P\u00daBLICA<\/a><\/p>\n<p style=\"text-align: left;\"><a href=\"https:\/\/www.tamaulipas.gob.mx\/seguridadpublica\/wp-content\/uploads\/sites\/10\/2024\/05\/codigo-de-etica.pdf\" target=\"_blank\" rel=\"noopener\"><i class=\"fa fa-file-pdf-o\"><\/i>\u00a0 \u00a0CODIGO DE \u00c9TICA<\/a><\/p>\n<p><a href=\"https:\/\/www.tamaulipas.gob.mx\/seguridadpublica\/wp-content\/uploads\/sites\/10\/2025\/04\/evaluacion-del-comite-de-etica-conducta-y-prevencion-de-conflictos-de-interes-de-la-secretaria-de-seguridad-publica-ano-2024.pdf\" target=\"_blank\" rel=\"noopener\"><i class=\"fa fa-file-pdf-o\"><\/i> \u00a0\u00a0 \u00a0EVALUACI\u00d3N DEL COMIT\u00c9 DE \u00c9TICA, CONDUCTA Y PREVENCI\u00d3N DE CONFLICTOS DE INTER\u00c9S DE LA SECRETAR\u00cdA DE SEGURIDAD P\u00daBLICA A\u00d1O 2024<\/a><\/p>\n<p><a href=\"https:\/\/www.tamaulipas.gob.mx\/seguridadpublica\/wp-content\/uploads\/sites\/10\/2025\/04\/informe-anual-de-actividades-2024-del-comite-de-etica-conducta-y-prevencion-de-conflictos-de-interes-de-la-secretaria-de-seguridad-publica.pdf\" target=\"_blank\" rel=\"noopener\"><i class=\"fa fa-file-pdf-o\"><\/i>\u00a0 \u00a0 \u00a0INFORME ANUAL DE ACTIVIDADES 2024 DEL COMIT\u00c9 DE \u00c9TICA, CONDUCTA Y PREVENCI\u00d3N DE CONFLICTOS DE INTER\u00c9S DE LA SECRETAR\u00cdA DE SEGURIDAD P\u00daBLICA<\/a><\/p>\n<p><a href=\"https:\/\/www.tamaulipas.gob.mx\/seguridadpublica\/wp-content\/uploads\/sites\/10\/2025\/04\/programa-anual-de-trabajo-2025-del-comite-de-etica-conducta-y-prevencion-de-conflictos-de-interes-de-la-secretaria-de-seguridad-publica.pdf\" target=\"_blank\" rel=\"noopener\"><i class=\"fa fa-file-pdf-o\"><\/i> \u00a0 \u00a0 PROGRAMA ANUAL DE TRABAJO 2025 DEL COMIT\u00c9 DE \u00c9TICA, CONDUCTA Y PREVENCI\u00d3N DE CONFLICTOS DE INTER\u00c9S DE LA SECRETARIA DE SEGURIDAD P\u00daBLICA<\/a><\/p>\n","protected":false},"excerpt":{"rendered":"<p>\u00a0 CODIGO DE CONDUCTA Y PREVENCI\u00d3N DE CONFLICTOS DE INTER\u00c9S DE LA SECRETAR\u00cdA DE SEGURIDAD P\u00daBLICA \u00a0 \u00a0CODIGO DE \u00c9TICA \u00a0\u00a0 \u00a0EVALUACI\u00d3N DEL COMIT\u00c9 DE\u2026<\/p>\n","protected":false},"author":24,"featured_media":0,"parent":0,"menu_order":0,"comment_status":"closed","ping_status":"closed","template":"","meta":{"footnotes":""},"class_list":["post-518","page","type-page","status-publish","hentry"],"publishpress_future_action":{"enabled":false,"date":"2026-04-10 12:34:26","action":"change-status","newStatus":"draft","terms":[],"taxonomy":""},"_links":{"self":[{"href":"https:\/\/www.tamaulipas.gob.mx\/seguridadpublica\/wp-json\/wp\/v2\/pages\/518"}],"collection":[{"href":"https:\/\/www.tamaulipas.gob.mx\/seguridadpublica\/wp-json\/wp\/v2\/pages"}],"about":[{"href":"https:\/\/www.tamaulipas.gob.mx\/seguridadpublica\/wp-json\/wp\/v2\/types\/page"}],"author":[{"embeddable":true,"href":"https:\/\/www.tamaulipas.gob.mx\/seguridadpublica\/wp-json\/wp\/v2\/users\/24"}],"replies":[{"embeddable":true,"href":"https:\/\/www.tamaulipas.gob.mx\/seguridadpublica\/wp-json\/wp\/v2\/comments?post=518"}],"version-history":[{"count":19,"href":"https:\/\/www.tamaulipas.gob.mx\/seguridadpublica\/wp-json\/wp\/v2\/pages\/518\/revisions"}],"predecessor-version":[{"id":1289,"href":"https:\/\/www.tamaulipas.gob.mx\/seguridadpublica\/wp-json\/wp\/v2\/pages\/518\/revisions\/1289"}],"wp:attachment":[{"href":"https:\/\/www.tamaulipas.gob.mx\/seguridadpublica\/wp-json\/wp\/v2\/media?parent=518"}],"curies":[{"name":"wp","href":"https:\/\/api.w.org\/{rel}","templated":true}]}}