{"id":27,"date":"2016-11-22T12:59:50","date_gmt":"2016-11-22T18:59:50","guid":{"rendered":"http:\/\/www.tamaulipas.gob.mx\/seguridadpublica\/?page_id=27"},"modified":"2016-11-22T12:59:50","modified_gmt":"2016-11-22T18:59:50","slug":"requisitos-para-permiso-estatal-para-empresas-de-seguridad-privada","status":"publish","type":"page","link":"https:\/\/www.tamaulipas.gob.mx\/seguridadpublica\/subsecretaria-de-operacion-policial\/policia-auxiliar\/requisitos-para-permiso-estatal-para-empresas-de-seguridad-privada\/","title":{"rendered":"Requisitos para permiso Estatal para Empresas de Seguridad Privada"},"content":{"rendered":"<p>Para obtener el registro o la autorizaci\u00f3n para prestar servicios privados de seguridad, o revalidaci\u00f3n de esta \u00faltima, en su caso, los prestadores deber\u00e1n suscribir su petici\u00f3n y presentarla ante la Direcci\u00f3n General, precisando claramente la modalidad de servicio que se interesan en prestar, el \u00e1mbito territorial que pretendan abarcar y, adem\u00e1s, el cumplimiento de los siguientes requisitos:<\/p>\n<ol style=\"list-style-type: lower-alpha\">\n<li>Ser persona f\u00edsica o moral de nacionalidad mexicana;<\/li>\n<li>Trat\u00e1ndose de personas morales, copia certificada del acta constitutiva de la misma;<\/li>\n<li>Trat\u00e1ndose de personas f\u00edsicas, copias certificadas del acta de nacimiento, credencial de elector y la clave \u00fanica del registro de poblaci\u00f3n (CURP);<\/li>\n<li>Constancia de anuencia extendida por el municipio en donde se brindar\u00e1 el servicio, tanto para el tr\u00e1mite administrativo de registro y autorizaci\u00f3n, como para el de revalidaci\u00f3n. En caso de ser varios municipios del Estado en donde se pretendan prestar los servicios, deber\u00e1n adjuntarse tantas constancias como municipios se trate;<\/li>\n<li>Cubrir los montos que por derechos se le fijen;<\/li>\n<li>Comprobar que cuenta con el permiso para instalaci\u00f3n y uso de equipo de radiocomunicaci\u00f3n, expedido por la autoridad competente, en su caso, indic\u00e1ndose las caracter\u00edsticas de todo el equipo;<\/li>\n<li>Contar con el manual de operaciones del personal operativo;<\/li>\n<li>Expresar el domicilio en donde se asentar\u00e1n sus instalaciones y, en su caso, tambi\u00e9n de las sucursales que se encuentren en el Estado;<\/li>\n<li>Presentar la relaci\u00f3n del personal operativo propuesto, que contenga nombre, domicilio, fotograf\u00eda a colores de frente y perfil, as\u00ed como sus huellas digitales, constancia de no antecedentes penales, tipo y grupo sangu\u00edneo. Dicho personal operativo deber\u00e1 de satisfacer los requisitos previstos en el art\u00edculo 35 de la ley para Regular los Servicios Privados de Seguridad en el Estado;<\/li>\n<li>Presentar relaci\u00f3n del equipo de protecci\u00f3n personal que se utilizar\u00e1 en el servicio, proporcionando las caracter\u00edsticas espec\u00edficas del mismo;<\/li>\n<li>Presentar relaci\u00f3n de veh\u00edculos que utilizar\u00e1, expresando la marca, tipo, modelo, n\u00famero de serie del veh\u00edculo, n\u00famero de serie del motor y placas de circulaci\u00f3n. Asimismo, la expresi\u00f3n de las caracter\u00edsticas espec\u00edficas del equipo blindado;<\/li>\n<li>Presentar el registro de las armas de fuego que se le autorice utilizar, se\u00f1alando copia de la licencia vigente para la portaci\u00f3n de armas y el registro de cada una de ellas, expedidos por autoridad competente, as\u00ed como los dem\u00e1s elementos de identificaci\u00f3n que conforme a la ley considere conveniente recabar la Secretar\u00eda;<\/li>\n<li>Entregar fotograf\u00eda a colores de las insignias y de todo aditamento que pretendan emplear en sus veh\u00edculos;<\/li>\n<li>Entregar fotograf\u00eda a colores del uniforme que se utilizar\u00e1 en el servicio, visto de todos los \u00e1ngulos, as\u00ed como de sus accesorios;<\/li>\n<li>Presentar el modelo de gafete o credencial de identificaci\u00f3n que utilizar\u00e1 el personal operativo. Dicho gafete o credencial deber\u00e1 satisfacer los requisitos previstos en el art\u00edculo 37 de la presente ley;<\/li>\n<li>Referir el nombre del jefe o jefes de operaci\u00f3n de la empresa, as\u00ed como sus datos de identificaci\u00f3n y localizaci\u00f3n;<\/li>\n<li>Presentar el programa de capacitaci\u00f3n y adiestramiento que aplicar\u00e1 a su personal operativo, en el cual se\u00f1ale las materias a impartir, duraci\u00f3n de los cursos, calendario anual de capacitaci\u00f3n y, en su caso, el nombre de la instituci\u00f3n responsable de su impartici\u00f3n. Asimismo, el que se aplicar\u00e1 al jefe o jefes de operaci\u00f3n de la empresa cumpliendo con iguales condiciones;<\/li>\n<li>Contratar una fianza por el equivalente a 5000 (cinco mil) d\u00edas de salario m\u00ednimo vigente en la capital del Estado para responder de los eventuales incumplimientos en que incurran con los particulares que contraten sus servicios; y<\/li>\n<li>Los dem\u00e1s que se se\u00f1alen en la Ley de Seguridad.<\/li>\n<\/ol>\n","protected":false},"excerpt":{"rendered":"<p>Para obtener el registro o la autorizaci\u00f3n para prestar servicios privados de seguridad, o revalidaci\u00f3n de esta \u00faltima, en su caso, los prestadores deber\u00e1n suscribir\u2026<\/p>\n","protected":false},"author":7,"featured_media":0,"parent":24,"menu_order":0,"comment_status":"closed","ping_status":"closed","template":"","meta":{"footnotes":""},"class_list":["post-27","page","type-page","status-publish","hentry"],"publishpress_future_action":{"enabled":false,"date":"2026-04-28 10:41:03","action":"change-status","newStatus":"draft","terms":[],"taxonomy":""},"_links":{"self":[{"href":"https:\/\/www.tamaulipas.gob.mx\/seguridadpublica\/wp-json\/wp\/v2\/pages\/27"}],"collection":[{"href":"https:\/\/www.tamaulipas.gob.mx\/seguridadpublica\/wp-json\/wp\/v2\/pages"}],"about":[{"href":"https:\/\/www.tamaulipas.gob.mx\/seguridadpublica\/wp-json\/wp\/v2\/types\/page"}],"author":[{"embeddable":true,"href":"https:\/\/www.tamaulipas.gob.mx\/seguridadpublica\/wp-json\/wp\/v2\/users\/7"}],"replies":[{"embeddable":true,"href":"https:\/\/www.tamaulipas.gob.mx\/seguridadpublica\/wp-json\/wp\/v2\/comments?post=27"}],"version-history":[{"count":1,"href":"https:\/\/www.tamaulipas.gob.mx\/seguridadpublica\/wp-json\/wp\/v2\/pages\/27\/revisions"}],"predecessor-version":[{"id":28,"href":"https:\/\/www.tamaulipas.gob.mx\/seguridadpublica\/wp-json\/wp\/v2\/pages\/27\/revisions\/28"}],"up":[{"embeddable":true,"href":"https:\/\/www.tamaulipas.gob.mx\/seguridadpublica\/wp-json\/wp\/v2\/pages\/24"}],"wp:attachment":[{"href":"https:\/\/www.tamaulipas.gob.mx\/seguridadpublica\/wp-json\/wp\/v2\/media?parent=27"}],"curies":[{"name":"wp","href":"https:\/\/api.w.org\/{rel}","templated":true}]}}