{"id":3979,"date":"2025-12-09T11:48:07","date_gmt":"2025-12-09T17:48:07","guid":{"rendered":"https:\/\/www.tamaulipas.gob.mx\/seduma\/?page_id=3979"},"modified":"2026-02-09T12:48:57","modified_gmt":"2026-02-09T18:48:57","slug":"grupo-interdisciplinario","status":"publish","type":"page","link":"https:\/\/www.tamaulipas.gob.mx\/seduma\/grupo-interdisciplinario\/","title":{"rendered":"Grupo Interdisciplinario para la valoraci\u00f3n y conservaci\u00f3n de los archivos de la Secretar\u00eda de Desarrollo Urbano y Medio Ambiente"},"content":{"rendered":"<p><a href=\"https:\/\/www.tamaulipas.gob.mx\/seduma\/wp-content\/uploads\/sites\/8\/2025\/12\/reglas-de-operacion-grupo-interdiscplinario-seduma.pdf\" target=\"_blank\" rel=\"noopener\">Reglas de Operaci\u00f3n del Grupo Interdisciplinario<\/a><\/p>\n<p><a href=\"https:\/\/www.tamaulipas.gob.mx\/seduma\/wp-content\/uploads\/sites\/8\/2025\/12\/acta-de-instalacion-del-grupo-interdisciplinario.pdf\" target=\"_blank\" rel=\"noopener\">Acta de Instalaci\u00f3n del Grupo Interdisciplinario<\/a><\/p>\n<p><a href=\"https:\/\/www.tamaulipas.gob.mx\/seduma\/wp-content\/uploads\/sites\/8\/2026\/01\/informe-anual-de-cumplimiento-archivistico-2025.pdf\" target=\"_blank\" rel=\"noopener\">Informe Anual de Cumplimiento Archiv\u00edstico 2025<\/a><\/p>\n<p><a href=\"https:\/\/www.tamaulipas.gob.mx\/seduma\/wp-content\/uploads\/sites\/8\/2026\/01\/programa-anual-de-desarrollo-archivistico-2026.pdf\" target=\"_blank\" rel=\"noopener\">Programa Anual de Desarrollo Archiv\u00edstico 2026<\/a><\/p>\n<p><a href=\"https:\/\/www.tamaulipas.gob.mx\/seduma\/wp-content\/uploads\/sites\/8\/2026\/01\/acta-de-instalacion-del-sia.pdf\" target=\"_blank\" rel=\"noopener\">Acta de Instalaci\u00f3n del Sistema Institucional de Archivos<\/a><\/p>\n<p><a href=\"https:\/\/www.tamaulipas.gob.mx\/seduma\/wp-content\/uploads\/sites\/8\/2026\/02\/cuadro-general-de-clasificacion-archivistica-1-etapa.pdf\" target=\"_blank\" rel=\"noopener\">Cuadro General de Clasificaci\u00f3n Archiv\u00edstica Etapa 1<\/a><\/p>\n<p>&nbsp;<\/p>\n<p>&nbsp;<\/p>\n","protected":false},"excerpt":{"rendered":"<p>Reglas de Operaci\u00f3n del Grupo Interdisciplinario Acta de Instalaci\u00f3n del Grupo Interdisciplinario Informe Anual de Cumplimiento Archiv\u00edstico 2025 Programa Anual de Desarrollo Archiv\u00edstico 2026 Acta\u2026<\/p>\n","protected":false},"author":290,"featured_media":0,"parent":0,"menu_order":0,"comment_status":"closed","ping_status":"closed","template":"","meta":{"footnotes":""},"class_list":["post-3979","page","type-page","status-publish","hentry"],"publishpress_future_action":{"enabled":false,"date":"2026-04-21 18:44:25","action":"change-status","newStatus":"draft","terms":[],"taxonomy":""},"_links":{"self":[{"href":"https:\/\/www.tamaulipas.gob.mx\/seduma\/wp-json\/wp\/v2\/pages\/3979"}],"collection":[{"href":"https:\/\/www.tamaulipas.gob.mx\/seduma\/wp-json\/wp\/v2\/pages"}],"about":[{"href":"https:\/\/www.tamaulipas.gob.mx\/seduma\/wp-json\/wp\/v2\/types\/page"}],"author":[{"embeddable":true,"href":"https:\/\/www.tamaulipas.gob.mx\/seduma\/wp-json\/wp\/v2\/users\/290"}],"replies":[{"embeddable":true,"href":"https:\/\/www.tamaulipas.gob.mx\/seduma\/wp-json\/wp\/v2\/comments?post=3979"}],"version-history":[{"count":6,"href":"https:\/\/www.tamaulipas.gob.mx\/seduma\/wp-json\/wp\/v2\/pages\/3979\/revisions"}],"predecessor-version":[{"id":4027,"href":"https:\/\/www.tamaulipas.gob.mx\/seduma\/wp-json\/wp\/v2\/pages\/3979\/revisions\/4027"}],"wp:attachment":[{"href":"https:\/\/www.tamaulipas.gob.mx\/seduma\/wp-json\/wp\/v2\/media?parent=3979"}],"curies":[{"name":"wp","href":"https:\/\/api.w.org\/{rel}","templated":true}]}}