{"id":3358,"date":"2023-12-01T16:34:28","date_gmt":"2023-12-01T22:34:28","guid":{"rendered":"https:\/\/www.tamaulipas.gob.mx\/seduma\/?page_id=3358"},"modified":"2023-12-01T16:34:28","modified_gmt":"2023-12-01T22:34:28","slug":"decretos","status":"publish","type":"page","link":"https:\/\/www.tamaulipas.gob.mx\/seduma\/decretos\/","title":{"rendered":"Decretos"},"content":{"rendered":"<p>ITAVU<\/p>\n<p>Comisi\u00f3n de Parques y Biodiversidad<\/p>\n<p>Comisi\u00f3n de Caza y Pesca<\/p>\n<p>Procuradur\u00eda Ambiental y Urbana<\/p>\n<p>IMEPLAN<\/p>\n","protected":false},"excerpt":{"rendered":"<p>ITAVU Comisi\u00f3n de Parques y Biodiversidad Comisi\u00f3n de Caza y Pesca Procuradur\u00eda Ambiental y Urbana IMEPLAN<\/p>\n","protected":false},"author":290,"featured_media":0,"parent":0,"menu_order":0,"comment_status":"closed","ping_status":"closed","template":"","meta":{"footnotes":""},"class_list":["post-3358","page","type-page","status-publish","hentry"],"publishpress_future_action":{"enabled":false,"date":"2026-04-20 03:36:46","action":"change-status","newStatus":"draft","terms":[],"taxonomy":""},"_links":{"self":[{"href":"https:\/\/www.tamaulipas.gob.mx\/seduma\/wp-json\/wp\/v2\/pages\/3358"}],"collection":[{"href":"https:\/\/www.tamaulipas.gob.mx\/seduma\/wp-json\/wp\/v2\/pages"}],"about":[{"href":"https:\/\/www.tamaulipas.gob.mx\/seduma\/wp-json\/wp\/v2\/types\/page"}],"author":[{"embeddable":true,"href":"https:\/\/www.tamaulipas.gob.mx\/seduma\/wp-json\/wp\/v2\/users\/290"}],"replies":[{"embeddable":true,"href":"https:\/\/www.tamaulipas.gob.mx\/seduma\/wp-json\/wp\/v2\/comments?post=3358"}],"version-history":[{"count":1,"href":"https:\/\/www.tamaulipas.gob.mx\/seduma\/wp-json\/wp\/v2\/pages\/3358\/revisions"}],"predecessor-version":[{"id":3360,"href":"https:\/\/www.tamaulipas.gob.mx\/seduma\/wp-json\/wp\/v2\/pages\/3358\/revisions\/3360"}],"wp:attachment":[{"href":"https:\/\/www.tamaulipas.gob.mx\/seduma\/wp-json\/wp\/v2\/media?parent=3358"}],"curies":[{"name":"wp","href":"https:\/\/api.w.org\/{rel}","templated":true}]}}