{"id":75,"date":"2023-01-11T15:43:05","date_gmt":"2023-01-11T21:43:05","guid":{"rendered":"https:\/\/www.tamaulipas.gob.mx\/secretariageneral\/?page_id=75"},"modified":"2024-07-05T11:09:30","modified_gmt":"2024-07-05T17:09:30","slug":"comision-estatal-de-atencion-a-victimas","status":"publish","type":"page","link":"https:\/\/www.tamaulipas.gob.mx\/secretariageneral\/organos\/comision-estatal-de-atencion-a-victimas\/","title":{"rendered":"Comisi\u00f3n Estatal de Atenci\u00f3n a V\u00edctimas"},"content":{"rendered":"<p style=\"text-align: center;\"><strong>SER UNA INSTITUCI\u00d3N SENSIBLE y PROFESIONAL AL SERVICIOS DEL PUEBLO COMPROMETIDA y CONSOLIDADA<\/strong><\/p>\n<p><img loading=\"lazy\" decoding=\"async\" class=\"aligncenter size-full wp-image-365\" src=\"https:\/\/www.tamaulipas.gob.mx\/secretariageneral\/wp-content\/uploads\/sites\/13\/2024\/07\/107-1.png\" alt=\"\" width=\"1080\" height=\"1080\" \/><\/p>\n<p style=\"text-align: center;\"><strong>Lic. Lorena Perales Salinas<\/strong><\/p>\n<p style=\"text-align: center;\"><strong>LA COMISI\u00d3N ESTATAL DE ATENCI\u00d3N A VICTIMAS<\/strong><\/p>\n<p>Es el \u00f3rgano operativo del Sistema Estatal de Atenci\u00f3n a V\u00edctimas en el \u00e1mbito local, que cuenta con personalidad jur\u00eddica y goza de autonom\u00eda t\u00e9cnica y de gesti\u00f3n, de conformidad con lo estipulado en la Ley de Atenci\u00f3n a V\u00edctimas para el Estado de Tamaulipas.<\/p>\n<p><strong>Misi\u00f3n<\/strong><\/p>\n<p>Respetar, garantizar y promover el ejercicio efectivo de los derechos de las V\u00edctimas del Delito y\/o Violaciones a Derechos Humanos en el Estado de Tamaulipas mediante la atenci\u00f3n, protecci\u00f3n, ayuda, asistencia y reparaci\u00f3n integral. Esto, con base en los principios de dignidad humana, transparencia y rendici\u00f3n de cuentas.<\/p>\n<p><strong>Visi\u00f3n<\/strong><\/p>\n<p>Ser una instituci\u00f3n sensible y profesional para tener un Comisi\u00f3n Estatal de Atenci\u00f3n a V\u00edctimas al servicio del pueblo; consolidada y comprometida que implemente pol\u00edticas p\u00fablicas en el Estado de Tamaulipas en favor de las V\u00edctimas del Delito y\/o Violaciones a Derechos Humanos, lo anterior con base en la garant\u00eda de acceso a los derechos que contempla la Ley de V\u00edctimas, as\u00ed como el acompa\u00f1amiento jur\u00eddico y psicosocial.<\/p>\n<p><strong>Objetivo<\/strong><\/p>\n<ul>\n<li>Promover, respetar, proteger, reconocer y garantizar los derechos de las V\u00edctimas del Delito y de Violaciones a Derechos Humanos.<\/li>\n<li>Garantizar el acceso oportuno y efectivo a las medidas de ayuda, asistencia, atenci\u00f3n, acceso a la justicia y reparaci\u00f3n integral previstas en la Ley Estatal de V\u00edctimas a trav\u00e9s del Registro Estatal de V\u00edctimas.<\/li>\n<li>Garantizar el ejercicio efectivo del derecho de acceso a la justicia mediante la Asesor\u00eda Jur\u00eddica Estatal de Atenci\u00f3n a V\u00edctimas del Delito y\/o de Violaciones a Derechos Humanos.<\/li>\n<li>Acompa\u00f1ar a las V\u00edctimas del Delito y de Violaciones a Derechos Humanos durante todo su proceso bajo una perspectiva psicosocial.<\/li>\n<li>Operar el Sistema Estatal de Atenci\u00f3n a V\u00edctimas para coordinar y generar las acciones necesarias en beneficio de las personas en situaci\u00f3n de v\u00edctima.<\/li>\n<\/ul>\n<p><strong>Tr\u00e1mites y servicios<\/strong><\/p>\n<ul>\n<li><a href=\"https:\/\/tramites.tamaulipas.gob.mx\/ciudadano\/index.php?id=1382\" target=\"_blank\" rel=\"noopener\">Atenci\u00f3n y asesor\u00eda.<\/a><\/li>\n<\/ul>\n<p><strong>De octubre 2022 a enero 2023, se brindaron:<\/strong><\/p>\n<div class=\"row\">\n<div class=\"col-md-4\">\n<h3 style=\"text-align: center;\">2,839<\/h3>\n<p style=\"text-align: center;\">Asistencias Jur\u00eddicas<\/p>\n<\/div>\n<div class=\"col-md-4\">\n<h3 style=\"text-align: center;\">396<\/h3>\n<p style=\"text-align: center;\">Atenciones Psicol\u00f3gicas<\/p>\n<\/div>\n<div class=\"col-md-4\">\n<h3 style=\"text-align: center;\">155<\/h3>\n<p style=\"text-align: center;\">Atenciones Personalizadas Primer Contacto<\/p>\n<\/div>\n<\/div>\n<div class=\"row\">\n<div class=\"col-md-4\">\n<h3 style=\"text-align: center;\">155<\/h3>\n<p style=\"text-align: center;\">Gestiones Realizadas en Primer Contacto<\/p>\n<\/div>\n<div class=\"col-md-4\">\n<h3 style=\"text-align: center;\">457<\/h3>\n<p style=\"text-align: center;\">Gestiones Realizadas por Trabajo Social<\/p>\n<\/div>\n<div class=\"col-md-4\">\n<h3 style=\"text-align: center;\">414<\/h3>\n<p style=\"text-align: center;\">V\u00edctimas Registradas en el Sistema Estatal de Victimas<\/p>\n<\/div>\n<\/div>\n<div class=\"panel-group\" id=\"custom-collapse-0\">\n<div class=\"panel panel-default\">\n\t\t\t\t<div class=\"panel-heading\">\n\t\t\t\t\t<h4 class=\"panel-title\">\n\t\t\t\t\t\t<a class=\"\" data-toggle=\"collapse\" data-parent=\"#custom-collapse-0\" href=\"#custom-collapse-0-0\">Se trabaja a trav\u00e9s de cuatro ejes rectores<\/a>\n\t\t\t\t\t<\/h4>\n\t\t\t\t<\/div>\n\t\t\t\t<div id=\"custom-collapse-0-0\" class=\"panel-collapse in\">\n\t\t\t\t\t<div class=\"panel-body\">\n<ol>\n<li>Asesor\u00eda Jur\u00eddica<\/li>\n<li>Atenci\u00f3n Inmediata<\/li>\n<li>Registro Estatal de V\u00edctimas<\/li>\n<li>Fondo de Ayuda, Asistencia y Reparaci\u00f3n Integral, y Pol\u00edticas Publicas<\/li>\n<\/ol>\n<p>Que le permiten cumplir con el objetivo de brindar Atenci\u00f3n Integral a las V\u00edctimas del Delito y\/o Violaciones a Derechos Humanos.<\/p>\n<\/div>\n\t\t\t\t<\/div>\n\t\t\t<\/div>\n<div class=\"panel panel-default\">\n\t\t\t\t<div class=\"panel-heading\">\n\t\t\t\t\t<h4 class=\"panel-title\">\n\t\t\t\t\t\t<a class=\"collapsed\" data-toggle=\"collapse\" data-parent=\"#custom-collapse-0\" href=\"#custom-collapse-0-1\">Comisionada<\/a>\n\t\t\t\t\t<\/h4>\n\t\t\t\t<\/div>\n\t\t\t\t<div id=\"custom-collapse-0-1\" class=\"panel-collapse collapse\">\n\t\t\t\t\t<div class=\"panel-body\">\n<p>Tendr\u00e1 entre otras, las siguientes facultades:<\/p>\n<ul>\n<li>Administrar, representar legalmente y dirigir el cumplimiento de las atribuciones de la Comisi\u00f3n;<\/li>\n<li>Fungir como Secretario T\u00e9cnico del Sistema Estatal;<\/li>\n<li>Suscribir los convenios de colaboraci\u00f3n, coordinaci\u00f3n o concertaci\u00f3n o la contrataci\u00f3n de expertos que se requiera para el cumplimiento de sus funciones;<\/li>\n<li>Aplicar las medidas que sean necesarias para garantizar que las funciones de la Comisi\u00f3n Estatal se realicen de manera adecuada, eficiente, oportuna, expedita y articulada;<\/li>\n<li>Las dem\u00e1s que se requiera para el eficaz cumplimiento de las funciones de la Comisi\u00f3n Estatal en t\u00e9rminos de la legislaci\u00f3n aplicable.<\/li>\n<\/ul>\n<\/div>\n\t\t\t\t<\/div>\n\t\t\t<\/div>\n<div class=\"panel panel-default\">\n\t\t\t\t<div class=\"panel-heading\">\n\t\t\t\t\t<h4 class=\"panel-title\">\n\t\t\t\t\t\t<a class=\"collapsed\" data-toggle=\"collapse\" data-parent=\"#custom-collapse-0\" href=\"#custom-collapse-0-2\">Direcci\u00f3n de Asuntos Jur\u00eddicos<\/a>\n\t\t\t\t\t<\/h4>\n\t\t\t\t<\/div>\n\t\t\t\t<div id=\"custom-collapse-0-2\" class=\"panel-collapse collapse\">\n\t\t\t\t\t<div class=\"panel-body\">\n<ul>\n<li>Es la encargada de dar Asistencia y Orientaci\u00f3n Jur\u00eddica a las V\u00edctimas del Delito y\/o Violaciones a Derechos Humanos, a trav\u00e9s de especialistas del derecho.<\/li>\n<li>Coordinar el servicio de Asesor\u00eda Jur\u00eddica para V\u00edctimas en asuntos del fuero local, a fin de garantizar los derechos de las v\u00edctimas contenidos en la ley, en tratados internacionales y dem\u00e1s disposiciones aplicables;<\/li>\n<li>Coordinar el servicio de representaci\u00f3n y asesor\u00eda jur\u00eddica de las v\u00edctimas en materia penal, civil, laboral, familiar, administrativa y de derechos humanos del fuero local, a fin de garantizar el acceso a la justicia, a la verdad y la reparaci\u00f3n integral;<\/li>\n<li>Celebrar convenios de coordinaci\u00f3n con todos aquellos que pueden coadyuvar en la defensa de los derechos de las v\u00edctimas, y las dem\u00e1s que se requiera para la defensa de los derechos de las v\u00edctimas.<\/li>\n<\/ul>\n<\/div>\n\t\t\t\t<\/div>\n\t\t\t<\/div>\n<div class=\"panel panel-default\">\n\t\t\t\t<div class=\"panel-heading\">\n\t\t\t\t\t<h4 class=\"panel-title\">\n\t\t\t\t\t\t<a class=\"collapsed\" data-toggle=\"collapse\" data-parent=\"#custom-collapse-0\" href=\"#custom-collapse-0-3\">Direcci\u00f3n de Atenci\u00f3n Inmediata y Seguimiento<\/a>\n\t\t\t\t\t<\/h4>\n\t\t\t\t<\/div>\n\t\t\t\t<div id=\"custom-collapse-0-3\" class=\"panel-collapse collapse\">\n\t\t\t\t\t<div class=\"panel-body\">\n<ul>\n<li>El \u00e1rea de Atenci\u00f3n Inmediata funciona como primer contacto con las V\u00edctimas de Delito y\/o Violaciones a Derechos Humanos. Junto con el equipo interdisciplinario, identifica las condiciones y\/o necesidades espec\u00edficas de quien solicita los servicios de la CEAV y establece rutas integrales para su atenci\u00f3n.<\/li>\n<li>En este sentido, el \u00e1rea establece enlaces con las dependencias e instituciones de protecci\u00f3n de derechos humanos, as\u00ed como otras instancias encargadas de brindar asistencia y protecci\u00f3n a v\u00edctimas para garantizar su atenci\u00f3n integral.<\/li>\n<\/ul>\n<\/div>\n\t\t\t\t<\/div>\n\t\t\t<\/div>\n<div class=\"panel panel-default\">\n\t\t\t\t<div class=\"panel-heading\">\n\t\t\t\t\t<h4 class=\"panel-title\">\n\t\t\t\t\t\t<a class=\"collapsed\" data-toggle=\"collapse\" data-parent=\"#custom-collapse-0\" href=\"#custom-collapse-0-4\">Direcci\u00f3n de Registro Estatal<\/a>\n\t\t\t\t\t<\/h4>\n\t\t\t\t<\/div>\n\t\t\t\t<div id=\"custom-collapse-0-4\" class=\"panel-collapse collapse\">\n\t\t\t\t\t<div class=\"panel-body\">\n<ul>\n<li>Es el mecanismo administrativo y t\u00e9cnico que soporta todo el proceso de ingreso y registro de las V\u00edctimas del Delito y de Violaciones a Derechos Humanos al Sistema Estatal.<\/li>\n<li>Constituye un soporte fundamental para garantizar que las v\u00edctimas tengan un acceso oportuno y efectivo a las medidas de ayuda, asistencia, atenci\u00f3n, acceso a la justicia y reparaci\u00f3n integral previstas en la Ley de V\u00edctimas para el Estado de Tamaulipas.<\/li>\n<\/ul>\n<\/div>\n\t\t\t\t<\/div>\n\t\t\t<\/div>\n<div class=\"panel panel-default\">\n\t\t\t\t<div class=\"panel-heading\">\n\t\t\t\t\t<h4 class=\"panel-title\">\n\t\t\t\t\t\t<a class=\"collapsed\" data-toggle=\"collapse\" data-parent=\"#custom-collapse-0\" href=\"#custom-collapse-0-5\">Fondo de ayuda, asistencia, reparaci\u00f3n y pol\u00edticas publicas<\/a>\n\t\t\t\t\t<\/h4>\n\t\t\t\t<\/div>\n\t\t\t\t<div id=\"custom-collapse-0-5\" class=\"panel-collapse collapse\">\n\t\t\t\t\t<div class=\"panel-body\">\n<ul>\n<li>El Fondo tiene por objeto brindar los recursos necesarios para la ayuda, asistencia y reparaci\u00f3n integral de las V\u00edctimas de Delito y\/o Violaciones a Derechos Humanos.<\/li>\n<li>La v\u00edctima podr\u00e1 acceder de manera subsidiaria al Fondo en los t\u00e9rminos de la Ley de V\u00edctimas para el Estado de Tamaulipas.<\/li>\n<\/ul>\n<\/div>\n\t\t\t\t<\/div>\n\t\t\t<\/div>\n<\/div>\n<p><strong>Redes Sociales<\/strong><\/p>\n<p><a href=\"https:\/\/www.facebook.com\/CEAVTAM\" target=\"_blank\" rel=\"noopener\"><img loading=\"lazy\" decoding=\"async\" class=\"alignnone wp-image-357\" src=\"https:\/\/www.tamaulipas.gob.mx\/secretariageneral\/wp-content\/uploads\/sites\/13\/2024\/07\/vecteezy_facebook-logo-png-facebook-icon-transparent-png_18930698-e1719951667182-150x150.png\" alt=\"\" width=\"53\" height=\"53\" \/><\/a> <a href=\"https:\/\/www.instagram.com\/ceav_tamaulipas\/\" target=\"_blank\" rel=\"noopener\"><img loading=\"lazy\" decoding=\"async\" class=\"alignnone wp-image-360\" src=\"https:\/\/www.tamaulipas.gob.mx\/secretariageneral\/wp-content\/uploads\/sites\/13\/2024\/07\/instagram_logo_2022.svg_-150x150.png\" alt=\"\" width=\"53\" height=\"53\" \/><\/a><\/p>\n<p>&nbsp;<\/p>\n<p><strong>Directorio<\/strong><\/p>\n<blockquote><p><strong>Comisionada<\/strong>: Lic. Lorena Perales Salinas<br \/>\n<strong>Tel\u00e9fono<\/strong>: 834 312 9945 Ext. 41110<br \/>\n<strong>Correo Electr\u00f3nico<\/strong>: lorena.perales@tamaulipas.gob.mx<br \/>\n<strong>Direcci\u00f3n<\/strong>: Calle Ju\u00e1rez, No. 214 Oriente. Entre 15 y 16 Zona Centro. C.P. 87000 Ciudad Victoria, Tamaulipas.<\/p><\/blockquote>\n","protected":false},"excerpt":{"rendered":"<p>SER UNA INSTITUCI\u00d3N SENSIBLE y PROFESIONAL AL SERVICIOS DEL PUEBLO COMPROMETIDA y CONSOLIDADA Lic. Lorena Perales Salinas LA COMISI\u00d3N ESTATAL DE ATENCI\u00d3N A VICTIMAS Es\u2026<\/p>\n","protected":false},"author":1,"featured_media":0,"parent":69,"menu_order":0,"comment_status":"closed","ping_status":"closed","template":"","meta":{"footnotes":""},"class_list":["post-75","page","type-page","status-publish","hentry"],"publishpress_future_action":{"enabled":false,"date":"2026-05-23 17:49:15","action":"change-status","newStatus":"draft","terms":[],"taxonomy":""},"_links":{"self":[{"href":"https:\/\/www.tamaulipas.gob.mx\/secretariageneral\/wp-json\/wp\/v2\/pages\/75"}],"collection":[{"href":"https:\/\/www.tamaulipas.gob.mx\/secretariageneral\/wp-json\/wp\/v2\/pages"}],"about":[{"href":"https:\/\/www.tamaulipas.gob.mx\/secretariageneral\/wp-json\/wp\/v2\/types\/page"}],"author":[{"embeddable":true,"href":"https:\/\/www.tamaulipas.gob.mx\/secretariageneral\/wp-json\/wp\/v2\/users\/1"}],"replies":[{"embeddable":true,"href":"https:\/\/www.tamaulipas.gob.mx\/secretariageneral\/wp-json\/wp\/v2\/comments?post=75"}],"version-history":[{"count":11,"href":"https:\/\/www.tamaulipas.gob.mx\/secretariageneral\/wp-json\/wp\/v2\/pages\/75\/revisions"}],"predecessor-version":[{"id":397,"href":"https:\/\/www.tamaulipas.gob.mx\/secretariageneral\/wp-json\/wp\/v2\/pages\/75\/revisions\/397"}],"up":[{"embeddable":true,"href":"https:\/\/www.tamaulipas.gob.mx\/secretariageneral\/wp-json\/wp\/v2\/pages\/69"}],"wp:attachment":[{"href":"https:\/\/www.tamaulipas.gob.mx\/secretariageneral\/wp-json\/wp\/v2\/media?parent=75"}],"curies":[{"name":"wp","href":"https:\/\/api.w.org\/{rel}","templated":true}]}}