{"id":72,"date":"2023-01-11T15:41:34","date_gmt":"2023-01-11T21:41:34","guid":{"rendered":"https:\/\/www.tamaulipas.gob.mx\/secretariageneral\/?page_id=72"},"modified":"2025-07-18T13:05:10","modified_gmt":"2025-07-18T19:05:10","slug":"comision-estatal-de-busqueda-de-personas","status":"publish","type":"page","link":"https:\/\/www.tamaulipas.gob.mx\/secretariageneral\/organos\/comision-estatal-de-busqueda-de-personas\/","title":{"rendered":"Comisi\u00f3n Estatal de B\u00fasqueda de Personas"},"content":{"rendered":"<p><img loading=\"lazy\" decoding=\"async\" class=\"wp-image-653 aligncenter\" src=\"https:\/\/www.tamaulipas.gob.mx\/secretariageneral\/wp-content\/uploads\/sites\/13\/2025\/07\/comisionado-de-busqueda.png\" alt=\"\" width=\"816\" height=\"816\" \/><\/p>\n<p style=\"text-align: center;\"><strong>Lic. Cristian Morales Labastida &#8211; Comisionado Estatal de B\u00fasqueda de Personas<\/strong><\/p>\n<p>&nbsp;<\/p>\n<p><strong>Funciones de los cargos de la Comisi\u00f3n Estatal de B\u00fasqueda de Personas<\/strong><\/p>\n<div class=\"panel-group\" id=\"custom-collapse-0\">\n<div class=\"panel panel-default\">\n\t\t\t\t<div class=\"panel-heading\">\n\t\t\t\t\t<h4 class=\"panel-title\">\n\t\t\t\t\t\t<a class=\"\" data-toggle=\"collapse\" data-parent=\"#custom-collapse-0\" href=\"#custom-collapse-0-0\">Comisionado Estatal de B\u00fasqueda de Personas<\/a>\n\t\t\t\t\t<\/h4>\n\t\t\t\t<\/div>\n\t\t\t\t<div id=\"custom-collapse-0-0\" class=\"panel-collapse in\">\n\t\t\t\t\t<div class=\"panel-body\">\n<ol>\n<li>Elaborar y presentar anteproyecto de presupuesto anual de la Comisi\u00f3n a la persona titular de la Secretar\u00eda, para su incorporaci\u00f3n en el Presupuesto de Egresos del Estado de Tamaulipas;<\/li>\n<li>Emitir y ejecutar el Programa Estatal de B\u00fasqueda;<\/li>\n<li>Atender y emitir alertas de acci\u00f3n inmediata para b\u00fasqueda y localizaci\u00f3n, a las instituciones de seguridad p\u00fablica, previstas en la Ley General del Sistema Nacional de Seguridad P\u00fablica;<\/li>\n<li>Solicitar colaboraci\u00f3n durante los trabajos de b\u00fasqueda y localizaci\u00f3n de personas, a instancias policiales de los tres \u00f3rdenes de gobierno, conforme a lo establecido en la Ley General;<\/li>\n<li>Recibir de las embajadas, consulados y agregadur\u00edas, noticias o reportes de personas migrantes desaparecidas o no localizadas en territorio de la entidad, as\u00ed como establecer mecanismos de comunicaci\u00f3n e intercambio de informaci\u00f3n que garanticen la b\u00fasqueda de las personas migrantes;<\/li>\n<li>Integrar un informe anual sobre los avances y resultados de la verificaci\u00f3n y supervisi\u00f3n en el cumplimiento del Programa Estatal de B\u00fasqueda;<\/li>\n<li>Rendir los informes a la Comisi\u00f3n Nacional, sobre el cumplimiento del Programa Nacional de B\u00fasqueda de conformidad con la Ley General;<\/li>\n<li>Coordinarse y mantener comunicaci\u00f3n continua y permanente con la Comisi\u00f3n Nacional y las Comisiones Locales de B\u00fasqueda, a efecto de mantener un intercambio y apoyo sobre cualquier tipo de informaci\u00f3n o acci\u00f3n relacionada con la materia;<\/li>\n<li>Solicitar asesor\u00eda de la Comisi\u00f3n Nacional en temas espec\u00edficos relacionados con la materia;<\/li>\n<li>Dise\u00f1ar, proponer e implementar mecanismos de colaboraci\u00f3n con instancias de los tres \u00f3rdenes de gobierno, a efecto de llevar a cabo acciones en la b\u00fasqueda de personas desaparecidas o no localizadas;<\/li>\n<li>Instruir la atenci\u00f3n y asesor\u00eda a los familiares de la persona desaparecida o no localizada, ante la Fiscal\u00eda Especializada para que, de ser el caso, realicen la denuncia correspondiente;<\/li>\n<li>Consultar y solicitar la informaci\u00f3n contenida en plataformas, bases de datos y registros en la ejecuci\u00f3n de b\u00fasqueda de personas desaparecidas o no localizadas;<\/li>\n<li>Mantener comunicaci\u00f3n con autoridades estatales y municipales, y establecer enlaces cuando lo estime pertinente o por recomendaci\u00f3n del Consejo Estatal, a efecto de implementar acciones de b\u00fasqueda;<\/li>\n<li>Integrar grupos de trabajo para realizar acciones espec\u00edficas de b\u00fasqueda, as\u00ed como analizar el fen\u00f3meno de desaparici\u00f3n;<\/li>\n<li>Mantener reuniones peri\u00f3dicas y comunicaci\u00f3n continua con las personas titulares de las Comisiones Locales de B\u00fasqueda de Personas de otras entidades federativas, para establecer mejores pr\u00e1cticas en las b\u00fasquedas de personas;<\/li>\n<li>Dar aviso a la instancia de investigaci\u00f3n que corresponda, sobre la existencia de informaci\u00f3n relevante y elementos que sean \u00fatiles para la investigaci\u00f3n de los delitos;<\/li>\n<li>Solicitar la colaboraci\u00f3n de medios de comunicaci\u00f3n, organizaciones de la sociedad civil y de la sociedad en general, para la b\u00fasqueda y localizaci\u00f3n de personas desaparecidas o no localizadas, de conformidad con la normativa aplicable;<\/li>\n<li>Evaluar las pol\u00edticas y estrategias para la b\u00fasqueda y localizaci\u00f3n de personas desaparecidas o no localizadas, as\u00ed como vigilar su cumplimiento por parte de las instituciones p\u00fablicas de la entidad;<\/li>\n<li>Conocer y opinar sobre las pol\u00edticas y estrategias para la identificaci\u00f3n de personas localizadas con vida y personas fallecidas localizadas en fosas comunes y clandestinas, as\u00ed como vigilar su cumplimiento por parte de las instituciones p\u00fablicas de la entidad;<\/li>\n<li>Establecer acciones de b\u00fasqueda espec\u00edficas para las desapariciones de personas vinculadas con movimientos pol\u00edticos;<\/li>\n<li>Establecer medidas extraordinarias y emitir alertas cuando en la entidad o alg\u00fan municipio se eleve la incidencia en el n\u00famero de desapariciones, que ser\u00e1n atendidas por las autoridades competentes;<\/li>\n<li>Dise\u00f1ar, en colaboraci\u00f3n con la Comisi\u00f3n Nacional y las Comisiones Locales de B\u00fasqueda de otras entidades federativas, programas regionales de b\u00fasqueda de personas;<\/li>\n<li>Dar seguimiento y, en su caso, atender las recomendaciones y sentencias de \u00f3rganos internacionales de derechos humanos, en los temas relacionados con la b\u00fasqueda de personas, as\u00ed como del Consejo Estatal, en los temas relacionados con las atribuciones de la Comisi\u00f3n;<\/li>\n<li>Dar vista al Ministerio P\u00fablico y a las autoridades competentes, de hechos materia de probable responsabilidad penal, civil o administrativa de las personas servidoras p\u00fablicas a su cargo;<\/li>\n<li>Establecer mecanismos de comunicaci\u00f3n, participaci\u00f3n y evaluaci\u00f3n con la sociedad civil y los familiares para que coadyuven con los objetivos, fines y trabajos de la Comisi\u00f3n, en los t\u00e9rminos que prevean las leyes;<\/li>\n<li>Gestionar ante la Comisi\u00f3n Ejecutiva de Atenci\u00f3n a V\u00edctimas, los mecanismos necesarios para que, a trav\u00e9s del Fondo de Ayuda, Asistencia y Reparaci\u00f3n Integral correspondiente, se cubran los gastos de ayuda cuando lo requieran los familiares de las personas desaparecidas por la presunta comisi\u00f3n de los delitos en la materia;<\/li>\n<li>Solicitar, cuando as\u00ed se requiera, a instancias p\u00fablicas o privadas su incorporaci\u00f3n a procesos de b\u00fasqueda relacionados con personas desaparecidas o no localizadas;<\/li>\n<li>Elaborar diagn\u00f3sticos peri\u00f3dicos, que permitan conocer e identificar modos de operaci\u00f3n, pr\u00e1cticas, patrones de criminalidad, estructuras delictivas y asociaci\u00f3n de casos que permitan el dise\u00f1o de acciones estrat\u00e9gicas de b\u00fasqueda;<\/li>\n<li>Elaborar diagn\u00f3sticos peri\u00f3dicos, que permitan conocer la existencia de caracter\u00edsticas y patrones de desaparici\u00f3n, de conformidad con el principio de enfoque diferenciado;<\/li>\n<li>Suministrar, sistematizar, analizar y actualizar la informaci\u00f3n de hechos y datos sobre la desaparici\u00f3n de personas;<\/li>\n<li>Supervisar la elaboraci\u00f3n de informes de an\u00e1lisis de contexto que incorporen a los procesos de b\u00fasqueda, elementos sociol\u00f3gicos, antropol\u00f3gicos y victimol\u00f3gicos, a fin de fortalecer las acciones de b\u00fasqueda, as\u00ed\u0301 como implementar un registro y control de los mismos;<\/li>\n<li>Realizar las acciones necesarias para recabar y cruzar la informaci\u00f3n contenida en las bases de datos y registros, as\u00ed como con la informaci\u00f3n contenida en otros sistemas que puedan contribuir en la b\u00fasqueda, localizaci\u00f3n e identificaci\u00f3n de una persona desaparecida o no localizada;<\/li>\n<li>Participar en la elaboraci\u00f3n de los criterios de capacitaci\u00f3n, certificaci\u00f3n y evaluaci\u00f3n del personal que participe en las acciones de b\u00fasqueda de personas desaparecidas y no localizadas.<\/li>\n<li>Promover las medidas necesarias para lograr la protecci\u00f3n de aquellas personas desaparecidas cuya vida, integridad o libertad se encuentre en peligro;<\/li>\n<li>Formular solicitudes de colaboraci\u00f3n con las Comisiones Locales de B\u00fasqueda, cuando as\u00ed lo requiera el caso concreto;<\/li>\n<li>Facultar al personal mediante oficios de comisi\u00f3n, a fin de que procedan a realizar acciones de b\u00fasqueda;<\/li>\n<li>Expedir constancias o certificar documentos que obren en los archivos de la Comisi\u00f3n, cuando se refieran a asuntos de su competencia; y<\/li>\n<li>Las dem\u00e1s que determine o delegue la persona titular de la Secretar\u00eda y, en su caso, los ordenamientosjur\u00eddicos aplicables.<\/li>\n<\/ol>\n<\/div>\n\t\t\t\t<\/div>\n\t\t\t<\/div>\n<div class=\"panel panel-default\">\n\t\t\t\t<div class=\"panel-heading\">\n\t\t\t\t\t<h4 class=\"panel-title\">\n\t\t\t\t\t\t<a class=\"collapsed\" data-toggle=\"collapse\" data-parent=\"#custom-collapse-0\" href=\"#custom-collapse-0-1\">Departamento de An\u00e1lisis de Contexto y de Informaci\u00f3n<\/a>\n\t\t\t\t\t<\/h4>\n\t\t\t\t<\/div>\n\t\t\t\t<div id=\"custom-collapse-0-1\" class=\"panel-collapse collapse\">\n\t\t\t\t\t<div class=\"panel-body\">\n<ol>\n<li>Coadyuvar con el registro, an\u00e1lisis y procesamiento de la informaci\u00f3n que genere la Comisi\u00f3n con motivo del ejercicio de sus atribuciones;<\/li>\n<li>Coordinar y realizar el ingreso de informaci\u00f3n a los Registros Nacional y Estatal de B\u00fasqueda de Personas;<\/li>\n<li>Coordinar y mantener comunicaci\u00f3n continua y permanente con la Comisi\u00f3n Nacional y las Comisiones Locales de B\u00fasqueda de otras entidades federativas, a fin de intercambiar experiencias y buscar las mejores pr\u00e1cticas para la localizaci\u00f3n de personas;<\/li>\n<li>Realizar los estudios y an\u00e1lisis estrat\u00e9gicos que se requieran sobre la informaci\u00f3n recabada en las acciones de b\u00fasqueda de conformidad con el Protocolo Homologado de B\u00fasqueda y dem\u00e1s instrumentos rectores;<\/li>\n<li>Elaborar los programas regionales de b\u00fasqueda de personas que se dise\u00f1en en colaboraci\u00f3n con la Comisi\u00f3n Nacional;<\/li>\n<li>Proponer a la persona titular de la Comisi\u00f3n, conjuntamente con el Departamento de Coordinaci\u00f3n Interinstitucional y B\u00fasqueda, el anteproyecto del Programa Estatal de B\u00fasqueda;<\/li>\n<li>Llevar a cabo reuniones trimestrales con autoridades y organismos estatales para la actualizaci\u00f3n de la informaci\u00f3n relativa a la b\u00fasqueda de personas;<\/li>\n<li>Establecer mecanismos de comunicaci\u00f3n, participaci\u00f3n y evaluaci\u00f3n con la sociedad civil y los familiares para que coadyuven con los objetivos, fines y trabajos de la Comisi\u00f3n, en t\u00e9rminos que prevean las leyes de la materia;<\/li>\n<li>Elaborar diagn\u00f3sticos peri\u00f3dicos y anuales con principio de enfoque diferenciado en lo local, que permitan conocer e identificar modos de operaci\u00f3n, pr\u00e1cticas, patrones de criminalidad, estructuras delictivas y asociaci\u00f3n de casos en la entidad;<\/li>\n<li>Elaborar informes de an\u00e1lisis de contexto que incorporen a los procesos de b\u00fasqueda, elementos sociol\u00f3gicos, antropol\u00f3gicos, criminol\u00f3gicas y victimol\u00f3gicos, a fin de fortalecer las acciones de b\u00fasqueda;<\/li>\n<li>Proponer a la persona titular de la Comisi\u00f3n las acciones necesarias para acceder, recabar y cruzar la informaci\u00f3n contenida en las bases de datos y registros de otras entidades federativas;<\/li>\n<li>Proponer a la persona titular de la Comisi\u00f3n el dise\u00f1o y aplicaci\u00f3n de programas que permitan combatir las causas que generen condiciones de mayor riesgo y vulnerabilidad;<\/li>\n<li>Coordinarse y mantener comunicaci\u00f3n continua y permanente con la Fiscal\u00eda Especializada, a fin de intercambiar experiencias, datos y buscar las mejores pr\u00e1cticas para la localizaci\u00f3n de personas;<\/li>\n<li>Recabar y generar informaci\u00f3n respecto a los delitos que permitan definir e implementar pol\u00edticas p\u00fablicas en materia de b\u00fasqueda de personas, prevenci\u00f3n e investigaci\u00f3n;<\/li>\n<li>Identificar circunstancias, grupos vulnerables y zonas de alto riesgo en las que aumente la probabilidad de que una o m\u00e1s personas sean v\u00edctimas de los delitos;<\/li>\n<li>Elaborar la cartograf\u00eda delictiva a niveles estatal y municipal, as\u00ed como realizar las gestiones necesarias para la obtenci\u00f3n de la que corresponda a otras entidades federativas y de la Federaci\u00f3n;<\/li>\n<li>Agregar las constancias e informaci\u00f3n que se generen de las actividades de la Comisi\u00f3n a los expedientes de b\u00fasqueda y dem\u00e1s documentaci\u00f3n que le sean remitidos para tal efecto; y<\/li>\n<li>Las dem\u00e1s que determine o delegue la persona titular de la Secretar\u00eda, su superior jer\u00e1rquico y, en su caso, los ordenamientos jur\u00eddicos aplicables.<\/li>\n<\/ol>\n<\/div>\n\t\t\t\t<\/div>\n\t\t\t<\/div>\n<div class=\"panel panel-default\">\n\t\t\t\t<div class=\"panel-heading\">\n\t\t\t\t\t<h4 class=\"panel-title\">\n\t\t\t\t\t\t<a class=\"collapsed\" data-toggle=\"collapse\" data-parent=\"#custom-collapse-0\" href=\"#custom-collapse-0-2\">Departamento de Coordinaci\u00f3n Interinstitucional y B\u00fasqueda<\/a>\n\t\t\t\t\t<\/h4>\n\t\t\t\t<\/div>\n\t\t\t\t<div id=\"custom-collapse-0-2\" class=\"panel-collapse collapse\">\n\t\t\t\t\t<div class=\"panel-body\">\n<ol>\n<li>Implementar las acciones de b\u00fasqueda y localizaci\u00f3n de personas en todo el territorio estatal;<\/li>\n<li>Coordinar grupos de trabajo interinstitucionales y multidisciplinarios para realizar la investigaci\u00f3n de hechos materia de su competencia;<\/li>\n<li>Generar la metodolog\u00eda para la b\u00fasqueda inmediata considerando el Protocolo Homologado de B\u00fasqueda y los dem\u00e1s protocolos rectores que emita la Comisi\u00f3n Nacional y otros ordenamientos aplicables;<\/li>\n<li>Organizar mesas de trabajo con instancias de los tres \u00f3rdenes de gobierno a efecto de que la investigaci\u00f3n de los hechos il\u00edcitos de la materia, se realice de una manera planificada y sistem\u00e1tica que permita obtener resultados en materia de b\u00fasqueda de personas;<\/li>\n<li>Impulsar la coordinaci\u00f3n y colaboraci\u00f3n entre las autoridades de los tres \u00f3rdenes de gobierno, a efecto de que las acciones de b\u00fasqueda sean realizadas con mayor eficacia y eficiencia;<\/li>\n<li>Proponer acciones de b\u00fasqueda a la Fiscal\u00eda Especializada, a instancias de seguridad p\u00fablica de la entidad, para la b\u00fasqueda de personas desaparecidas o no localizadas;<\/li>\n<li>Mantener comunicaci\u00f3n con la Fiscal\u00eda Especializada y dem\u00e1s autoridades estatales y municipales para la coordinaci\u00f3n de acciones de b\u00fasqueda y localizaci\u00f3n cuando lo estime pertinente o por recomendaci\u00f3n de la Comisi\u00f3n Nacional;<\/li>\n<li>Dise\u00f1ar y proponer al superior jer\u00e1rquico mecanismos de coordinaci\u00f3n y colaboraci\u00f3n con autoridades federales, estatales y municipales, a efecto de llevar a cabo las acciones en la b\u00fasqueda de personas reportadas como desaparecidas y no localizadas;<\/li>\n<li>Coordinar y mantener comunicaci\u00f3n permanente con la Comisi\u00f3n Nacional y las Comisiones Locales de B\u00fasqueda de otras entidades federativas, a efecto de mejorar las pr\u00e1cticas para la localizaci\u00f3n de personas;<\/li>\n<li>Garantizar, en el \u00e1mbito de su competencia, que se mantenga la cadena de custodia en el lugar de los hechos o hallazgo, as\u00ed\u0301 como en los que se encuentren o se tengan razones fundadas para creer que se encuentran cad\u00e1veres o restos humanos de personas desaparecidas; y<\/li>\n<li>Las dem\u00e1s que determine o delegue la persona titular de la Secretar\u00eda, su superior jer\u00e1rquico y, en su caso, los ordenamientos jur\u00eddicos aplicables.<\/li>\n<\/ol>\n<\/div>\n\t\t\t\t<\/div>\n\t\t\t<\/div>\n<div class=\"panel panel-default\">\n\t\t\t\t<div class=\"panel-heading\">\n\t\t\t\t\t<h4 class=\"panel-title\">\n\t\t\t\t\t\t<a class=\"collapsed\" data-toggle=\"collapse\" data-parent=\"#custom-collapse-0\" href=\"#custom-collapse-0-3\">Departamento de Atenci\u00f3n a Organismos de la Sociedad Civil<\/a>\n\t\t\t\t\t<\/h4>\n\t\t\t\t<\/div>\n\t\t\t\t<div id=\"custom-collapse-0-3\" class=\"panel-collapse collapse\">\n\t\t\t\t\t<div class=\"panel-body\">\n<ol>\n<li>Establecer mecanismos de comunicaci\u00f3n, participaci\u00f3n y evaluaci\u00f3n con la sociedad civil y los familiares para que coadyuven con los objetivos de la Comisi\u00f3n;<\/li>\n<li>Solicitar y coordinar la colaboraci\u00f3n de medios de comunicaci\u00f3n, organizaciones de la sociedad civil y de la sociedad en general, para la b\u00fasqueda y localizaci\u00f3n de personas desaparecidas o no localizadas;<\/li>\n<li>Llevar registro de organizaciones de la sociedad civil en materia de b\u00fasqueda de personas, sus integrantes y el lugar de ubicaci\u00f3n de las mismas;<\/li>\n<li>Otorgar asesor\u00eda jur\u00eddica en materia de b\u00fasqueda de personas, a los organismos de la sociedad civil que lo soliciten;<\/li>\n<li>Canalizar a los grupos colectivos de v\u00edctimas a las diferentes \u00e1reas de la administraci\u00f3n p\u00fablica con la finalidad de que se les otorgue el apoyo que requieran;<\/li>\n<li>Recibir la informaci\u00f3n que aporten los particulares u organizaciones en los casos de desaparici\u00f3n forzada de personas y desaparici\u00f3n cometida por particulares y, hacerla del conocimiento de la Fiscal\u00eda Especializada;<\/li>\n<li>Vigilar el cumplimiento por parte de las instituciones estatales y municipales, de las pol\u00edticas p\u00fablicas en materia de b\u00fasqueda de personas;<\/li>\n<li>Fungir como enlace institucional en la coordinaci\u00f3n para implementar los mecanismos necesarios de vinculaci\u00f3n encaminados al cumplimiento del objeto de la Comisi\u00f3n; y<\/li>\n<li>Las dem\u00e1s que determine o delegue la persona titular de la Secretar\u00eda, su superior jer\u00e1rquico y, en su caso, los ordenamientos jur\u00eddicos aplicables.<\/li>\n<\/ol>\n<\/div>\n\t\t\t\t<\/div>\n\t\t\t<\/div>\n<div class=\"panel panel-default\">\n\t\t\t\t<div class=\"panel-heading\">\n\t\t\t\t\t<h4 class=\"panel-title\">\n\t\t\t\t\t\t<a class=\"collapsed\" data-toggle=\"collapse\" data-parent=\"#custom-collapse-0\" href=\"#custom-collapse-0-4\">Departamento Jur\u00eddico<\/a>\n\t\t\t\t\t<\/h4>\n\t\t\t\t<\/div>\n\t\t\t\t<div id=\"custom-collapse-0-4\" class=\"panel-collapse collapse\">\n\t\t\t\t\t<div class=\"panel-body\">\n<ol>\n<li>Dar seguimiento a las recomendaciones y cualquier otra resoluci\u00f3n emitida por \u00f3rganos internacionales, nacionales y estatales de derechos humanos en los temas y acciones relacionadas con la b\u00fasqueda de personas desaparecidas y no localizadas;<\/li>\n<li>Difundir al interior de la Comisi\u00f3n la normatividad aplicable en las materias de competencia de la misma;<\/li>\n<li>Proponer a la persona titular de la Comisi\u00f3n proyectos de iniciativas de leyes, decretos, reglamentos y dem\u00e1s ordenamientos jur\u00eddicos relacionados con los asuntos que sean de su competencia;<\/li>\n<li>Proponer al superior jer\u00e1rquico la celebraci\u00f3n de convenios con autoridades de los tres \u00f3rdenes de gobierno, instituciones privadas, as\u00ed como internacionales, para la operaci\u00f3n de los mecanismos de b\u00fasqueda transnacional de personas desaparecidas o no localizadas;<\/li>\n<li>Proporcionar orientaci\u00f3n jur\u00eddica a las personas que as\u00ed lo soliciten, de manera presencial, telef\u00f3nica, por escrito o por cualquier otro medio, relacionada con las funciones de la Comisi\u00f3n;<\/li>\n<li>Dar seguimiento a los mecanismos implementados por la Comisi\u00f3n Ejecutiva de Atenci\u00f3n a V\u00edctimas para cubrir los gastos de ayuda, cuando familiares de las personas desaparecidas por la presunta comisi\u00f3n de los delitos en la materia lo requieran;<\/li>\n<li>Proveer la informaci\u00f3n necesaria a la Comisi\u00f3n Nacional, para integrar los informes nacionales, conforme a lo dispuesto en la Ley de Protecci\u00f3n de Datos Personales en Posesi\u00f3n de Sujetos Obligados del Estado de Tamaulipas;<\/li>\n<li>Recibir la informaci\u00f3n que aporten los particulares u organizaciones civiles en los casos de desaparici\u00f3n forzada de personas y desaparici\u00f3n cometida por particulares, as\u00ed\u0301 como respecto a personas no localizadas y remitirla a la Fiscal\u00eda Especializada;<\/li>\n<li>Participar en coordinaci\u00f3n con la Comisi\u00f3n Nacional, en la elaboraci\u00f3n de lineamientos de capacitaci\u00f3n, certificaci\u00f3n y evaluaci\u00f3n del personal que realiza acciones de b\u00fasqueda de personas desaparecidas y no localizadas en el Estado de Tamaulipas;<\/li>\n<li>Proporcionar informaci\u00f3n a los familiares de la persona desaparecida o no localizada, cuando sea de una nacionalidad distinta a la mexicana, a trav\u00e9s de las autoridades consulares o de la persona que se hubiere designado para tal efecto; y<\/li>\n<li>Las dem\u00e1s que determine o delegue la persona titular de la Secretar\u00eda, su superior jer\u00e1rquico y, en su caso, los ordenamientos jur\u00eddicos aplicables.<\/li>\n<\/ol>\n<\/div>\n\t\t\t\t<\/div>\n\t\t\t<\/div>\n<div class=\"panel panel-default\">\n\t\t\t\t<div class=\"panel-heading\">\n\t\t\t\t\t<h4 class=\"panel-title\">\n\t\t\t\t\t\t<a class=\"collapsed\" data-toggle=\"collapse\" data-parent=\"#custom-collapse-0\" href=\"#custom-collapse-0-5\">Secretar\u00eda T\u00e9cnica<\/a>\n\t\t\t\t\t<\/h4>\n\t\t\t\t<\/div>\n\t\t\t\t<div id=\"custom-collapse-0-5\" class=\"panel-collapse collapse\">\n\t\t\t\t\t<div class=\"panel-body\">\n<ol>\n<li>Proponer al superior jer\u00e1rquico de acuerdo a las posibilidades presupuestales, se incorpore a los procesos de b\u00fasqueda relacionados con personas desaparecidas o no localizadas, a expertos independientes o peritos internacionales, cuando no se cuente con personal capacitado en la materia, se considere pertinente o as\u00ed lo soliciten los familiares;<\/li>\n<li>Proponer a la persona titular de la Comisi\u00f3n, formule solicitudes de colaboraci\u00f3n en acciones de b\u00fasqueda a las Comisiones Locales de B\u00fasqueda y a instancias de los tres \u00f3rdenes de gobierno;<\/li>\n<li>Proponer al superior jer\u00e1rquico grupos de trabajo interinstitucional con participaci\u00f3n de familiares y organizaciones de la sociedad civil, para realizar acciones espec\u00edficas de b\u00fasqueda de personas, as\u00ed como, colaborar con la Comisi\u00f3n Nacional en el an\u00e1lisis del fen\u00f3meno de desaparici\u00f3n a nivel nacional, brindando la informaci\u00f3n que se requiera por parte del Estado;<\/li>\n<li>Proponer a la persona titular de la Comisi\u00f3n, acciones encaminadas a la b\u00fasqueda de personas desaparecidas o no localizadas en el Estado;<\/li>\n<li>Coordinar las acciones de b\u00fasqueda espec\u00edficas para las desapariciones de personas vinculadas con movimientos pol\u00edticos, de conformidad con el Protocolo Homologado de B\u00fasqueda;<\/li>\n<li>Proponer actos de investigaci\u00f3n espec\u00edficos sobre la probable comisi\u00f3n de un delito que puedan llevar a la b\u00fasqueda, localizaci\u00f3n o identificaci\u00f3n de una persona, as\u00ed como al esclarecimiento de los hechos en t\u00e9rminos de lo dispuesto en el C\u00f3digo Nacional de Procedimientos Penales;<\/li>\n<li>Implementar mecanismos que coadyuven a la \u00e1gil y eficiente localizaci\u00f3n de personas reportadas como desaparecidas o no localizadas; y<\/li>\n<li>Las dem\u00e1s que determine o delegue la persona titular de la Secretar\u00eda, su superior jer\u00e1rquico y, en su caso, los ordenamientos jur\u00eddicos aplicables.<\/li>\n<\/ol>\n<\/div>\n\t\t\t\t<\/div>\n\t\t\t<\/div>\n<\/div>\n","protected":false},"excerpt":{"rendered":"<p>Lic. Cristian Morales Labastida &#8211; Comisionado Estatal de B\u00fasqueda de Personas &nbsp; Funciones de los cargos de la Comisi\u00f3n Estatal de B\u00fasqueda de Personas<\/p>\n","protected":false},"author":1,"featured_media":0,"parent":69,"menu_order":0,"comment_status":"closed","ping_status":"closed","template":"","meta":{"footnotes":""},"class_list":["post-72","page","type-page","status-publish","hentry"],"publishpress_future_action":{"enabled":false,"date":"2026-05-24 07:03:31","action":"change-status","newStatus":"draft","terms":[],"taxonomy":""},"_links":{"self":[{"href":"https:\/\/www.tamaulipas.gob.mx\/secretariageneral\/wp-json\/wp\/v2\/pages\/72"}],"collection":[{"href":"https:\/\/www.tamaulipas.gob.mx\/secretariageneral\/wp-json\/wp\/v2\/pages"}],"about":[{"href":"https:\/\/www.tamaulipas.gob.mx\/secretariageneral\/wp-json\/wp\/v2\/types\/page"}],"author":[{"embeddable":true,"href":"https:\/\/www.tamaulipas.gob.mx\/secretariageneral\/wp-json\/wp\/v2\/users\/1"}],"replies":[{"embeddable":true,"href":"https:\/\/www.tamaulipas.gob.mx\/secretariageneral\/wp-json\/wp\/v2\/comments?post=72"}],"version-history":[{"count":8,"href":"https:\/\/www.tamaulipas.gob.mx\/secretariageneral\/wp-json\/wp\/v2\/pages\/72\/revisions"}],"predecessor-version":[{"id":654,"href":"https:\/\/www.tamaulipas.gob.mx\/secretariageneral\/wp-json\/wp\/v2\/pages\/72\/revisions\/654"}],"up":[{"embeddable":true,"href":"https:\/\/www.tamaulipas.gob.mx\/secretariageneral\/wp-json\/wp\/v2\/pages\/69"}],"wp:attachment":[{"href":"https:\/\/www.tamaulipas.gob.mx\/secretariageneral\/wp-json\/wp\/v2\/media?parent=72"}],"curies":[{"name":"wp","href":"https:\/\/api.w.org\/{rel}","templated":true}]}}