{"id":66,"date":"2023-01-11T11:33:48","date_gmt":"2023-01-11T17:33:48","guid":{"rendered":"https:\/\/www.tamaulipas.gob.mx\/secretariageneral\/?page_id=66"},"modified":"2025-06-26T18:25:02","modified_gmt":"2025-06-27T00:25:02","slug":"transporte-publico","status":"publish","type":"page","link":"https:\/\/www.tamaulipas.gob.mx\/secretariageneral\/subsecretarias\/transporte-publico\/","title":{"rendered":"Subsecretar\u00eda de Transporte P\u00fablico"},"content":{"rendered":"<img loading=\"lazy\" decoding=\"async\" class=\"alignleft wp-image-642 img-rounded  img-responsive\" src=\"https:\/\/www.tamaulipas.gob.mx\/secretariageneral\/wp-content\/uploads\/sites\/13\/2023\/01\/armando-nunez.jpg\" alt=\"\" width=\"995\" height=\"995\">\n<p style=\"text-align: left;\"><strong>Lic. Armando Nu\u00f1ez Montelongo &#8211; Subsecretario de Transporte P\u00fablico<\/strong><\/p>\n<p><strong>Introducci\u00f3n<\/strong><\/p>\n<p style=\"text-align: justify;\">La Subsecretar\u00eda de Transporte, tiene la tarea de garantizar la prestaci\u00f3n del Servicio P\u00fablico de Transporte de una manera regular, segura, permanente, continua, uniforme e ininterrumpida, que satisfaga las necesidades de la poblaci\u00f3n, garantizando la prestaci\u00f3n del servicio del transporte en las mejores condiciones en el Estado de Tamaulipas.<\/p>\n<p><strong>Misi\u00f3n<\/strong><\/p>\n<p style=\"text-align: justify;\">Dise\u00f1ar y administrar los proyectos, estrategias y acciones dirigidas a la modernizaci\u00f3n de los procesos del transporte en todas modalidades, conforme al marco legal y la pol\u00edtica p\u00fablica del Gobierno del Estado, con la finalidad de proporcionar seguridad y calidad en el servicio a los usuarios, concesionarios del transporte p\u00fablico y ciudadan\u00eda en general.<\/p>\n<p><strong>Visi\u00f3n<\/strong><\/p>\n<p style=\"text-align: justify;\">Ser una Dependencia de la Administraci\u00f3n P\u00fablica Estatal que desempe\u00f1e sus funciones con honestidad, legalidad y transparencia para satisfacer las necesidades y demandas de la poblaci\u00f3n usuaria en conjunto con los concesionarios del servicio, impulsando la mejora continua del sistema p\u00fablico de transporte en Tamaulipas.<\/p>\n<p><strong>Valores Institucionales<\/strong><\/p>\n<ol>\n<li>Honestidad<\/li>\n<li>Respeto<\/li>\n<li>Responsabilidad<\/li>\n<li>Compromiso<\/li>\n<li>\u00c9tica<\/li>\n<li>Trabajo en equipo<\/li>\n<li>Innovaci\u00f3n<\/li>\n<\/ol>\n<p><strong>Redes Sociales<\/strong><\/p>\n<p><a href=\"https:\/\/www.facebook.com\/profile.php?id=61565880705063\" target=\"_blank\" rel=\"noopener\"><img loading=\"lazy\" decoding=\"async\" class=\"alignleft wp-image-357\" src=\"https:\/\/www.tamaulipas.gob.mx\/secretariageneral\/wp-content\/uploads\/sites\/13\/2024\/07\/vecteezy_facebook-logo-png-facebook-icon-transparent-png_18930698-e1719951667182-150x150.png\" alt=\"\" width=\"53\" height=\"53\" \/><\/a><\/p>\n<p>&nbsp;<\/p>\n<p>&nbsp;<\/p>\n<p><strong>Directorio<\/strong><\/p>\n<blockquote><p><strong>Subsecretario<\/strong>: Lic. Armando Nu\u00f1ez Montelongo<br \/>\n<strong>Tel\u00e9fono<\/strong>:<br \/>\n<strong>Correo electr\u00f3nico<\/strong>:<\/p><\/blockquote>\n","protected":false},"excerpt":{"rendered":"<p>Lic. Armando Nu\u00f1ez Montelongo &#8211; Subsecretario de Transporte P\u00fablico Introducci\u00f3n La Subsecretar\u00eda de Transporte, tiene la tarea de garantizar la prestaci\u00f3n del Servicio P\u00fablico de\u2026<\/p>\n","protected":false},"author":1,"featured_media":0,"parent":43,"menu_order":0,"comment_status":"closed","ping_status":"closed","template":"","meta":{"footnotes":""},"class_list":["post-66","page","type-page","status-publish","hentry"],"publishpress_future_action":{"enabled":false,"date":"2026-05-24 07:03:42","action":"change-status","newStatus":"draft","terms":[],"taxonomy":""},"_links":{"self":[{"href":"https:\/\/www.tamaulipas.gob.mx\/secretariageneral\/wp-json\/wp\/v2\/pages\/66"}],"collection":[{"href":"https:\/\/www.tamaulipas.gob.mx\/secretariageneral\/wp-json\/wp\/v2\/pages"}],"about":[{"href":"https:\/\/www.tamaulipas.gob.mx\/secretariageneral\/wp-json\/wp\/v2\/types\/page"}],"author":[{"embeddable":true,"href":"https:\/\/www.tamaulipas.gob.mx\/secretariageneral\/wp-json\/wp\/v2\/users\/1"}],"replies":[{"embeddable":true,"href":"https:\/\/www.tamaulipas.gob.mx\/secretariageneral\/wp-json\/wp\/v2\/comments?post=66"}],"version-history":[{"count":16,"href":"https:\/\/www.tamaulipas.gob.mx\/secretariageneral\/wp-json\/wp\/v2\/pages\/66\/revisions"}],"predecessor-version":[{"id":645,"href":"https:\/\/www.tamaulipas.gob.mx\/secretariageneral\/wp-json\/wp\/v2\/pages\/66\/revisions\/645"}],"up":[{"embeddable":true,"href":"https:\/\/www.tamaulipas.gob.mx\/secretariageneral\/wp-json\/wp\/v2\/pages\/43"}],"wp:attachment":[{"href":"https:\/\/www.tamaulipas.gob.mx\/secretariageneral\/wp-json\/wp\/v2\/media?parent=66"}],"curies":[{"name":"wp","href":"https:\/\/api.w.org\/{rel}","templated":true}]}}