{"id":170,"date":"2023-02-20T13:29:20","date_gmt":"2023-02-20T19:29:20","guid":{"rendered":"https:\/\/www.tamaulipas.gob.mx\/secretariageneral\/?page_id=170"},"modified":"2024-07-05T16:58:21","modified_gmt":"2024-07-05T22:58:21","slug":"direccion-de-periodico-oficial","status":"publish","type":"page","link":"https:\/\/www.tamaulipas.gob.mx\/secretariageneral\/subsecretarias\/legalidad-servicios-gubernamentales\/coordinacion-general-de-legalidad\/direccion-de-periodico-oficial\/","title":{"rendered":"Direcci\u00f3n de Periodico Oficial"},"content":{"rendered":"<img loading=\"lazy\" decoding=\"async\" class=\"aligncenter size-full wp-image-415 img-rounded  img-responsive\" src=\"https:\/\/www.tamaulipas.gob.mx\/secretariageneral\/wp-content\/uploads\/sites\/13\/2024\/07\/img_5199.jpg\" alt=\"\" width=\"1200\" height=\"1200\">\n<p>El Peri\u00f3dico Oficial del Estado de Tamaulipas es el medio informativo oficial de car\u00e1cter permanente del Gobierno Constitucional del Estado Libre y Soberano de Tamaulipas, cuya funci\u00f3n es publicar y difundir las leyes, decretos, reglamentos, acuerdos, circulares, notificaciones, avisos y dem\u00e1s actos y resoluciones expedidos por los Poderes del Estado, en los respectivos \u00e1mbitos de su competencia; los Ayuntamientos y \u00f3rganos constitucionales aut\u00f3nomos en los asuntos que les corresponden, y los particulares en los casos que as\u00ed lo se\u00f1alen las leyes, a fin de que sean conocidos y observados debidamente.<\/p>\n<p><strong>Misi\u00f3n<\/strong><\/p>\n<p>Difundir las disposiciones normativas federales estatales y municipales, a fin de propiciar su cumplimiento, manteniendo vigente el estado de derecho de la Entidad.<\/p>\n<p><strong>Visi\u00f3n<\/strong><\/p>\n<p>Que la ciudadan\u00eda conozca las disposiciones que emite el Gobierno brindando certeza jur\u00eddica a sus habitantes al contar con las instituciones fuertes y confiables que son elementos esenciales que deben existir en toda sociedad para su desarrollo econ\u00f3mico, pol\u00edtico y social.<\/p>\n<p><strong>Servicios<\/strong><\/p>\n<ol style=\"list-style-type: lower-alpha;\">\n<li>Pago de derechos para la publicaci\u00f3n de documentos en el Peri\u00f3dico Oficial.- El ciudadano que requiera publicar avisos judiciales, edictos, convocatorias, requerimientos, autorizaciones y acuerdos de educaci\u00f3n y notariales, en el Peri\u00f3dico Oficial del Estado por orden de un juez o de autoridad competente, deber\u00e1 pagar los derechos de publicaci\u00f3n en el Peri\u00f3dico Oficial del Estado de acuerdo a la tarifa que marca la Ley de Hacienda del Estado.<\/li>\n<li>Venta de ejemplar del Peri\u00f3dico Oficial del Estado de Tamaulipas.- El ciudadano que requiera un ejemplar del Peri\u00f3dico Oficial del d\u00eda y atrasados, desde fecha de publicaci\u00f3n de 1 de diciembre de 2001 a la fecha actual, deber\u00e1 pagar los derechos por precio del Peri\u00f3dico Oficial de acuerdo a la tarifa que marca la Ley de Hacienda del Estado.<\/li>\n<li>Suscripci\u00f3n semestral del Peri\u00f3dico Oficial del Estado de Tamaulipas.- El ciudadano que requiera adquirir una suscripci\u00f3n semestral deber\u00e1 pagar los derechos de suscripci\u00f3n al Peri\u00f3dico Oficial de acuerdo a la tarifa que marca la Ley de Hacienda del Estado.<\/li>\n<li>Env\u00edo de ejemplares del Peri\u00f3dico Oficial del Estado de Tamaulipas a domicilio.- El ciudadano que requiera recibir un ejemplar a domicilio del Peri\u00f3dico Oficial del d\u00eda o atrasados, desde fecha de publicaci\u00f3n del 1 de noviembre de 2001 a la fecha actual, deber\u00e1 pagar los derechos de servicio a domicilio en el Peri\u00f3dico Oficial del Estado de acuerdo a la tarifa que marca la Ley de Hacienda del Estado.<\/li>\n<\/ol>\n<p><strong>Tr\u00e1mites y servicios<\/strong><\/p>\n<ul>\n<li><a href=\"https:\/\/tramites.tamaulipas.gob.mx\/ciudadano\/index.php?id=2970\" target=\"_blank\" rel=\"noopener\">Venta de ejemplar del peri\u00f3dico oficial del estado de tamaulipas.<\/a><\/li>\n<li><a href=\"https:\/\/tramites.tamaulipas.gob.mx\/ciudadano\/index.php?id=2973\" target=\"_blank\" rel=\"noopener\">Suscripci\u00f3n semestral del peri\u00f3dico oficial del estado de tamaulipas.<\/a><\/li>\n<li><a href=\"https:\/\/tramites.tamaulipas.gob.mx\/ciudadano\/index.php?id=2981\" target=\"_blank\" rel=\"noopener\">Env\u00edo de ejemplares del peri\u00f3dico oficial del estado de tamaulipas a domicilio.<\/a><\/li>\n<li><a href=\"https:\/\/tramites.tamaulipas.gob.mx\/ciudadano\/index.php?id=2983\" target=\"_blank\" rel=\"noopener\">Pago de derechos para la publicaci\u00f3n de documentos en el peri\u00f3dico oficial del estado de tamaulipas.<\/a><\/li>\n<\/ul>\n<p><strong>Directorio<\/strong><\/p>\n<blockquote><p><strong>Director del Peri\u00f3dico Oficial:<\/strong> Ing. Pedro Garza Segura.<\/p>\n<p><b>Correo: <\/b>pedro.garza@tamaulipas.gob.mx<\/p>\n<p><strong>Tel\u00e9fono:<\/strong> 8343188861 Ext. 40861<\/p><\/blockquote>\n","protected":false},"excerpt":{"rendered":"<p>El Peri\u00f3dico Oficial del Estado de Tamaulipas es el medio informativo oficial de car\u00e1cter permanente del Gobierno Constitucional del Estado Libre y Soberano de Tamaulipas,\u2026<\/p>\n","protected":false},"author":1,"featured_media":0,"parent":151,"menu_order":0,"comment_status":"closed","ping_status":"closed","template":"","meta":{"footnotes":""},"class_list":["post-170","page","type-page","status-publish","hentry"],"publishpress_future_action":{"enabled":false,"date":"2026-05-23 17:49:46","action":"change-status","newStatus":"draft","terms":[],"taxonomy":""},"_links":{"self":[{"href":"https:\/\/www.tamaulipas.gob.mx\/secretariageneral\/wp-json\/wp\/v2\/pages\/170"}],"collection":[{"href":"https:\/\/www.tamaulipas.gob.mx\/secretariageneral\/wp-json\/wp\/v2\/pages"}],"about":[{"href":"https:\/\/www.tamaulipas.gob.mx\/secretariageneral\/wp-json\/wp\/v2\/types\/page"}],"author":[{"embeddable":true,"href":"https:\/\/www.tamaulipas.gob.mx\/secretariageneral\/wp-json\/wp\/v2\/users\/1"}],"replies":[{"embeddable":true,"href":"https:\/\/www.tamaulipas.gob.mx\/secretariageneral\/wp-json\/wp\/v2\/comments?post=170"}],"version-history":[{"count":5,"href":"https:\/\/www.tamaulipas.gob.mx\/secretariageneral\/wp-json\/wp\/v2\/pages\/170\/revisions"}],"predecessor-version":[{"id":436,"href":"https:\/\/www.tamaulipas.gob.mx\/secretariageneral\/wp-json\/wp\/v2\/pages\/170\/revisions\/436"}],"up":[{"embeddable":true,"href":"https:\/\/www.tamaulipas.gob.mx\/secretariageneral\/wp-json\/wp\/v2\/pages\/151"}],"wp:attachment":[{"href":"https:\/\/www.tamaulipas.gob.mx\/secretariageneral\/wp-json\/wp\/v2\/media?parent=170"}],"curies":[{"name":"wp","href":"https:\/\/api.w.org\/{rel}","templated":true}]}}