{"id":164,"date":"2019-07-29T09:40:37","date_gmt":"2019-07-29T14:40:37","guid":{"rendered":"https:\/\/www.tamaulipas.gob.mx\/seat\/?page_id=164"},"modified":"2026-01-09T10:40:05","modified_gmt":"2026-01-09T16:40:05","slug":"organigrama","status":"publish","type":"page","link":"https:\/\/www.tamaulipas.gob.mx\/seat\/organigrama\/","title":{"rendered":"ORGANIGRAMA"},"content":{"rendered":"<h3><strong>\u00a0 \u00a0 Estatuto Org\u00e1nico de la Secretar\u00eda Ejecutiva <\/strong><strong>del<\/strong><\/h3>\n<div class=\"container\">\n<h3 style=\"text-align: left;\"><strong>\u00a0 Sistema Estatal Anticorrupci\u00f3n de Tamaulipas<\/strong><\/h3>\n<p>&nbsp;<\/p>\n<ul>\n<li><strong>1.0.1. Subdirecci\u00f3n Administrativa<\/strong>\n<ul>\n<li>1.0.1.1. Departamento de Recursos Humanos<\/li>\n<li>1.0.1.2. Departamento de Materiales y Servicios Generales<\/li>\n<li>1.0.1.3. Departamento de Contabilidad<\/li>\n<\/ul>\n<\/li>\n<li><strong>1.1. Unidad Ejecutiva de Pol\u00edtica P\u00fablica del Sistema Estatal Anticorrupci\u00f3n<\/strong>\n<ul>\n<li>1.1.0.1. Departamento de Pol\u00edticas P\u00fablicas<\/li>\n<\/ul>\n<\/li>\n<li><strong>1.2. Direcci\u00f3n de Riesgos e Inteligencia Anticorrupci\u00f3n<\/strong>\n<ul>\n<li>1.2.1. Subdirecci\u00f3n de Fomento a la Participaci\u00f3n Ciudadana\n<ul>\n<li>1.2.1.1. Departamento Jur\u00eddico y de Transparencia<\/li>\n<li>1.2.1.2. Departamento de Implementaci\u00f3n del Sistema de Fiscalizaci\u00f3n<\/li>\n<\/ul>\n<\/li>\n<\/ul>\n<\/li>\n<li><strong>1.3. Direcci\u00f3n de Fomento de la Integridad, Perspectiva de G\u00e9nero y Derechos Humanos<\/strong>\n<ul>\n<li>1.3.1. Coordinaci\u00f3n de Informaci\u00f3n Anticorrupci\u00f3n<\/li>\n<li>1.3.1.1. Departamento de Implementaci\u00f3n de la Pol\u00edtica Anticorrupci\u00f3n de Tamaulipas<\/li>\n<li>1.3.1.2. Departamento de Cultura de la Legalidad<\/li>\n<\/ul>\n<\/li>\n<\/ul>\n<p>&nbsp;<\/p>\n<\/div>\n<a href=\"\" class=\"btn btn-primary btn-lg btn-block mb20\" target=\"_blank\"> <i class=\"fa fa-external-link\"><\/i> Estatuto Org\u00e1nico <\/a>\n","protected":false},"excerpt":{"rendered":"<p>\u00a0 \u00a0 Estatuto Org\u00e1nico de la Secretar\u00eda Ejecutiva del \u00a0 Sistema Estatal Anticorrupci\u00f3n de Tamaulipas &nbsp; 1.0.1. Subdirecci\u00f3n Administrativa 1.0.1.1. Departamento de Recursos Humanos 1.0.1.2.\u2026<\/p>\n","protected":false},"author":38,"featured_media":0,"parent":0,"menu_order":0,"comment_status":"closed","ping_status":"closed","template":"","meta":{"footnotes":""},"class_list":["post-164","page","type-page","status-publish","hentry"],"publishpress_future_action":{"enabled":false,"date":"2026-04-22 09:34:03","action":"change-status","newStatus":"draft","terms":[],"taxonomy":""},"_links":{"self":[{"href":"https:\/\/www.tamaulipas.gob.mx\/seat\/wp-json\/wp\/v2\/pages\/164"}],"collection":[{"href":"https:\/\/www.tamaulipas.gob.mx\/seat\/wp-json\/wp\/v2\/pages"}],"about":[{"href":"https:\/\/www.tamaulipas.gob.mx\/seat\/wp-json\/wp\/v2\/types\/page"}],"author":[{"embeddable":true,"href":"https:\/\/www.tamaulipas.gob.mx\/seat\/wp-json\/wp\/v2\/users\/38"}],"replies":[{"embeddable":true,"href":"https:\/\/www.tamaulipas.gob.mx\/seat\/wp-json\/wp\/v2\/comments?post=164"}],"version-history":[{"count":6,"href":"https:\/\/www.tamaulipas.gob.mx\/seat\/wp-json\/wp\/v2\/pages\/164\/revisions"}],"predecessor-version":[{"id":1283,"href":"https:\/\/www.tamaulipas.gob.mx\/seat\/wp-json\/wp\/v2\/pages\/164\/revisions\/1283"}],"wp:attachment":[{"href":"https:\/\/www.tamaulipas.gob.mx\/seat\/wp-json\/wp\/v2\/media?parent=164"}],"curies":[{"name":"wp","href":"https:\/\/api.w.org\/{rel}","templated":true}]}}