{"id":94,"date":"2016-11-01T16:05:06","date_gmt":"2016-11-01T22:05:06","guid":{"rendered":"http:\/\/www.tamaulipas.gob.mx\/salud\/?page_id=94"},"modified":"2017-10-25T10:59:16","modified_gmt":"2017-10-25T15:59:16","slug":"vacunacion-universal","status":"publish","type":"page","link":"https:\/\/www.tamaulipas.gob.mx\/salud\/programas\/salud-de-infancia-y-adolescencia\/vacunacion-universal\/","title":{"rendered":"Vacunaci\u00f3n Universal"},"content":{"rendered":"<div class=\"panel-group\" id=\"custom-collapse-0\">\n<div class=\"panel panel-default\">\n\t\t\t\t<div class=\"panel-heading\">\n\t\t\t\t\t<h4 class=\"panel-title\">\n\t\t\t\t\t\t<a class=\"collapsed\" data-toggle=\"collapse\" data-parent=\"#custom-collapse-0\" href=\"#custom-collapse-0-0\">Antecedentes<\/a>\n\t\t\t\t\t<\/h4>\n\t\t\t\t<\/div>\n\t\t\t\t<div id=\"custom-collapse-0-0\" class=\"panel-collapse collapse\">\n\t\t\t\t\t<div class=\"panel-body\">\n<p>El 24 de enero de 1991 se instal\u00f3 en Tamaulipas, el Consejo Estatal de Vacunaci\u00f3n (COEVA), con la finalidad de promover la participaci\u00f3n activa de las instituciones del sector p\u00fablico, social y privado para fortalecer las acciones del programa.<\/p>\n<p>En 1993 se iniciaron las Semanas nacionales de salud, en las que adem\u00e1s de vacunaci\u00f3n se ofert\u00f3 un paquete de servicios de salud que incluyeron, la entrega de sobres \u201cVida suero oral\u201d, ministraci\u00f3n de megadosis de vitamina A y dosis \u00fanicas de antiparasitarios intestinales, adem\u00e1s se entreg\u00f3 informaci\u00f3n a los responsables de menores de 5 a\u00f1os de edad sobre la prevenci\u00f3n y tratamiento en el hogar de enfermedades diarreicas y se incorpor\u00f3 la vacuna antineumoc\u00f3cica polisac\u00e1rida de 23 serotipos en adultos mayores.<br \/>\n<\/div>\n\t\t\t\t<\/div>\n\t\t\t<\/div>\n<div class=\"panel panel-default\">\n\t\t\t\t<div class=\"panel-heading\">\n\t\t\t\t\t<h4 class=\"panel-title\">\n\t\t\t\t\t\t<a class=\"\" data-toggle=\"collapse\" data-parent=\"#custom-collapse-0\" href=\"#custom-collapse-0-1\">Misi\u00f3n y Visi\u00f3n<\/a>\n\t\t\t\t\t<\/h4>\n\t\t\t\t<\/div>\n\t\t\t\t<div id=\"custom-collapse-0-1\" class=\"panel-collapse in\">\n\t\t\t\t\t<div class=\"panel-body\">\n<p><strong>Misi\u00f3n<\/strong><\/p>\n<p>Proteger con inmun\u00f3genos a la poblaci\u00f3n del estado, con prioridad en los menores de 9 a\u00f1os, mediante la aplicaci\u00f3n de biol\u00f3gicos normados en el esquema b\u00e1sico de vacunaci\u00f3n del pa\u00eds, que permitan alcanzar coberturas comunitarias protectoras, con registro en cartillas nacionales de vacunaci\u00f3n de cada grupo de poblaci\u00f3n y en censos nominales en cada unidad m\u00e9dica que permita seguimiento. Crear conciencia en la poblaci\u00f3n de las ventajas y beneficios de la vacunaci\u00f3n y proveerlos de informaci\u00f3n para que participen activa y oportunamente en su autoprotecci\u00f3n.<\/p>\n<p><strong>Visi\u00f3n<\/strong><\/p>\n<p>Tener un Tamaulipas libre de enfermedades prevenibles por vacunaci\u00f3n, con la poliomielitis erradicada, el sarampi\u00f3n y difteria eliminadas, mantener en control y avanzar en la eliminaci\u00f3n del t\u00e9tanos, tosferina, rub\u00e9ola, rub\u00e9ola cong\u00e9nita, parotiditis, hepatitis B, enfermedades invasivas por Haemophilus influenzae del tipo b, influenza, neumon\u00eda neumoc\u00f3cicas, infecci\u00f3n por rotavirus, y disminuir la incidencia del c\u00e1ncer c\u00e9rvico uterino con la vacuna contra el virus del papiloma humano.<br \/>\n<\/div>\n\t\t\t\t<\/div>\n\t\t\t<\/div>\n<div class=\"panel panel-default\">\n\t\t\t\t<div class=\"panel-heading\">\n\t\t\t\t\t<h4 class=\"panel-title\">\n\t\t\t\t\t\t<a class=\"collapsed\" data-toggle=\"collapse\" data-parent=\"#custom-collapse-0\" href=\"#custom-collapse-0-2\">Misi\u00f3n y Visi\u00f3n<\/a>\n\t\t\t\t\t<\/h4>\n\t\t\t\t<\/div>\n\t\t\t\t<div id=\"custom-collapse-0-2\" class=\"panel-collapse collapse\">\n\t\t\t\t\t<div class=\"panel-body\">\n<p><strong>Misi\u00f3n<\/strong><\/p>\n<p>Proteger con inmun\u00f3genos a la poblaci\u00f3n del estado, con prioridad en los menores de 9 a\u00f1os, mediante la aplicaci\u00f3n de biol\u00f3gicos normados en el esquema b\u00e1sico de vacunaci\u00f3n del pa\u00eds, que permitan alcanzar coberturas comunitarias protectoras, con registro en cartillas nacionales de vacunaci\u00f3n de cada grupo de poblaci\u00f3n y en censos nominales en cada unidad m\u00e9dica que permita seguimiento. Crear conciencia en la poblaci\u00f3n de las ventajas y beneficios de la vacunaci\u00f3n y proveerlos de informaci\u00f3n para que participen activa y oportunamente en su autoprotecci\u00f3n.<\/p>\n<p><strong>Visi\u00f3n<\/strong><\/p>\n<p>Tener un Tamaulipas libre de enfermedades prevenibles por vacunaci\u00f3n, con la poliomielitis erradicada, el sarampi\u00f3n y difteria eliminadas, mantener en control y avanzar en la eliminaci\u00f3n del t\u00e9tanos, tosferina, rub\u00e9ola, rub\u00e9ola cong\u00e9nita, parotiditis, hepatitis B, enfermedades invasivas por Haemophilus influenzae del tipo b, influenza, neumon\u00eda neumoc\u00f3cicas, infecci\u00f3n por rotavirus, y disminuir la incidencia del c\u00e1ncer c\u00e9rvico uterino con la vacuna contra el virus del papiloma humano.<br \/>\n<\/div>\n\t\t\t\t<\/div>\n\t\t\t<\/div>\n<div class=\"panel panel-default\">\n\t\t\t\t<div class=\"panel-heading\">\n\t\t\t\t\t<h4 class=\"panel-title\">\n\t\t\t\t\t\t<a class=\"collapsed\" data-toggle=\"collapse\" data-parent=\"#custom-collapse-0\" href=\"#custom-collapse-0-3\">Actividades principales<\/a>\n\t\t\t\t\t<\/h4>\n\t\t\t\t<\/div>\n\t\t\t\t<div id=\"custom-collapse-0-3\" class=\"panel-collapse collapse\">\n\t\t\t\t\t<div class=\"panel-body\">\n<ul>\n<li><strong>Fase Permanente<\/strong> en la cual se aplican vacunas todos los d\u00edas del a\u00f1o.<\/li>\n<li><strong>Semanas Nacionales de Salud<\/strong> en las cuales se aplican vacunas de manera simult\u00e1nea, en corto plazo, mediante acciones intensivas y masivas para iniciar o completar el esquema de vacunaci\u00f3n, en toda la entidad. Se realizan tres Semanas Nacionales de Salud en el a\u00f1o. La primera en el mes de febrero, la segunda en el mes de mayo y la tercera en el mes de octubre.<\/li>\n<\/ul>\n<\/div>\n\t\t\t\t<\/div>\n\t\t\t<\/div>\n<div class=\"panel panel-default\">\n\t\t\t\t<div class=\"panel-heading\">\n\t\t\t\t\t<h4 class=\"panel-title\">\n\t\t\t\t\t\t<a class=\"collapsed\" data-toggle=\"collapse\" data-parent=\"#custom-collapse-0\" href=\"#custom-collapse-0-4\">Sitios a donde puede acudir a solicitar aplicaci\u00f3n de vacunas<\/a>\n\t\t\t\t\t<\/h4>\n\t\t\t\t<\/div>\n\t\t\t\t<div id=\"custom-collapse-0-4\" class=\"panel-collapse collapse\">\n\t\t\t\t\t<div class=\"panel-body\">\n<p>A su Unidad de Salud m\u00e1s cercana, de cada una de las siguientes<\/p>\n<p><strong>JURISDICCIONES SANITARIAS:<\/strong><\/p>\n<div class=\"table-responsive\"><table class=\" table table-gobtam\"><thead><tr><td><strong>Jurisdicci&#xF3;n<\/strong><\/td>\n<td><strong>Direcci&#xF3;n<\/strong><\/td>\n<\/tr><\/thead><tbody><tr><td>Jurisdicci&#xF3;n I &#x2013; Victoria<\/td>\n<td>Centro Educativo &#x201C;Adolfo L&#xF3;pez Mateos&#x201D;<\/td>\n<\/tr><tr><td>Jurisdicci&#xF3;n II &#x2013; Tampico<\/td>\n<td>Belisario Dom&#xED;nguez N&#xFA;m. 600 Pte. Col. Del pueblo, Tampico, Tam.<\/td>\n<\/tr><tr><td>Jurisdicci&#xF3;n III &#x2013; Matamoros<\/td>\n<td>Calle Sexta y Quer&#xE9;taro S\/N Col. Euskadi; Matamoros, Tam.<\/td>\n<\/tr><tr><td>Jurisdicci&#xF3;n VI &#x2013; Reynosa<\/td>\n<td>Blvd. Morelos y Toluca, Col. Rodr&#xED;guez; Reynosa, Tam.<\/td>\n<\/tr><tr><td>Jurisdicci&#xF3;n V &#x2013; Nuevo Laredo<\/td>\n<td>Calle Victoria N&#xFA;m. 4501 Col. Hidalgo; Nuevo Laredo, Tam.<\/td>\n<\/tr><tr><td>Jurisdicci&#xF3;n VI &#x2013; Mante<\/td>\n<td>Calle Rio Mante N&#xFA;m. 300 Ote.<\/td>\n<\/tr><tr><td>Jurisdicci&#xF3;n VII &#x2013; San Fernando<\/td>\n<td>Calle Porfirio D&#xED;az y Crist&#xF3;bal Colon S\/N Col. Loma Alta; San Fernando, Tam.<\/td>\n<\/tr><tr><td>Jurisdicci&#xF3;n VIII &#x2013; Jaumave<\/td>\n<td>Calle Obreg&#xF3;n N&#xFA;m. 450; Jaumave, Tam.<\/td>\n<\/tr><tr><td>Jurisdicci&#xF3;n IX &#x2013; Miguel Alem&#xE1;n<\/td>\n<td><\/td>\n<\/tr><tr><td>Jurisdicci&#xF3;n X &#x2013; Valle Hermoso<\/td>\n<td><\/td>\n<\/tr><tr><td>Jurisdicci&#xF3;n XI &#x2013; &#xA0;Padilla<\/td>\n<td>Rio Panuco S\/N Col. Vicente Guerrero; Padilla, Tam.<\/td>\n<\/tr><tr><td>Jurisdicci&#xF3;n XII &#x2013; Altamira<\/td>\n<td>Iturbide y Guerrero S\/N Zona Centro; Altamira, Tam.<\/td>\n<\/tr><\/tbody><\/table><\/div>\n<\/div>\n\t\t\t\t<\/div>\n\t\t\t<\/div>\n<div class=\"panel panel-default\">\n\t\t\t\t<div class=\"panel-heading\">\n\t\t\t\t\t<h4 class=\"panel-title\">\n\t\t\t\t\t\t<a class=\"collapsed\" data-toggle=\"collapse\" data-parent=\"#custom-collapse-0\" href=\"#custom-collapse-0-5\">Requisitos<\/a>\n\t\t\t\t\t<\/h4>\n\t\t\t\t<\/div>\n\t\t\t\t<div id=\"custom-collapse-0-5\" class=\"panel-collapse collapse\">\n\t\t\t\t\t<div class=\"panel-body\">\n<p>Acudir a la unidad de salud presentando su Cartilla Nacional de Salud.<br \/>\n<\/div>\n\t\t\t\t<\/div>\n\t\t\t<\/div>\n<\/div>\n<p>&nbsp;<\/p>\n<h3><\/h3>\n","protected":false},"excerpt":{"rendered":"<p>&nbsp;<\/p>\n","protected":false},"author":19,"featured_media":0,"parent":58,"menu_order":0,"comment_status":"closed","ping_status":"closed","template":"","meta":{"footnotes":""},"class_list":["post-94","page","type-page","status-publish","hentry"],"yoast_head":"<!-- This site is optimized with the Yoast SEO plugin v24.8.1 - https:\/\/yoast.com\/wordpress\/plugins\/seo\/ -->\n<title>Vacunaci\u00f3n Universal - Secretar\u00eda de Salud<\/title>\n<meta name=\"robots\" content=\"index, follow, max-snippet:-1, max-image-preview:large, max-video-preview:-1\" \/>\n<link rel=\"canonical\" href=\"https:\/\/www.tamaulipas.gob.mx\/salud\/programas\/salud-de-infancia-y-adolescencia\/vacunacion-universal\/\" \/>\n<meta property=\"og:locale\" content=\"es_ES\" \/>\n<meta property=\"og:type\" content=\"article\" \/>\n<meta property=\"og:title\" content=\"Vacunaci\u00f3n Universal - Secretar\u00eda de Salud\" \/>\n<meta property=\"og:description\" content=\"&nbsp;\" \/>\n<meta property=\"og:url\" content=\"https:\/\/www.tamaulipas.gob.mx\/salud\/programas\/salud-de-infancia-y-adolescencia\/vacunacion-universal\/\" \/>\n<meta property=\"og:site_name\" content=\"Secretar\u00eda de Salud\" \/>\n<meta property=\"article:publisher\" content=\"https:\/\/www.facebook.com\/SaludTamaulipas\" \/>\n<meta property=\"article:modified_time\" content=\"2017-10-25T15:59:16+00:00\" \/>\n<meta property=\"og:image\" content=\"https:\/\/www.tamaulipas.gob.mx\/salud\/wp-content\/uploads\/sites\/4\/2022\/10\/logotamaulipas2022.png\" \/>\n\t<meta property=\"og:image:width\" content=\"1200\" \/>\n\t<meta property=\"og:image:height\" content=\"388\" \/>\n\t<meta property=\"og:image:type\" content=\"image\/png\" \/>\n<meta name=\"twitter:card\" content=\"summary_large_image\" \/>\n<meta name=\"twitter:label1\" content=\"Tiempo de lectura\" \/>\n\t<meta name=\"twitter:data1\" content=\"4 minutos\" \/>\n<script type=\"application\/ld+json\" class=\"yoast-schema-graph\">{\"@context\":\"https:\/\/schema.org\",\"@graph\":[{\"@type\":\"WebPage\",\"@id\":\"https:\/\/www.tamaulipas.gob.mx\/salud\/programas\/salud-de-infancia-y-adolescencia\/vacunacion-universal\/\",\"url\":\"https:\/\/www.tamaulipas.gob.mx\/salud\/programas\/salud-de-infancia-y-adolescencia\/vacunacion-universal\/\",\"name\":\"Vacunaci\u00f3n Universal - Secretar\u00eda de Salud\",\"isPartOf\":{\"@id\":\"https:\/\/www.tamaulipas.gob.mx\/salud\/#website\"},\"datePublished\":\"2016-11-01T22:05:06+00:00\",\"dateModified\":\"2017-10-25T15:59:16+00:00\",\"breadcrumb\":{\"@id\":\"https:\/\/www.tamaulipas.gob.mx\/salud\/programas\/salud-de-infancia-y-adolescencia\/vacunacion-universal\/#breadcrumb\"},\"inLanguage\":\"es\",\"potentialAction\":[{\"@type\":\"ReadAction\",\"target\":[\"https:\/\/www.tamaulipas.gob.mx\/salud\/programas\/salud-de-infancia-y-adolescencia\/vacunacion-universal\/\"]}]},{\"@type\":\"BreadcrumbList\",\"@id\":\"https:\/\/www.tamaulipas.gob.mx\/salud\/programas\/salud-de-infancia-y-adolescencia\/vacunacion-universal\/#breadcrumb\",\"itemListElement\":[{\"@type\":\"ListItem\",\"position\":1,\"name\":\"Portada\",\"item\":\"https:\/\/www.tamaulipas.gob.mx\/salud\/\"},{\"@type\":\"ListItem\",\"position\":2,\"name\":\"Programas\",\"item\":\"https:\/\/www.tamaulipas.gob.mx\/salud\/programas\/\"},{\"@type\":\"ListItem\",\"position\":3,\"name\":\"Salud de Infancia y Adolescencia\",\"item\":\"https:\/\/www.tamaulipas.gob.mx\/salud\/programas\/salud-de-infancia-y-adolescencia\/\"},{\"@type\":\"ListItem\",\"position\":4,\"name\":\"Vacunaci\u00f3n Universal\"}]},{\"@type\":\"WebSite\",\"@id\":\"https:\/\/www.tamaulipas.gob.mx\/salud\/#website\",\"url\":\"https:\/\/www.tamaulipas.gob.mx\/salud\/\",\"name\":\"Secretar\u00eda de Salud\",\"description\":\"Gobierno del Estado de Tamaulipas\",\"publisher\":{\"@id\":\"https:\/\/www.tamaulipas.gob.mx\/salud\/#organization\"},\"potentialAction\":[{\"@type\":\"SearchAction\",\"target\":{\"@type\":\"EntryPoint\",\"urlTemplate\":\"https:\/\/www.tamaulipas.gob.mx\/salud\/?s={search_term_string}\"},\"query-input\":{\"@type\":\"PropertyValueSpecification\",\"valueRequired\":true,\"valueName\":\"search_term_string\"}}],\"inLanguage\":\"es\"},{\"@type\":\"Organization\",\"@id\":\"https:\/\/www.tamaulipas.gob.mx\/salud\/#organization\",\"name\":\"Secretar\u00eda de Salud de Tamaulipas\",\"url\":\"https:\/\/www.tamaulipas.gob.mx\/salud\/\",\"logo\":{\"@type\":\"ImageObject\",\"inLanguage\":\"es\",\"@id\":\"https:\/\/www.tamaulipas.gob.mx\/salud\/#\/schema\/logo\/image\/\",\"url\":\"https:\/\/www.tamaulipas.gob.mx\/salud\/wp-content\/uploads\/sites\/4\/2022\/10\/logotamaulipas2022.png\",\"contentUrl\":\"https:\/\/www.tamaulipas.gob.mx\/salud\/wp-content\/uploads\/sites\/4\/2022\/10\/logotamaulipas2022.png\",\"width\":1200,\"height\":388,\"caption\":\"Secretar\u00eda de Salud de Tamaulipas\"},\"image\":{\"@id\":\"https:\/\/www.tamaulipas.gob.mx\/salud\/#\/schema\/logo\/image\/\"},\"sameAs\":[\"https:\/\/www.facebook.com\/SaludTamaulipas\"]}]}<\/script>\n<!-- \/ Yoast SEO plugin. -->","yoast_head_json":{"title":"Vacunaci\u00f3n Universal - Secretar\u00eda de Salud","robots":{"index":"index","follow":"follow","max-snippet":"max-snippet:-1","max-image-preview":"max-image-preview:large","max-video-preview":"max-video-preview:-1"},"canonical":"https:\/\/www.tamaulipas.gob.mx\/salud\/programas\/salud-de-infancia-y-adolescencia\/vacunacion-universal\/","og_locale":"es_ES","og_type":"article","og_title":"Vacunaci\u00f3n Universal - Secretar\u00eda de Salud","og_description":"&nbsp;","og_url":"https:\/\/www.tamaulipas.gob.mx\/salud\/programas\/salud-de-infancia-y-adolescencia\/vacunacion-universal\/","og_site_name":"Secretar\u00eda de Salud","article_publisher":"https:\/\/www.facebook.com\/SaludTamaulipas","article_modified_time":"2017-10-25T15:59:16+00:00","og_image":[{"width":1200,"height":388,"url":"https:\/\/www.tamaulipas.gob.mx\/salud\/wp-content\/uploads\/sites\/4\/2022\/10\/logotamaulipas2022.png","type":"image\/png"}],"twitter_card":"summary_large_image","twitter_misc":{"Tiempo de lectura":"4 minutos"},"schema":{"@context":"https:\/\/schema.org","@graph":[{"@type":"WebPage","@id":"https:\/\/www.tamaulipas.gob.mx\/salud\/programas\/salud-de-infancia-y-adolescencia\/vacunacion-universal\/","url":"https:\/\/www.tamaulipas.gob.mx\/salud\/programas\/salud-de-infancia-y-adolescencia\/vacunacion-universal\/","name":"Vacunaci\u00f3n Universal - Secretar\u00eda de Salud","isPartOf":{"@id":"https:\/\/www.tamaulipas.gob.mx\/salud\/#website"},"datePublished":"2016-11-01T22:05:06+00:00","dateModified":"2017-10-25T15:59:16+00:00","breadcrumb":{"@id":"https:\/\/www.tamaulipas.gob.mx\/salud\/programas\/salud-de-infancia-y-adolescencia\/vacunacion-universal\/#breadcrumb"},"inLanguage":"es","potentialAction":[{"@type":"ReadAction","target":["https:\/\/www.tamaulipas.gob.mx\/salud\/programas\/salud-de-infancia-y-adolescencia\/vacunacion-universal\/"]}]},{"@type":"BreadcrumbList","@id":"https:\/\/www.tamaulipas.gob.mx\/salud\/programas\/salud-de-infancia-y-adolescencia\/vacunacion-universal\/#breadcrumb","itemListElement":[{"@type":"ListItem","position":1,"name":"Portada","item":"https:\/\/www.tamaulipas.gob.mx\/salud\/"},{"@type":"ListItem","position":2,"name":"Programas","item":"https:\/\/www.tamaulipas.gob.mx\/salud\/programas\/"},{"@type":"ListItem","position":3,"name":"Salud de Infancia y Adolescencia","item":"https:\/\/www.tamaulipas.gob.mx\/salud\/programas\/salud-de-infancia-y-adolescencia\/"},{"@type":"ListItem","position":4,"name":"Vacunaci\u00f3n Universal"}]},{"@type":"WebSite","@id":"https:\/\/www.tamaulipas.gob.mx\/salud\/#website","url":"https:\/\/www.tamaulipas.gob.mx\/salud\/","name":"Secretar\u00eda de Salud","description":"Gobierno del Estado de Tamaulipas","publisher":{"@id":"https:\/\/www.tamaulipas.gob.mx\/salud\/#organization"},"potentialAction":[{"@type":"SearchAction","target":{"@type":"EntryPoint","urlTemplate":"https:\/\/www.tamaulipas.gob.mx\/salud\/?s={search_term_string}"},"query-input":{"@type":"PropertyValueSpecification","valueRequired":true,"valueName":"search_term_string"}}],"inLanguage":"es"},{"@type":"Organization","@id":"https:\/\/www.tamaulipas.gob.mx\/salud\/#organization","name":"Secretar\u00eda de Salud de Tamaulipas","url":"https:\/\/www.tamaulipas.gob.mx\/salud\/","logo":{"@type":"ImageObject","inLanguage":"es","@id":"https:\/\/www.tamaulipas.gob.mx\/salud\/#\/schema\/logo\/image\/","url":"https:\/\/www.tamaulipas.gob.mx\/salud\/wp-content\/uploads\/sites\/4\/2022\/10\/logotamaulipas2022.png","contentUrl":"https:\/\/www.tamaulipas.gob.mx\/salud\/wp-content\/uploads\/sites\/4\/2022\/10\/logotamaulipas2022.png","width":1200,"height":388,"caption":"Secretar\u00eda de Salud de Tamaulipas"},"image":{"@id":"https:\/\/www.tamaulipas.gob.mx\/salud\/#\/schema\/logo\/image\/"},"sameAs":["https:\/\/www.facebook.com\/SaludTamaulipas"]}]}},"publishpress_future_action":{"enabled":false,"date":"2026-05-06 07:17:36","action":"change-status","newStatus":"draft","terms":[],"taxonomy":""},"_links":{"self":[{"href":"https:\/\/www.tamaulipas.gob.mx\/salud\/wp-json\/wp\/v2\/pages\/94"}],"collection":[{"href":"https:\/\/www.tamaulipas.gob.mx\/salud\/wp-json\/wp\/v2\/pages"}],"about":[{"href":"https:\/\/www.tamaulipas.gob.mx\/salud\/wp-json\/wp\/v2\/types\/page"}],"author":[{"embeddable":true,"href":"https:\/\/www.tamaulipas.gob.mx\/salud\/wp-json\/wp\/v2\/users\/19"}],"replies":[{"embeddable":true,"href":"https:\/\/www.tamaulipas.gob.mx\/salud\/wp-json\/wp\/v2\/comments?post=94"}],"version-history":[{"count":14,"href":"https:\/\/www.tamaulipas.gob.mx\/salud\/wp-json\/wp\/v2\/pages\/94\/revisions"}],"predecessor-version":[{"id":2516,"href":"https:\/\/www.tamaulipas.gob.mx\/salud\/wp-json\/wp\/v2\/pages\/94\/revisions\/2516"}],"up":[{"embeddable":true,"href":"https:\/\/www.tamaulipas.gob.mx\/salud\/wp-json\/wp\/v2\/pages\/58"}],"wp:attachment":[{"href":"https:\/\/www.tamaulipas.gob.mx\/salud\/wp-json\/wp\/v2\/media?parent=94"}],"curies":[{"name":"wp","href":"https:\/\/api.w.org\/{rel}","templated":true}]}}