{"id":92,"date":"2016-11-01T16:04:16","date_gmt":"2016-11-01T22:04:16","guid":{"rendered":"http:\/\/www.tamaulipas.gob.mx\/salud\/?page_id=92"},"modified":"2017-10-25T11:11:03","modified_gmt":"2017-10-25T16:11:03","slug":"tos-y-catarro","status":"publish","type":"page","link":"https:\/\/www.tamaulipas.gob.mx\/salud\/programas\/salud-de-infancia-y-adolescencia\/salud-integral-del-nino\/tos-y-catarro\/","title":{"rendered":"Tos y Catarro"},"content":{"rendered":"<p>Los ni\u00f1os peque\u00f1os con frecuencia se enferman de tos y catarro. Por lo general estas enfermedades se curan solo con tu atenci\u00f3n:<\/p>\n<ul>\n<li>L\u00edmpiale la nariz frecuentemente.<\/li>\n<li>Dale muchos l\u00edquidos, contin\u00faa con leche materna y c\u00fabrelo si hace fr\u00edo.<\/li>\n<\/ul>\n<p>&nbsp;<\/p>\n<p>Aunque debes estar Atenta(o) a:<br \/>\n<strong>Se\u00f1ales de alarma<\/strong><\/p>\n<ul>\n<li>Si respira m\u00e1s r\u00e1pido.<\/li>\n<li>Si sus labios \u00f3 u\u00f1as est\u00e1n morados. Si no quiere comer ni beber.<\/li>\n<li>Si llora mucho.<\/li>\n<li>Si convulsiona.<\/li>\n<li>Si es menor de 4 meses y tiene tos y fiebre \u00f3 si no quiere comer.<\/li>\n<\/ul>\n<p style=\"text-align: center\"><strong>\u00a1\u00a1URGENTE!!<\/strong><br \/>\n<strong> Ll\u00e9valo a la cl\u00ednica m\u00e1s cercana a tu domicilio.<\/strong><\/p>\n<p>&nbsp;<\/p>\n<p><strong>\u00bfSabes qu\u00e9 es la Neumon\u00eda o Pulmon\u00eda?<\/strong><br \/>\nEs una complicaci\u00f3n de una Infecci\u00f3n Respiratoria Aguda que significa que el ni\u00f1o est\u00e1 m\u00e1s grave.<\/p>\n<p>Debes vigilar al ni\u00f1o si presenta se\u00f1ales de alarma y acudir al hospital \u00f3 cl\u00ednica m\u00e1s cercana a tu hogar, tu ni\u00f1o(a) est\u00e1 en riesgo de morir, pero una atenci\u00f3n oportuna evitar\u00e1 lamentar esto. No te esperes a la primera se\u00f1al, acude a consulta.<\/p>\n<p>&nbsp;<\/p>\n<p><strong>Recomendaciones<\/strong><\/p>\n<ul>\n<li>No expongas a tu hijo a cambios bruscos de temperatura.<\/li>\n<li>Si lo ba\u00f1as no lo expongas a corrientes de aire.<\/li>\n<li>Acude al Centro de Salud para que lo vacune y complete su esquema b\u00e1sico al a\u00f1o de edad, acude por refuerzos durante las Semanas Nacionales de Salud.<\/li>\n<li>El personal de salud deber\u00e1 pesar y medir a tu hijo, de tener peso bajo lo registrar\u00e1n en un programa, que le recuperar\u00e1 al peso normal.<\/li>\n<\/ul>\n<p>Y RECUERDA TODA LA ATENCI\u00d3N A TU HIJO MENOR DE CINCO A\u00d1OS <strong>ES GRATUITA.<\/strong><\/p>\n","protected":false},"excerpt":{"rendered":"<p>Los ni\u00f1os peque\u00f1os con frecuencia se enferman de tos y catarro. Por lo general estas enfermedades se curan solo con tu atenci\u00f3n: L\u00edmpiale la nariz\u2026<\/p>\n","protected":false},"author":19,"featured_media":0,"parent":77,"menu_order":0,"comment_status":"closed","ping_status":"closed","template":"","meta":{"footnotes":""},"class_list":["post-92","page","type-page","status-publish","hentry"],"yoast_head":"<!-- This site is optimized with the Yoast SEO plugin v24.8.1 - https:\/\/yoast.com\/wordpress\/plugins\/seo\/ -->\n<title>Tos y Catarro - Secretar\u00eda de Salud<\/title>\n<meta name=\"robots\" content=\"index, follow, max-snippet:-1, max-image-preview:large, max-video-preview:-1\" \/>\n<link rel=\"canonical\" href=\"https:\/\/www.tamaulipas.gob.mx\/salud\/programas\/salud-de-infancia-y-adolescencia\/salud-integral-del-nino\/tos-y-catarro\/\" \/>\n<meta property=\"og:locale\" content=\"es_ES\" \/>\n<meta property=\"og:type\" content=\"article\" \/>\n<meta property=\"og:title\" content=\"Tos y Catarro - Secretar\u00eda de Salud\" \/>\n<meta property=\"og:description\" content=\"Los ni\u00f1os peque\u00f1os con frecuencia se enferman de tos y catarro. Por lo general estas enfermedades se curan solo con tu atenci\u00f3n: L\u00edmpiale la nariz\u2026\" \/>\n<meta property=\"og:url\" content=\"https:\/\/www.tamaulipas.gob.mx\/salud\/programas\/salud-de-infancia-y-adolescencia\/salud-integral-del-nino\/tos-y-catarro\/\" \/>\n<meta property=\"og:site_name\" content=\"Secretar\u00eda de Salud\" \/>\n<meta property=\"article:publisher\" content=\"https:\/\/www.facebook.com\/SaludTamaulipas\" \/>\n<meta property=\"article:modified_time\" content=\"2017-10-25T16:11:03+00:00\" \/>\n<meta property=\"og:image\" content=\"https:\/\/www.tamaulipas.gob.mx\/salud\/wp-content\/uploads\/sites\/4\/2022\/10\/logotamaulipas2022.png\" \/>\n\t<meta property=\"og:image:width\" content=\"1200\" \/>\n\t<meta property=\"og:image:height\" content=\"388\" \/>\n\t<meta property=\"og:image:type\" content=\"image\/png\" \/>\n<meta name=\"twitter:card\" content=\"summary_large_image\" \/>\n<meta name=\"twitter:label1\" content=\"Tiempo de lectura\" \/>\n\t<meta name=\"twitter:data1\" content=\"1 minuto\" \/>\n<script type=\"application\/ld+json\" class=\"yoast-schema-graph\">{\"@context\":\"https:\/\/schema.org\",\"@graph\":[{\"@type\":\"WebPage\",\"@id\":\"https:\/\/www.tamaulipas.gob.mx\/salud\/programas\/salud-de-infancia-y-adolescencia\/salud-integral-del-nino\/tos-y-catarro\/\",\"url\":\"https:\/\/www.tamaulipas.gob.mx\/salud\/programas\/salud-de-infancia-y-adolescencia\/salud-integral-del-nino\/tos-y-catarro\/\",\"name\":\"Tos y Catarro - Secretar\u00eda de Salud\",\"isPartOf\":{\"@id\":\"https:\/\/www.tamaulipas.gob.mx\/salud\/#website\"},\"datePublished\":\"2016-11-01T22:04:16+00:00\",\"dateModified\":\"2017-10-25T16:11:03+00:00\",\"breadcrumb\":{\"@id\":\"https:\/\/www.tamaulipas.gob.mx\/salud\/programas\/salud-de-infancia-y-adolescencia\/salud-integral-del-nino\/tos-y-catarro\/#breadcrumb\"},\"inLanguage\":\"es\",\"potentialAction\":[{\"@type\":\"ReadAction\",\"target\":[\"https:\/\/www.tamaulipas.gob.mx\/salud\/programas\/salud-de-infancia-y-adolescencia\/salud-integral-del-nino\/tos-y-catarro\/\"]}]},{\"@type\":\"BreadcrumbList\",\"@id\":\"https:\/\/www.tamaulipas.gob.mx\/salud\/programas\/salud-de-infancia-y-adolescencia\/salud-integral-del-nino\/tos-y-catarro\/#breadcrumb\",\"itemListElement\":[{\"@type\":\"ListItem\",\"position\":1,\"name\":\"Portada\",\"item\":\"https:\/\/www.tamaulipas.gob.mx\/salud\/\"},{\"@type\":\"ListItem\",\"position\":2,\"name\":\"Programas\",\"item\":\"https:\/\/www.tamaulipas.gob.mx\/salud\/programas\/\"},{\"@type\":\"ListItem\",\"position\":3,\"name\":\"Salud de Infancia y Adolescencia\",\"item\":\"https:\/\/www.tamaulipas.gob.mx\/salud\/programas\/salud-de-infancia-y-adolescencia\/\"},{\"@type\":\"ListItem\",\"position\":4,\"name\":\"Salud Integral del Ni\u00f1o\",\"item\":\"https:\/\/www.tamaulipas.gob.mx\/salud\/programas\/salud-de-infancia-y-adolescencia\/salud-integral-del-nino\/\"},{\"@type\":\"ListItem\",\"position\":5,\"name\":\"Tos y Catarro\"}]},{\"@type\":\"WebSite\",\"@id\":\"https:\/\/www.tamaulipas.gob.mx\/salud\/#website\",\"url\":\"https:\/\/www.tamaulipas.gob.mx\/salud\/\",\"name\":\"Secretar\u00eda de Salud\",\"description\":\"Gobierno del Estado de Tamaulipas\",\"publisher\":{\"@id\":\"https:\/\/www.tamaulipas.gob.mx\/salud\/#organization\"},\"potentialAction\":[{\"@type\":\"SearchAction\",\"target\":{\"@type\":\"EntryPoint\",\"urlTemplate\":\"https:\/\/www.tamaulipas.gob.mx\/salud\/?s={search_term_string}\"},\"query-input\":{\"@type\":\"PropertyValueSpecification\",\"valueRequired\":true,\"valueName\":\"search_term_string\"}}],\"inLanguage\":\"es\"},{\"@type\":\"Organization\",\"@id\":\"https:\/\/www.tamaulipas.gob.mx\/salud\/#organization\",\"name\":\"Secretar\u00eda de Salud de Tamaulipas\",\"url\":\"https:\/\/www.tamaulipas.gob.mx\/salud\/\",\"logo\":{\"@type\":\"ImageObject\",\"inLanguage\":\"es\",\"@id\":\"https:\/\/www.tamaulipas.gob.mx\/salud\/#\/schema\/logo\/image\/\",\"url\":\"https:\/\/www.tamaulipas.gob.mx\/salud\/wp-content\/uploads\/sites\/4\/2022\/10\/logotamaulipas2022.png\",\"contentUrl\":\"https:\/\/www.tamaulipas.gob.mx\/salud\/wp-content\/uploads\/sites\/4\/2022\/10\/logotamaulipas2022.png\",\"width\":1200,\"height\":388,\"caption\":\"Secretar\u00eda de Salud de Tamaulipas\"},\"image\":{\"@id\":\"https:\/\/www.tamaulipas.gob.mx\/salud\/#\/schema\/logo\/image\/\"},\"sameAs\":[\"https:\/\/www.facebook.com\/SaludTamaulipas\"]}]}<\/script>\n<!-- \/ Yoast SEO plugin. -->","yoast_head_json":{"title":"Tos y Catarro - Secretar\u00eda de Salud","robots":{"index":"index","follow":"follow","max-snippet":"max-snippet:-1","max-image-preview":"max-image-preview:large","max-video-preview":"max-video-preview:-1"},"canonical":"https:\/\/www.tamaulipas.gob.mx\/salud\/programas\/salud-de-infancia-y-adolescencia\/salud-integral-del-nino\/tos-y-catarro\/","og_locale":"es_ES","og_type":"article","og_title":"Tos y Catarro - Secretar\u00eda de Salud","og_description":"Los ni\u00f1os peque\u00f1os con frecuencia se enferman de tos y catarro. Por lo general estas enfermedades se curan solo con tu atenci\u00f3n: L\u00edmpiale la nariz\u2026","og_url":"https:\/\/www.tamaulipas.gob.mx\/salud\/programas\/salud-de-infancia-y-adolescencia\/salud-integral-del-nino\/tos-y-catarro\/","og_site_name":"Secretar\u00eda de Salud","article_publisher":"https:\/\/www.facebook.com\/SaludTamaulipas","article_modified_time":"2017-10-25T16:11:03+00:00","og_image":[{"width":1200,"height":388,"url":"https:\/\/www.tamaulipas.gob.mx\/salud\/wp-content\/uploads\/sites\/4\/2022\/10\/logotamaulipas2022.png","type":"image\/png"}],"twitter_card":"summary_large_image","twitter_misc":{"Tiempo de lectura":"1 minuto"},"schema":{"@context":"https:\/\/schema.org","@graph":[{"@type":"WebPage","@id":"https:\/\/www.tamaulipas.gob.mx\/salud\/programas\/salud-de-infancia-y-adolescencia\/salud-integral-del-nino\/tos-y-catarro\/","url":"https:\/\/www.tamaulipas.gob.mx\/salud\/programas\/salud-de-infancia-y-adolescencia\/salud-integral-del-nino\/tos-y-catarro\/","name":"Tos y Catarro - Secretar\u00eda de Salud","isPartOf":{"@id":"https:\/\/www.tamaulipas.gob.mx\/salud\/#website"},"datePublished":"2016-11-01T22:04:16+00:00","dateModified":"2017-10-25T16:11:03+00:00","breadcrumb":{"@id":"https:\/\/www.tamaulipas.gob.mx\/salud\/programas\/salud-de-infancia-y-adolescencia\/salud-integral-del-nino\/tos-y-catarro\/#breadcrumb"},"inLanguage":"es","potentialAction":[{"@type":"ReadAction","target":["https:\/\/www.tamaulipas.gob.mx\/salud\/programas\/salud-de-infancia-y-adolescencia\/salud-integral-del-nino\/tos-y-catarro\/"]}]},{"@type":"BreadcrumbList","@id":"https:\/\/www.tamaulipas.gob.mx\/salud\/programas\/salud-de-infancia-y-adolescencia\/salud-integral-del-nino\/tos-y-catarro\/#breadcrumb","itemListElement":[{"@type":"ListItem","position":1,"name":"Portada","item":"https:\/\/www.tamaulipas.gob.mx\/salud\/"},{"@type":"ListItem","position":2,"name":"Programas","item":"https:\/\/www.tamaulipas.gob.mx\/salud\/programas\/"},{"@type":"ListItem","position":3,"name":"Salud de Infancia y Adolescencia","item":"https:\/\/www.tamaulipas.gob.mx\/salud\/programas\/salud-de-infancia-y-adolescencia\/"},{"@type":"ListItem","position":4,"name":"Salud Integral del Ni\u00f1o","item":"https:\/\/www.tamaulipas.gob.mx\/salud\/programas\/salud-de-infancia-y-adolescencia\/salud-integral-del-nino\/"},{"@type":"ListItem","position":5,"name":"Tos y Catarro"}]},{"@type":"WebSite","@id":"https:\/\/www.tamaulipas.gob.mx\/salud\/#website","url":"https:\/\/www.tamaulipas.gob.mx\/salud\/","name":"Secretar\u00eda de Salud","description":"Gobierno del Estado de Tamaulipas","publisher":{"@id":"https:\/\/www.tamaulipas.gob.mx\/salud\/#organization"},"potentialAction":[{"@type":"SearchAction","target":{"@type":"EntryPoint","urlTemplate":"https:\/\/www.tamaulipas.gob.mx\/salud\/?s={search_term_string}"},"query-input":{"@type":"PropertyValueSpecification","valueRequired":true,"valueName":"search_term_string"}}],"inLanguage":"es"},{"@type":"Organization","@id":"https:\/\/www.tamaulipas.gob.mx\/salud\/#organization","name":"Secretar\u00eda de Salud de Tamaulipas","url":"https:\/\/www.tamaulipas.gob.mx\/salud\/","logo":{"@type":"ImageObject","inLanguage":"es","@id":"https:\/\/www.tamaulipas.gob.mx\/salud\/#\/schema\/logo\/image\/","url":"https:\/\/www.tamaulipas.gob.mx\/salud\/wp-content\/uploads\/sites\/4\/2022\/10\/logotamaulipas2022.png","contentUrl":"https:\/\/www.tamaulipas.gob.mx\/salud\/wp-content\/uploads\/sites\/4\/2022\/10\/logotamaulipas2022.png","width":1200,"height":388,"caption":"Secretar\u00eda de Salud de Tamaulipas"},"image":{"@id":"https:\/\/www.tamaulipas.gob.mx\/salud\/#\/schema\/logo\/image\/"},"sameAs":["https:\/\/www.facebook.com\/SaludTamaulipas"]}]}},"publishpress_future_action":{"enabled":false,"date":"2026-05-08 05:26:25","action":"change-status","newStatus":"draft","terms":[],"taxonomy":""},"_links":{"self":[{"href":"https:\/\/www.tamaulipas.gob.mx\/salud\/wp-json\/wp\/v2\/pages\/92"}],"collection":[{"href":"https:\/\/www.tamaulipas.gob.mx\/salud\/wp-json\/wp\/v2\/pages"}],"about":[{"href":"https:\/\/www.tamaulipas.gob.mx\/salud\/wp-json\/wp\/v2\/types\/page"}],"author":[{"embeddable":true,"href":"https:\/\/www.tamaulipas.gob.mx\/salud\/wp-json\/wp\/v2\/users\/19"}],"replies":[{"embeddable":true,"href":"https:\/\/www.tamaulipas.gob.mx\/salud\/wp-json\/wp\/v2\/comments?post=92"}],"version-history":[{"count":4,"href":"https:\/\/www.tamaulipas.gob.mx\/salud\/wp-json\/wp\/v2\/pages\/92\/revisions"}],"predecessor-version":[{"id":2526,"href":"https:\/\/www.tamaulipas.gob.mx\/salud\/wp-json\/wp\/v2\/pages\/92\/revisions\/2526"}],"up":[{"embeddable":true,"href":"https:\/\/www.tamaulipas.gob.mx\/salud\/wp-json\/wp\/v2\/pages\/77"}],"wp:attachment":[{"href":"https:\/\/www.tamaulipas.gob.mx\/salud\/wp-json\/wp\/v2\/media?parent=92"}],"curies":[{"name":"wp","href":"https:\/\/api.w.org\/{rel}","templated":true}]}}

<p>Los niños pequeños con frecuencia se enferman de tos y catarro. Por lo general estas enfermedades se curan solo con tu atención:</p>
<ul>
<li>Límpiale la nariz frecuentemente.</li>
<li>Dale muchos líquidos, continúa con leche materna y cúbrelo si hace frío.</li>
</ul>
<p>&nbsp;</p>
<p>Aunque debes estar Atenta(o) a:<br />
<strong>Señales de alarma</strong></p>
<ul>
<li>Si respira más rápido.</li>
<li>Si sus labios ó uñas están morados. Si no quiere comer ni beber.</li>
<li>Si llora mucho.</li>
<li>Si convulsiona.</li>
<li>Si es menor de 4 meses y tiene tos y fiebre ó si no quiere comer.</li>
</ul>
<p style="text-align: center"><strong>¡¡URGENTE!!</strong><br />
<strong> Llévalo a la clínica más cercana a tu domicilio.</strong></p>
<p>&nbsp;</p>
<p><strong>¿Sabes qué es la Neumonía o Pulmonía?</strong><br />
Es una complicación de una Infección Respiratoria Aguda que significa que el niño está más grave.</p>
<p>Debes vigilar al niño si presenta señales de alarma y acudir al hospital ó clínica más cercana a tu hogar, tu niño(a) está en riesgo de morir, pero una atención oportuna evitará lamentar esto. No te esperes a la primera señal, acude a consulta.</p>
<p>&nbsp;</p>
<p><strong>Recomendaciones</strong></p>
<ul>
<li>No expongas a tu hijo a cambios bruscos de temperatura.</li>
<li>Si lo bañas no lo expongas a corrientes de aire.</li>
<li>Acude al Centro de Salud para que lo vacune y complete su esquema básico al año de edad, acude por refuerzos durante las Semanas Nacionales de Salud.</li>
<li>El personal de salud deberá pesar y medir a tu hijo, de tener peso bajo lo registrarán en un programa, que le recuperará al peso normal.</li>
</ul>
<p>Y RECUERDA TODA LA ATENCIÓN A TU HIJO MENOR DE CINCO AÑOS <strong>ES GRATUITA.</strong></p>

<p>Los niños pequeños con frecuencia se enferman de tos y catarro. Por lo general estas enfermedades se curan solo con tu atención: Límpiale la nariz…</p>

<!-- This site is optimized with the Yoast SEO plugin v24.8.1 - https://yoast.com/wordpress/plugins/seo/ -->
<title>Tos y Catarro - Secretaría de Salud</title>
<meta name="robots" content="index, follow, max-snippet:-1, max-image-preview:large, max-video-preview:-1" />
<link rel="canonical" href="https://www.tamaulipas.gob.mx/salud/programas/salud-de-infancia-y-adolescencia/salud-integral-del-nino/tos-y-catarro/" />
<meta property="og:locale" content="es_ES" />
<meta property="og:type" content="article" />
<meta property="og:title" content="Tos y Catarro - Secretaría de Salud" />
<meta property="og:description" content="Los niños pequeños con frecuencia se enferman de tos y catarro. Por lo general estas enfermedades se curan solo con tu atención: Límpiale la nariz…" />
<meta property="og:url" content="https://www.tamaulipas.gob.mx/salud/programas/salud-de-infancia-y-adolescencia/salud-integral-del-nino/tos-y-catarro/" />
<meta property="og:site_name" content="Secretaría de Salud" />
<meta property="article:publisher" content="https://www.facebook.com/SaludTamaulipas" />
<meta property="article:modified_time" content="2017-10-25T16:11:03+00:00" />
<meta property="og:image" content="https://www.tamaulipas.gob.mx/salud/wp-content/uploads/sites/4/2022/10/logotamaulipas2022.png" />
	<meta property="og:image:width" content="1200" />
	<meta property="og:image:height" content="388" />
	<meta property="og:image:type" content="image/png" />
<meta name="twitter:card" content="summary_large_image" />
<meta name="twitter:label1" content="Tiempo de lectura" />
	<meta name="twitter:data1" content="1 minuto" />
<script type="application/ld+json" class="yoast-schema-graph">{"@context":"https://schema.org","@graph":[{"@type":"WebPage","@id":"https://www.tamaulipas.gob.mx/salud/programas/salud-de-infancia-y-adolescencia/salud-integral-del-nino/tos-y-catarro/","url":"https://www.tamaulipas.gob.mx/salud/programas/salud-de-infancia-y-adolescencia/salud-integral-del-nino/tos-y-catarro/","name":"Tos y Catarro - Secretaría de Salud","isPartOf":{"@id":"https://www.tamaulipas.gob.mx/salud/#website"},"datePublished":"2016-11-01T22:04:16+00:00","dateModified":"2017-10-25T16:11:03+00:00","breadcrumb":{"@id":"https://www.tamaulipas.gob.mx/salud/programas/salud-de-infancia-y-adolescencia/salud-integral-del-nino/tos-y-catarro/#breadcrumb"},"inLanguage":"es","potentialAction":[{"@type":"ReadAction","target":["https://www.tamaulipas.gob.mx/salud/programas/salud-de-infancia-y-adolescencia/salud-integral-del-nino/tos-y-catarro/"]}]},{"@type":"BreadcrumbList","@id":"https://www.tamaulipas.gob.mx/salud/programas/salud-de-infancia-y-adolescencia/salud-integral-del-nino/tos-y-catarro/#breadcrumb","itemListElement":[{"@type":"ListItem","position":1,"name":"Portada","item":"https://www.tamaulipas.gob.mx/salud/"},{"@type":"ListItem","position":2,"name":"Programas","item":"https://www.tamaulipas.gob.mx/salud/programas/"},{"@type":"ListItem","position":3,"name":"Salud de Infancia y Adolescencia","item":"https://www.tamaulipas.gob.mx/salud/programas/salud-de-infancia-y-adolescencia/"},{"@type":"ListItem","position":4,"name":"Salud Integral del Niño","item":"https://www.tamaulipas.gob.mx/salud/programas/salud-de-infancia-y-adolescencia/salud-integral-del-nino/"},{"@type":"ListItem","position":5,"name":"Tos y Catarro"}]},{"@type":"WebSite","@id":"https://www.tamaulipas.gob.mx/salud/#website","url":"https://www.tamaulipas.gob.mx/salud/","name":"Secretaría de Salud","description":"Gobierno del Estado de Tamaulipas","publisher":{"@id":"https://www.tamaulipas.gob.mx/salud/#organization"},"potentialAction":[{"@type":"SearchAction","target":{"@type":"EntryPoint","urlTemplate":"https://www.tamaulipas.gob.mx/salud/?s={search_term_string}"},"query-input":{"@type":"PropertyValueSpecification","valueRequired":true,"valueName":"search_term_string"}}],"inLanguage":"es"},{"@type":"Organization","@id":"https://www.tamaulipas.gob.mx/salud/#organization","name":"Secretaría de Salud de Tamaulipas","url":"https://www.tamaulipas.gob.mx/salud/","logo":{"@type":"ImageObject","inLanguage":"es","@id":"https://www.tamaulipas.gob.mx/salud/#/schema/logo/image/","url":"https://www.tamaulipas.gob.mx/salud/wp-content/uploads/sites/4/2022/10/logotamaulipas2022.png","contentUrl":"https://www.tamaulipas.gob.mx/salud/wp-content/uploads/sites/4/2022/10/logotamaulipas2022.png","width":1200,"height":388,"caption":"Secretaría de Salud de Tamaulipas"},"image":{"@id":"https://www.tamaulipas.gob.mx/salud/#/schema/logo/image/"},"sameAs":["https://www.facebook.com/SaludTamaulipas"]}]}</script>
<!-- / Yoast SEO plugin. -->

Tos y Catarro - Secretaría de Salud

Los niños pequeños con frecuencia se enferman de tos y catarro. Por lo general estas enfermedades se curan solo con tu atención: Límpiale la nariz…

Secretaría de Salud

Salud Integral del Niño

Secretaría de Salud de Tamaulipas
