{"id":4770,"date":"2019-06-05T09:52:34","date_gmt":"2019-06-05T14:52:34","guid":{"rendered":"https:\/\/www.tamaulipas.gob.mx\/salud\/?page_id=4770"},"modified":"2019-06-05T09:52:34","modified_gmt":"2019-06-05T14:52:34","slug":"codigo-de-conducta","status":"publish","type":"page","link":"https:\/\/www.tamaulipas.gob.mx\/salud\/codigo-de-conducta\/","title":{"rendered":"C\u00f3digo de Conducta"},"content":{"rendered":"<p><strong>C\u00d3DIGO DE CONDUCTA DE LOS TRABAJADORES DE LA SECRETARIA DE SALUD DE TAMAULIPAS<\/strong><\/p>\n<p>Se sustenta en los siguientes valores:<\/p>\n<p><strong><em>Probidad<\/em><\/strong>: Como observancia en l\u00ednea recta de nuestra conducta.<\/p>\n<p><strong><em>Fortaleza:<\/em><\/strong> Que nos sostendr\u00e1 con el vigor, la firmeza y la resistencia que requiere nuestro\u00a0 trabajo.<\/p>\n<p><strong><em>Generosidad:<\/em><\/strong> Que llevar\u00e1 a proceder con desprendimiento y grandeza del alma.<\/p>\n<p><strong><em>Humanidad:<\/em><\/strong> Que nos mover\u00e1 a ser afables con nuestros compa\u00f1eros y a quienes servimos.<\/p>\n<p><strong><em>Prudencia<\/em><\/strong>: Para proceder con cordura y seriedad en el ejercicio de nuestro trabajo y en nuestras relaciones laborales.<\/p>\n<p><strong><em>Sobriedad:<\/em><\/strong> Como norma de moderaci\u00f3n de nuestros actos, as\u00ed como sencillez en nuestra conducta.<\/p>\n<p><strong><em>De Manera Complementaria este C\u00f3digo de Conducta, al ser Sincr\u00f3nico con Nuestro C\u00f3digo de \u00c9tica, deja en Claro que el Personal de esta Secretaria, Independientemente de su Ubicaci\u00f3n Laboral:<\/em><\/strong><\/p>\n<p>Desempe\u00f1ar\u00e1 sus funciones con integridad, al aprovechar al m\u00e1ximo su tiempo y los recursos a su disposici\u00f3n.<\/p>\n<p>Colaborar\u00e1 en su desarrollo profesional para mejorar su desempe\u00f1o.<\/p>\n<p>Aplicar\u00e1 el conocimiento cient\u00edfico, t\u00e9cnico y human\u00edstico vigente.<\/p>\n<p>Defender\u00e1 la protecci\u00f3n a la vida, la salud, la econom\u00eda, los intereses y la dignidad de la persona.<\/p>\n<p>Antepondr\u00e1 y cuidar\u00e1 los intereses de la Instituci\u00f3n, manteni\u00e9ndose leal a los principios y normas que rigen el quehacer cotidiano de la dependencia.<\/p>\n<p>Velar\u00e1 por la conservaci\u00f3n del buen nombre y prestigio de la instituci\u00f3n.<\/p>\n<p>Atender\u00e1 a usuarios y beneficiarios de los programas de manera profesional, amable, personalizada y respetuosa.<\/p>\n<p>Proporcionar\u00e1 informaci\u00f3n clara, oportuna y veraz a quien corresponda y la entregar\u00e1 con mesura y prudencia.<\/p>\n<p>Observar\u00e1 respeto para compa\u00f1eros, tanto superiores, iguales o subordinados, mostrando solidaridad y cooperaci\u00f3n.<\/p>\n<p>Utilizar\u00e1 los recursos designados para el desempe\u00f1o de sus funciones con eficiencia, honradez e imparcialidad.<\/p>\n<p>Colaborar\u00e1 honestamente con los procesos de auditor\u00eda interna o externa, as\u00ed como con los correspondientes a la supervisi\u00f3n, asesor\u00eda o evaluaci\u00f3n internas.<\/p>\n<p>Se abstendr\u00e1 de utilizar con prop\u00f3sitos de difusi\u00f3n la informaci\u00f3n generada en el \u00e1rea donde preste sus servicios, a menos que se cuente con la autorizaci\u00f3n correspondiente.<\/p>\n<p>Colaborar\u00e1 a la observancia de medidas tendientes a preservar el medio ambiente.<\/p>\n<p>Vigilar\u00e1 que su trabajo se realice con visi\u00f3n integral y de equipo.<\/p>\n<p>Proporcionar\u00e1 el servicio sin importar sexo, edad, raza, religi\u00f3n, ideolog\u00eda o condici\u00f3n socioecon\u00f3mica.<\/p>\n<p><strong>Aprobado en la Primer Junta de Gobierno del O.P.D. Servicios de Salud de Tamaulipas mediante acuerdo n\u00famero 09.04.2015 de fecha 24 de abril del 2015.<\/strong><\/p>\n","protected":false},"excerpt":{"rendered":"<p>C\u00d3DIGO DE CONDUCTA DE LOS TRABAJADORES DE LA SECRETARIA DE SALUD DE TAMAULIPAS Se sustenta en los siguientes valores: Probidad: Como observancia en l\u00ednea recta\u2026<\/p>\n","protected":false},"author":15,"featured_media":0,"parent":0,"menu_order":0,"comment_status":"closed","ping_status":"closed","template":"","meta":{"footnotes":""},"class_list":["post-4770","page","type-page","status-publish","hentry"],"yoast_head":"<!-- This site is optimized with the Yoast SEO plugin v24.8.1 - https:\/\/yoast.com\/wordpress\/plugins\/seo\/ -->\n<title>C\u00f3digo de Conducta - Secretar\u00eda de Salud<\/title>\n<meta name=\"robots\" content=\"index, follow, max-snippet:-1, max-image-preview:large, max-video-preview:-1\" \/>\n<link rel=\"canonical\" href=\"https:\/\/www.tamaulipas.gob.mx\/salud\/codigo-de-conducta\/\" \/>\n<meta property=\"og:locale\" content=\"es_ES\" \/>\n<meta property=\"og:type\" content=\"article\" \/>\n<meta property=\"og:title\" content=\"C\u00f3digo de Conducta - Secretar\u00eda de Salud\" \/>\n<meta property=\"og:description\" content=\"C\u00d3DIGO DE CONDUCTA DE LOS TRABAJADORES DE LA SECRETARIA DE SALUD DE TAMAULIPAS Se sustenta en los siguientes valores: Probidad: Como observancia en l\u00ednea recta\u2026\" \/>\n<meta property=\"og:url\" content=\"https:\/\/www.tamaulipas.gob.mx\/salud\/codigo-de-conducta\/\" \/>\n<meta property=\"og:site_name\" content=\"Secretar\u00eda de Salud\" \/>\n<meta property=\"article:publisher\" content=\"https:\/\/www.facebook.com\/SaludTamaulipas\" \/>\n<meta property=\"og:image\" content=\"https:\/\/www.tamaulipas.gob.mx\/salud\/wp-content\/uploads\/sites\/4\/2022\/10\/logotamaulipas2022.png\" \/>\n\t<meta property=\"og:image:width\" content=\"1200\" \/>\n\t<meta property=\"og:image:height\" content=\"388\" \/>\n\t<meta property=\"og:image:type\" content=\"image\/png\" \/>\n<meta name=\"twitter:card\" content=\"summary_large_image\" \/>\n<meta name=\"twitter:label1\" content=\"Tiempo de lectura\" \/>\n\t<meta name=\"twitter:data1\" content=\"2 minutos\" \/>\n<script type=\"application\/ld+json\" class=\"yoast-schema-graph\">{\"@context\":\"https:\/\/schema.org\",\"@graph\":[{\"@type\":\"WebPage\",\"@id\":\"https:\/\/www.tamaulipas.gob.mx\/salud\/codigo-de-conducta\/\",\"url\":\"https:\/\/www.tamaulipas.gob.mx\/salud\/codigo-de-conducta\/\",\"name\":\"C\u00f3digo de Conducta - Secretar\u00eda de Salud\",\"isPartOf\":{\"@id\":\"https:\/\/www.tamaulipas.gob.mx\/salud\/#website\"},\"datePublished\":\"2019-06-05T14:52:34+00:00\",\"breadcrumb\":{\"@id\":\"https:\/\/www.tamaulipas.gob.mx\/salud\/codigo-de-conducta\/#breadcrumb\"},\"inLanguage\":\"es\",\"potentialAction\":[{\"@type\":\"ReadAction\",\"target\":[\"https:\/\/www.tamaulipas.gob.mx\/salud\/codigo-de-conducta\/\"]}]},{\"@type\":\"BreadcrumbList\",\"@id\":\"https:\/\/www.tamaulipas.gob.mx\/salud\/codigo-de-conducta\/#breadcrumb\",\"itemListElement\":[{\"@type\":\"ListItem\",\"position\":1,\"name\":\"Portada\",\"item\":\"https:\/\/www.tamaulipas.gob.mx\/salud\/\"},{\"@type\":\"ListItem\",\"position\":2,\"name\":\"C\u00f3digo de Conducta\"}]},{\"@type\":\"WebSite\",\"@id\":\"https:\/\/www.tamaulipas.gob.mx\/salud\/#website\",\"url\":\"https:\/\/www.tamaulipas.gob.mx\/salud\/\",\"name\":\"Secretar\u00eda de Salud\",\"description\":\"Gobierno del Estado de Tamaulipas\",\"publisher\":{\"@id\":\"https:\/\/www.tamaulipas.gob.mx\/salud\/#organization\"},\"potentialAction\":[{\"@type\":\"SearchAction\",\"target\":{\"@type\":\"EntryPoint\",\"urlTemplate\":\"https:\/\/www.tamaulipas.gob.mx\/salud\/?s={search_term_string}\"},\"query-input\":{\"@type\":\"PropertyValueSpecification\",\"valueRequired\":true,\"valueName\":\"search_term_string\"}}],\"inLanguage\":\"es\"},{\"@type\":\"Organization\",\"@id\":\"https:\/\/www.tamaulipas.gob.mx\/salud\/#organization\",\"name\":\"Secretar\u00eda de Salud de Tamaulipas\",\"url\":\"https:\/\/www.tamaulipas.gob.mx\/salud\/\",\"logo\":{\"@type\":\"ImageObject\",\"inLanguage\":\"es\",\"@id\":\"https:\/\/www.tamaulipas.gob.mx\/salud\/#\/schema\/logo\/image\/\",\"url\":\"https:\/\/www.tamaulipas.gob.mx\/salud\/wp-content\/uploads\/sites\/4\/2022\/10\/logotamaulipas2022.png\",\"contentUrl\":\"https:\/\/www.tamaulipas.gob.mx\/salud\/wp-content\/uploads\/sites\/4\/2022\/10\/logotamaulipas2022.png\",\"width\":1200,\"height\":388,\"caption\":\"Secretar\u00eda de Salud de Tamaulipas\"},\"image\":{\"@id\":\"https:\/\/www.tamaulipas.gob.mx\/salud\/#\/schema\/logo\/image\/\"},\"sameAs\":[\"https:\/\/www.facebook.com\/SaludTamaulipas\"]}]}<\/script>\n<!-- \/ Yoast SEO plugin. -->","yoast_head_json":{"title":"C\u00f3digo de Conducta - Secretar\u00eda de Salud","robots":{"index":"index","follow":"follow","max-snippet":"max-snippet:-1","max-image-preview":"max-image-preview:large","max-video-preview":"max-video-preview:-1"},"canonical":"https:\/\/www.tamaulipas.gob.mx\/salud\/codigo-de-conducta\/","og_locale":"es_ES","og_type":"article","og_title":"C\u00f3digo de Conducta - Secretar\u00eda de Salud","og_description":"C\u00d3DIGO DE CONDUCTA DE LOS TRABAJADORES DE LA SECRETARIA DE SALUD DE TAMAULIPAS Se sustenta en los siguientes valores: Probidad: Como observancia en l\u00ednea recta\u2026","og_url":"https:\/\/www.tamaulipas.gob.mx\/salud\/codigo-de-conducta\/","og_site_name":"Secretar\u00eda de Salud","article_publisher":"https:\/\/www.facebook.com\/SaludTamaulipas","og_image":[{"width":1200,"height":388,"url":"https:\/\/www.tamaulipas.gob.mx\/salud\/wp-content\/uploads\/sites\/4\/2022\/10\/logotamaulipas2022.png","type":"image\/png"}],"twitter_card":"summary_large_image","twitter_misc":{"Tiempo de lectura":"2 minutos"},"schema":{"@context":"https:\/\/schema.org","@graph":[{"@type":"WebPage","@id":"https:\/\/www.tamaulipas.gob.mx\/salud\/codigo-de-conducta\/","url":"https:\/\/www.tamaulipas.gob.mx\/salud\/codigo-de-conducta\/","name":"C\u00f3digo de Conducta - Secretar\u00eda de Salud","isPartOf":{"@id":"https:\/\/www.tamaulipas.gob.mx\/salud\/#website"},"datePublished":"2019-06-05T14:52:34+00:00","breadcrumb":{"@id":"https:\/\/www.tamaulipas.gob.mx\/salud\/codigo-de-conducta\/#breadcrumb"},"inLanguage":"es","potentialAction":[{"@type":"ReadAction","target":["https:\/\/www.tamaulipas.gob.mx\/salud\/codigo-de-conducta\/"]}]},{"@type":"BreadcrumbList","@id":"https:\/\/www.tamaulipas.gob.mx\/salud\/codigo-de-conducta\/#breadcrumb","itemListElement":[{"@type":"ListItem","position":1,"name":"Portada","item":"https:\/\/www.tamaulipas.gob.mx\/salud\/"},{"@type":"ListItem","position":2,"name":"C\u00f3digo de Conducta"}]},{"@type":"WebSite","@id":"https:\/\/www.tamaulipas.gob.mx\/salud\/#website","url":"https:\/\/www.tamaulipas.gob.mx\/salud\/","name":"Secretar\u00eda de Salud","description":"Gobierno del Estado de Tamaulipas","publisher":{"@id":"https:\/\/www.tamaulipas.gob.mx\/salud\/#organization"},"potentialAction":[{"@type":"SearchAction","target":{"@type":"EntryPoint","urlTemplate":"https:\/\/www.tamaulipas.gob.mx\/salud\/?s={search_term_string}"},"query-input":{"@type":"PropertyValueSpecification","valueRequired":true,"valueName":"search_term_string"}}],"inLanguage":"es"},{"@type":"Organization","@id":"https:\/\/www.tamaulipas.gob.mx\/salud\/#organization","name":"Secretar\u00eda de Salud de Tamaulipas","url":"https:\/\/www.tamaulipas.gob.mx\/salud\/","logo":{"@type":"ImageObject","inLanguage":"es","@id":"https:\/\/www.tamaulipas.gob.mx\/salud\/#\/schema\/logo\/image\/","url":"https:\/\/www.tamaulipas.gob.mx\/salud\/wp-content\/uploads\/sites\/4\/2022\/10\/logotamaulipas2022.png","contentUrl":"https:\/\/www.tamaulipas.gob.mx\/salud\/wp-content\/uploads\/sites\/4\/2022\/10\/logotamaulipas2022.png","width":1200,"height":388,"caption":"Secretar\u00eda de Salud de Tamaulipas"},"image":{"@id":"https:\/\/www.tamaulipas.gob.mx\/salud\/#\/schema\/logo\/image\/"},"sameAs":["https:\/\/www.facebook.com\/SaludTamaulipas"]}]}},"publishpress_future_action":{"enabled":false,"date":"2026-05-06 05:56:07","action":"change-status","newStatus":"draft","terms":[],"taxonomy":""},"_links":{"self":[{"href":"https:\/\/www.tamaulipas.gob.mx\/salud\/wp-json\/wp\/v2\/pages\/4770"}],"collection":[{"href":"https:\/\/www.tamaulipas.gob.mx\/salud\/wp-json\/wp\/v2\/pages"}],"about":[{"href":"https:\/\/www.tamaulipas.gob.mx\/salud\/wp-json\/wp\/v2\/types\/page"}],"author":[{"embeddable":true,"href":"https:\/\/www.tamaulipas.gob.mx\/salud\/wp-json\/wp\/v2\/users\/15"}],"replies":[{"embeddable":true,"href":"https:\/\/www.tamaulipas.gob.mx\/salud\/wp-json\/wp\/v2\/comments?post=4770"}],"version-history":[{"count":3,"href":"https:\/\/www.tamaulipas.gob.mx\/salud\/wp-json\/wp\/v2\/pages\/4770\/revisions"}],"predecessor-version":[{"id":4773,"href":"https:\/\/www.tamaulipas.gob.mx\/salud\/wp-json\/wp\/v2\/pages\/4770\/revisions\/4773"}],"wp:attachment":[{"href":"https:\/\/www.tamaulipas.gob.mx\/salud\/wp-json\/wp\/v2\/media?parent=4770"}],"curies":[{"name":"wp","href":"https:\/\/api.w.org\/{rel}","templated":true}]}}