{"id":177,"date":"2016-11-02T09:35:51","date_gmt":"2016-11-02T15:35:51","guid":{"rendered":"http:\/\/www.tamaulipas.gob.mx\/salud\/?page_id=177"},"modified":"2024-05-10T13:08:05","modified_gmt":"2024-05-10T19:08:05","slug":"jurisdiccion-1-victoria-2","status":"publish","type":"page","link":"https:\/\/www.tamaulipas.gob.mx\/salud\/infraestructura-en-salud\/jurisdicciones-sanitarias\/jurisdiccion-1-victoria-2\/","title":{"rendered":"Jurisdicci\u00f3n 1: Victoria"},"content":{"rendered":"<div class=\"table-responsive\"><table class=\" table table-gobtam\"><thead><tr><td colspan=\"2\"><strong>Identificaci&#xF3;n<\/strong><\/td>\n<\/tr><\/thead><tbody><tr><td valign=\"top\">Domicilio<\/td>\n<td valign=\"top\">Centro Educativo y Cultural &#x201C;Lic. Adolfo L&#xF3;pez Mateos&#x201D; S\/N, Colonia Sosa<\/td>\n<\/tr><tr><td valign=\"top\">Plano<\/td>\n<td valign=\"top\">C. P. 87120, Ciudad Victoria, Tamaulipas<\/td>\n<\/tr><tr><td valign=\"top\">Tel&#xE9;fonos<\/td>\n<td valign=\"top\">31 20136, 31 21010, 31 22392<\/td>\n<\/tr><tr><td valign=\"top\">Correo @<\/td>\n<td valign=\"top\"><a href=\"mailto:direccionjuris2024@gmail.com\">direccionjuris2024@gmail.com<\/a><\/td>\n<\/tr><\/tbody><\/table><\/div>\n<p>&nbsp;<\/p>\n<div class=\"table-responsive\"><table class=\" table table-gobtam\"><thead><tr><td valign=\"top\">\n<p align=\"center\"><strong>No.<\/strong><\/p>\n<\/td>\n<td valign=\"top\">\n<p align=\"center\"><strong>Indicador<\/strong><\/p>\n<\/td>\n<td valign=\"top\">\n<p align=\"center\"><strong>Datos<\/strong><\/p>\n<\/td>\n<\/tr><\/thead><tbody><tr><td valign=\"top\">\n<p align=\"center\">&#xA0; &#xA0; 1<\/p>\n<\/td>\n<td valign=\"top\">Municipios<\/td>\n<td>7: Victoria, Casas, G&#xFC;emez, Llera, Hidalgo, Villagr&#xE1;n y Mainero,<\/td>\n<\/tr><tr><td valign=\"top\">\n<p align=\"center\">&#xA0; &#xA0; 2<\/p>\n<\/td>\n<td valign=\"top\">Poblaci&#xF3;n total<\/td>\n<td>398,758 habitantes<\/td>\n<\/tr><tr><td valign=\"top\">\n<p align=\"center\">3<\/p>\n<\/td>\n<td valign=\"top\">Poblaci&#xF3;n SSA<\/td>\n<td>191,029 Personas<\/td>\n<\/tr><tr><td valign=\"top\">\n<p align=\"center\">4<\/p>\n<\/td>\n<td valign=\"top\">Distancia total entre sede y cabeceras municipales<\/td>\n<td>432 Kil&#xF3;metros<\/td>\n<\/tr><tr><td valign=\"top\">\n<p align=\"center\">5<\/p>\n<\/td>\n<td valign=\"top\">Total localidades<\/td>\n<td>1,317<\/td>\n<\/tr><tr><td valign=\"top\">\n<p align=\"center\">6<\/p>\n<\/td>\n<td valign=\"top\">Localidades menores 1000 habitantes<\/td>\n<td>1,308<\/td>\n<\/tr><tr><td valign=\"top\">\n<p align=\"center\">7<\/p>\n<\/td>\n<td valign=\"top\">Porcentaje localidades &lt;1000 habitantes<\/td>\n<td>99.3<\/td>\n<\/tr><tr><td valign=\"top\">\n<p align=\"center\">8<\/p>\n<\/td>\n<td valign=\"top\">Superficie territorial<\/td>\n<td>13,114.5 kil&#xF3;metros cuadrados<\/td>\n<\/tr><tr><td valign=\"top\">\n<p align=\"center\">9<\/p>\n<\/td>\n<td valign=\"top\">Densidad poblaci&#xF3;n<\/td>\n<td>30.4 Habitantes por Km<sup>2<\/sup><\/td>\n<\/tr><tr><td valign=\"top\">\n<p align=\"center\">10<\/p>\n<\/td>\n<td valign=\"top\">N&#xFA;mero de centros de salud<\/td>\n<td>40<\/td>\n<\/tr><tr><td valign=\"top\">\n<p align=\"center\">11<\/p>\n<\/td>\n<td valign=\"top\">N&#xFA;mero de unidades m&#xE9;dicas m&#xF3;viles y caravanas de la salud<\/td>\n<td>5<\/td>\n<\/tr><tr><td valign=\"top\">\n<p align=\"center\">12<\/p>\n<\/td>\n<td valign=\"top\">N&#xFA;mero de hospitales 2&#xBA;. nivel<\/td>\n<td>2: 2: Hospital General de Victoria &#x201C;Dr. Norberto Trevi&#xF1;o Zapata&#x201D; yHospital Civil de Victoria &#x201C;Dr. Jos&#xE9; Mac&#xED;as Hern&#xE1;ndez&#x201D;<\/td>\n<\/tr><tr><td valign=\"top\">\n<p align=\"center\">13<\/p>\n<\/td>\n<td valign=\"top\">N&#xFA;mero de camas censables en Hospitales 2&#xBA;. nivel<\/td>\n<td>227<\/td>\n<\/tr><tr><td valign=\"top\">\n<p align=\"center\">14<\/p>\n<\/td>\n<td valign=\"top\">Camas por 1000 habitantes<\/td>\n<td>1.19<\/td>\n<\/tr><tr><td valign=\"top\">\n<p align=\"center\">15<\/p>\n<\/td>\n<td valign=\"top\">UNEMES<\/td>\n<td>5: Capa 2, Capasits, Uneme EC, Cisame<\/td>\n<\/tr><tr><td valign=\"top\">\n<p align=\"center\">16<\/p>\n<\/td>\n<td valign=\"top\">Establecimientos para verificaci&#xF3;n sanitaria<\/td>\n<td>5,563<\/td>\n<\/tr><tr><td valign=\"top\">\n<p align=\"center\">&#xA0; &#xA0; 17<\/p>\n<\/td>\n<td valign=\"top\">Sitios de riesgo sanitario<\/td>\n<td valign=\"bottom\">10,458<\/td>\n<\/tr><\/tbody><\/table><\/div>\n<p>&nbsp;<\/p>\n<p style=\"text-align: left;\" align=\"center\"><strong>Caracter\u00edsticas, servicios y ubicaci\u00f3n de los centros de salud y unidades m\u00e9dicas<\/strong><\/p>\n<p>&nbsp;<\/p>\n<p><img loading=\"lazy\" decoding=\"async\" class=\"alignnone wp-image-178\" src=\"http:\/\/www.tamaulipas.gob.mx\/salud\/wp-content\/uploads\/sites\/4\/2016\/11\/victoria.png\" alt=\"victoria\" width=\"450\" height=\"543\" \/><\/p>\n<div class=\"table-responsive\"><table class=\" table table-gobtam\"><thead><tr><td valign=\"top\"><strong>No<\/strong><\/td>\n<td valign=\"bottom\" nowrap><strong>Municipio de Victoria<\/strong><\/td>\n<td valign=\"top\"><strong>No<\/strong><\/td>\n<td valign=\"top\"><strong>Municipio de Llera<\/strong><\/td>\n<td valign=\"top\"><strong>No<\/strong><\/td>\n<td valign=\"top\"><strong>Municipio Hidalgo<\/strong><\/td>\n<td valign=\"top\"><strong>No<\/strong><\/td>\n<td valign=\"top\"><strong>Municipio de Victoria<\/strong><\/td>\n<\/tr><\/thead><tbody><tr><td valign=\"top\">1<\/td>\n<td valign=\"bottom\" nowrap>R-01 La Libertad<\/td>\n<td valign=\"top\">16<\/td>\n<td valign=\"bottom\">Cs\/H Llera<\/td>\n<td valign=\"top\">29<\/td>\n<td valign=\"bottom\">R-01 Buenos Aires<\/td>\n<td valign=\"top\"><\/td>\n<td valign=\"top\">Otras unidades<\/td>\n<\/tr><tr><td valign=\"top\">2<\/td>\n<td valign=\"bottom\" nowrap>U-02 Col. Am&#xE9;rica de Ju&#xE1;rez<\/td>\n<td valign=\"top\">17<\/td>\n<td valign=\"bottom\">R-01 El Encino<\/td>\n<td valign=\"top\">30<\/td>\n<td valign=\"bottom\">R-01 Carrizos<\/td>\n<td valign=\"top\">42<\/td>\n<td valign=\"top\">Capasit<\/td>\n<\/tr><tr><td valign=\"top\">3<\/td>\n<td valign=\"bottom\" nowrap>U-02 Col. Luis Donaldo Colosio<\/td>\n<td valign=\"top\">18<\/td>\n<td valign=\"bottom\">R-01 Emiliano Zapata<\/td>\n<td valign=\"top\">31<\/td>\n<td valign=\"bottom\">R-01 Cruz y Cruz<\/td>\n<td valign=\"top\">43<\/td>\n<td valign=\"top\">Cisame<\/td>\n<\/tr><tr><td valign=\"top\">4<\/td>\n<td valign=\"bottom\" nowrap>U-02 Col. Nuevo Amanecer<\/td>\n<td valign=\"top\">19<\/td>\n<td valign=\"bottom\">R-01 Ignacio Zaragoza<\/td>\n<td valign=\"top\">32<\/td>\n<td valign=\"bottom\">R-01 La Aurora<\/td>\n<td valign=\"top\">44<\/td>\n<td valign=\"top\">Capa Victoria<\/td>\n<\/tr><tr><td valign=\"top\">5<\/td>\n<td valign=\"bottom\" nowrap>U-02 Col. San Marcos<\/td>\n<td valign=\"top\">20<\/td>\n<td valign=\"bottom\">R-01 La Alberca<\/td>\n<td valign=\"top\">33<\/td>\n<td valign=\"bottom\">R-01 Santa Engracia<\/td>\n<td valign=\"top\">45<\/td>\n<td valign=\"top\">Capa Hidalgo<\/td>\n<\/tr><tr><td valign=\"top\">6<\/td>\n<td valign=\"bottom\" nowrap>U-02 Col. Vamos Tamaulipas<\/td>\n<td valign=\"top\">21<\/td>\n<td valign=\"bottom\">R-01 La Morita<\/td>\n<td valign=\"top\">34<\/td>\n<td valign=\"bottom\">R-02 Guillermo Z&#xFA;&#xF1;iga<\/td>\n<td valign=\"top\">46<\/td>\n<td valign=\"top\">Uneme EC<\/td>\n<\/tr><tr><td valign=\"top\">7<\/td>\n<td valign=\"bottom\" nowrap>U-02 La Mesa del Se&#xF1;or<\/td>\n<td valign=\"top\">22<\/td>\n<td valign=\"bottom\">R-01 Mariano Escobedo<\/td>\n<td valign=\"top\">35<\/td>\n<td valign=\"top\">R-02 Hidalgo<\/td>\n<td valign=\"top\">47<\/td>\n<td valign=\"top\">Cairrs<\/td>\n<\/tr><tr><td valign=\"top\">8<\/td>\n<td valign=\"bottom\" nowrap>U-03 Col. Azteca<\/td>\n<td valign=\"top\">23<\/td>\n<td valign=\"top\">R-01 Pedro Jos&#xE9; M&#xE9;ndez<\/td>\n<td valign=\"top\"><\/td>\n<td valign=\"top\">Municipio Villagr&#xE1;n<\/td>\n<td valign=\"top\">48<\/td>\n<td valign=\"top\">Centro antirr&#xE1;bico<\/td>\n<\/tr><tr><td valign=\"top\">9<\/td>\n<td valign=\"bottom\" nowrap>U-03 Col. Estudiantil<\/td>\n<td valign=\"top\"><\/td>\n<td valign=\"top\">Municipio de Casas<\/td>\n<td valign=\"top\">36<\/td>\n<td valign=\"bottom\">R-01 Garza Valdez<\/td>\n<td valign=\"top\">49<\/td>\n<td>UM Caravanas Victoria<\/td>\n<\/tr><tr><td valign=\"top\">10<\/td>\n<td valign=\"bottom\" nowrap>U-03 Col. Manuel A Raviz&#xE9;<\/td>\n<td valign=\"top\">24<\/td>\n<td valign=\"bottom\">R-01 Casas<\/td>\n<td valign=\"top\">37<\/td>\n<td valign=\"bottom\">R-01 Lucio Blanco<\/td>\n<td valign=\"top\">50<\/td>\n<td>UM Caravanas Victoria<\/td>\n<\/tr><tr><td valign=\"top\">11<\/td>\n<td valign=\"bottom\" nowrap>U-04 Col. Emilio Portes Gil<\/td>\n<td valign=\"top\">25<\/td>\n<td valign=\"bottom\">R-01 L&#xE1;zaro C&#xE1;rdenas<\/td>\n<td valign=\"top\">38<\/td>\n<td valign=\"bottom\">R-01 Villagr&#xE1;n<\/td>\n<td valign=\"top\">51<\/td>\n<td>UM Caravanas Victoria<\/td>\n<\/tr><tr><td valign=\"top\">12<\/td>\n<td valign=\"bottom\" nowrap>U-05 Centro Salud Democracia<\/td>\n<td valign=\"top\">26<\/td>\n<td valign=\"bottom\">R-01 Nuevo San Francisco<\/td>\n<td valign=\"top\"><\/td>\n<td valign=\"top\">Municipio G&#xFC;emez<\/td>\n<td valign=\"top\">52<\/td>\n<td>UM M&#xF3;vil Oportunidades<\/td>\n<\/tr><tr><td valign=\"top\">13<\/td>\n<td valign=\"bottom\" nowrap>U-05 Col. Enrique C&#xE1;rdenas Gzlez.<\/td>\n<td valign=\"top\"><\/td>\n<td valign=\"top\">Municipio Mainero<\/td>\n<td valign=\"top\">39<\/td>\n<td valign=\"bottom\">R-01 El Alamito<\/td>\n<td valign=\"top\">53<\/td>\n<td valign=\"top\">UM Caravanas Llera<\/td>\n<\/tr><tr><td valign=\"top\">14<\/td>\n<td valign=\"bottom\" nowrap>U-10 Lomas del Santuario<\/td>\n<td valign=\"top\">27<\/td>\n<td valign=\"bottom\">R-01 Magueyes<\/td>\n<td valign=\"top\">40<\/td>\n<td valign=\"bottom\">R-01 Luz del Campesino<\/td>\n<td valign=\"top\">54<\/td>\n<td valign=\"top\">UM Caravanas Hidalgo<\/td>\n<\/tr><tr><td valign=\"top\">15<\/td>\n<td valign=\"bottom\" nowrap>U-02 La Misi&#xF3;n Dr. Rodolfo Torre Cant&#xFA;<\/td>\n<td valign=\"top\">28<\/td>\n<td valign=\"bottom\">R-01 Mainero<\/td>\n<td valign=\"top\">41<\/td>\n<td valign=\"bottom\">R-02 G&#xFC;emez<\/td>\n<td valign=\"top\">55<\/td>\n<td valign=\"top\">UM Victoria 1<\/td>\n<\/tr><tr><td valign=\"top\"><\/td>\n<td valign=\"bottom\" nowrap><\/td>\n<td valign=\"top\"><\/td>\n<td valign=\"bottom\"><\/td>\n<td valign=\"top\"><\/td>\n<td valign=\"bottom\"><\/td>\n<td valign=\"top\">56<\/td>\n<td valign=\"top\">UM Victoria 2<\/td>\n<\/tr><tr><td valign=\"top\"><\/td>\n<td valign=\"bottom\" nowrap><\/td>\n<td valign=\"top\"><\/td>\n<td valign=\"bottom\"><\/td>\n<td valign=\"top\"><\/td>\n<td valign=\"bottom\"><\/td>\n<td valign=\"top\">57<\/td>\n<td valign=\"top\">UM Victoria 3<\/td>\n<\/tr><\/tbody><\/table><\/div>\n","protected":false},"excerpt":{"rendered":"<p>&nbsp; &nbsp; Caracter\u00edsticas, servicios y ubicaci\u00f3n de los centros de salud y unidades m\u00e9dicas &nbsp;<\/p>\n","protected":false},"author":19,"featured_media":0,"parent":169,"menu_order":0,"comment_status":"closed","ping_status":"closed","template":"","meta":{"footnotes":""},"class_list":["post-177","page","type-page","status-publish","hentry"],"yoast_head":"<!-- This site is optimized with the Yoast SEO plugin v24.8.1 - https:\/\/yoast.com\/wordpress\/plugins\/seo\/ -->\n<title>Jurisdicci\u00f3n 1: Victoria - Secretar\u00eda de Salud<\/title>\n<meta name=\"robots\" content=\"index, follow, max-snippet:-1, max-image-preview:large, max-video-preview:-1\" \/>\n<link rel=\"canonical\" href=\"https:\/\/www.tamaulipas.gob.mx\/salud\/infraestructura-en-salud\/jurisdicciones-sanitarias\/jurisdiccion-1-victoria-2\/\" \/>\n<meta property=\"og:locale\" content=\"es_ES\" \/>\n<meta property=\"og:type\" content=\"article\" \/>\n<meta property=\"og:title\" content=\"Jurisdicci\u00f3n 1: Victoria - Secretar\u00eda de Salud\" \/>\n<meta property=\"og:description\" content=\"&nbsp; &nbsp; Caracter\u00edsticas, servicios y ubicaci\u00f3n de los centros de salud y unidades m\u00e9dicas &nbsp;\" \/>\n<meta property=\"og:url\" content=\"https:\/\/www.tamaulipas.gob.mx\/salud\/infraestructura-en-salud\/jurisdicciones-sanitarias\/jurisdiccion-1-victoria-2\/\" \/>\n<meta property=\"og:site_name\" content=\"Secretar\u00eda de Salud\" \/>\n<meta property=\"article:publisher\" content=\"https:\/\/www.facebook.com\/SaludTamaulipas\" \/>\n<meta property=\"article:modified_time\" content=\"2024-05-10T19:08:05+00:00\" \/>\n<meta property=\"og:image\" content=\"http:\/\/www.tamaulipas.gob.mx\/salud\/wp-content\/uploads\/sites\/4\/2016\/11\/victoria.png\" \/>\n<meta name=\"twitter:card\" content=\"summary_large_image\" \/>\n<meta name=\"twitter:label1\" content=\"Tiempo de lectura\" \/>\n\t<meta name=\"twitter:data1\" content=\"2 minutos\" \/>\n<script type=\"application\/ld+json\" class=\"yoast-schema-graph\">{\"@context\":\"https:\/\/schema.org\",\"@graph\":[{\"@type\":\"WebPage\",\"@id\":\"https:\/\/www.tamaulipas.gob.mx\/salud\/infraestructura-en-salud\/jurisdicciones-sanitarias\/jurisdiccion-1-victoria-2\/\",\"url\":\"https:\/\/www.tamaulipas.gob.mx\/salud\/infraestructura-en-salud\/jurisdicciones-sanitarias\/jurisdiccion-1-victoria-2\/\",\"name\":\"Jurisdicci\u00f3n 1: Victoria - Secretar\u00eda de Salud\",\"isPartOf\":{\"@id\":\"https:\/\/www.tamaulipas.gob.mx\/salud\/#website\"},\"primaryImageOfPage\":{\"@id\":\"https:\/\/www.tamaulipas.gob.mx\/salud\/infraestructura-en-salud\/jurisdicciones-sanitarias\/jurisdiccion-1-victoria-2\/#primaryimage\"},\"image\":{\"@id\":\"https:\/\/www.tamaulipas.gob.mx\/salud\/infraestructura-en-salud\/jurisdicciones-sanitarias\/jurisdiccion-1-victoria-2\/#primaryimage\"},\"thumbnailUrl\":\"http:\/\/www.tamaulipas.gob.mx\/salud\/wp-content\/uploads\/sites\/4\/2016\/11\/victoria.png\",\"datePublished\":\"2016-11-02T15:35:51+00:00\",\"dateModified\":\"2024-05-10T19:08:05+00:00\",\"breadcrumb\":{\"@id\":\"https:\/\/www.tamaulipas.gob.mx\/salud\/infraestructura-en-salud\/jurisdicciones-sanitarias\/jurisdiccion-1-victoria-2\/#breadcrumb\"},\"inLanguage\":\"es\",\"potentialAction\":[{\"@type\":\"ReadAction\",\"target\":[\"https:\/\/www.tamaulipas.gob.mx\/salud\/infraestructura-en-salud\/jurisdicciones-sanitarias\/jurisdiccion-1-victoria-2\/\"]}]},{\"@type\":\"ImageObject\",\"inLanguage\":\"es\",\"@id\":\"https:\/\/www.tamaulipas.gob.mx\/salud\/infraestructura-en-salud\/jurisdicciones-sanitarias\/jurisdiccion-1-victoria-2\/#primaryimage\",\"url\":\"https:\/\/www.tamaulipas.gob.mx\/salud\/wp-content\/uploads\/sites\/4\/2016\/11\/victoria.png\",\"contentUrl\":\"https:\/\/www.tamaulipas.gob.mx\/salud\/wp-content\/uploads\/sites\/4\/2016\/11\/victoria.png\",\"width\":778,\"height\":938},{\"@type\":\"BreadcrumbList\",\"@id\":\"https:\/\/www.tamaulipas.gob.mx\/salud\/infraestructura-en-salud\/jurisdicciones-sanitarias\/jurisdiccion-1-victoria-2\/#breadcrumb\",\"itemListElement\":[{\"@type\":\"ListItem\",\"position\":1,\"name\":\"Portada\",\"item\":\"https:\/\/www.tamaulipas.gob.mx\/salud\/\"},{\"@type\":\"ListItem\",\"position\":2,\"name\":\"Infraestructura en Salud\",\"item\":\"https:\/\/www.tamaulipas.gob.mx\/salud\/infraestructura-en-salud\/\"},{\"@type\":\"ListItem\",\"position\":3,\"name\":\"Jurisdicciones Sanitarias\",\"item\":\"https:\/\/www.tamaulipas.gob.mx\/salud\/infraestructura-en-salud\/jurisdicciones-sanitarias\/\"},{\"@type\":\"ListItem\",\"position\":4,\"name\":\"Jurisdicci\u00f3n 1: Victoria\"}]},{\"@type\":\"WebSite\",\"@id\":\"https:\/\/www.tamaulipas.gob.mx\/salud\/#website\",\"url\":\"https:\/\/www.tamaulipas.gob.mx\/salud\/\",\"name\":\"Secretar\u00eda de Salud\",\"description\":\"Gobierno del Estado de Tamaulipas\",\"publisher\":{\"@id\":\"https:\/\/www.tamaulipas.gob.mx\/salud\/#organization\"},\"potentialAction\":[{\"@type\":\"SearchAction\",\"target\":{\"@type\":\"EntryPoint\",\"urlTemplate\":\"https:\/\/www.tamaulipas.gob.mx\/salud\/?s={search_term_string}\"},\"query-input\":{\"@type\":\"PropertyValueSpecification\",\"valueRequired\":true,\"valueName\":\"search_term_string\"}}],\"inLanguage\":\"es\"},{\"@type\":\"Organization\",\"@id\":\"https:\/\/www.tamaulipas.gob.mx\/salud\/#organization\",\"name\":\"Secretar\u00eda de Salud de Tamaulipas\",\"url\":\"https:\/\/www.tamaulipas.gob.mx\/salud\/\",\"logo\":{\"@type\":\"ImageObject\",\"inLanguage\":\"es\",\"@id\":\"https:\/\/www.tamaulipas.gob.mx\/salud\/#\/schema\/logo\/image\/\",\"url\":\"https:\/\/www.tamaulipas.gob.mx\/salud\/wp-content\/uploads\/sites\/4\/2022\/10\/logotamaulipas2022.png\",\"contentUrl\":\"https:\/\/www.tamaulipas.gob.mx\/salud\/wp-content\/uploads\/sites\/4\/2022\/10\/logotamaulipas2022.png\",\"width\":1200,\"height\":388,\"caption\":\"Secretar\u00eda de Salud de Tamaulipas\"},\"image\":{\"@id\":\"https:\/\/www.tamaulipas.gob.mx\/salud\/#\/schema\/logo\/image\/\"},\"sameAs\":[\"https:\/\/www.facebook.com\/SaludTamaulipas\"]}]}<\/script>\n<!-- \/ Yoast SEO plugin. -->","yoast_head_json":{"title":"Jurisdicci\u00f3n 1: Victoria - Secretar\u00eda de Salud","robots":{"index":"index","follow":"follow","max-snippet":"max-snippet:-1","max-image-preview":"max-image-preview:large","max-video-preview":"max-video-preview:-1"},"canonical":"https:\/\/www.tamaulipas.gob.mx\/salud\/infraestructura-en-salud\/jurisdicciones-sanitarias\/jurisdiccion-1-victoria-2\/","og_locale":"es_ES","og_type":"article","og_title":"Jurisdicci\u00f3n 1: Victoria - Secretar\u00eda de Salud","og_description":"&nbsp; &nbsp; Caracter\u00edsticas, servicios y ubicaci\u00f3n de los centros de salud y unidades m\u00e9dicas &nbsp;","og_url":"https:\/\/www.tamaulipas.gob.mx\/salud\/infraestructura-en-salud\/jurisdicciones-sanitarias\/jurisdiccion-1-victoria-2\/","og_site_name":"Secretar\u00eda de Salud","article_publisher":"https:\/\/www.facebook.com\/SaludTamaulipas","article_modified_time":"2024-05-10T19:08:05+00:00","og_image":[{"url":"http:\/\/www.tamaulipas.gob.mx\/salud\/wp-content\/uploads\/sites\/4\/2016\/11\/victoria.png","type":"","width":"","height":""}],"twitter_card":"summary_large_image","twitter_misc":{"Tiempo de lectura":"2 minutos"},"schema":{"@context":"https:\/\/schema.org","@graph":[{"@type":"WebPage","@id":"https:\/\/www.tamaulipas.gob.mx\/salud\/infraestructura-en-salud\/jurisdicciones-sanitarias\/jurisdiccion-1-victoria-2\/","url":"https:\/\/www.tamaulipas.gob.mx\/salud\/infraestructura-en-salud\/jurisdicciones-sanitarias\/jurisdiccion-1-victoria-2\/","name":"Jurisdicci\u00f3n 1: Victoria - Secretar\u00eda de Salud","isPartOf":{"@id":"https:\/\/www.tamaulipas.gob.mx\/salud\/#website"},"primaryImageOfPage":{"@id":"https:\/\/www.tamaulipas.gob.mx\/salud\/infraestructura-en-salud\/jurisdicciones-sanitarias\/jurisdiccion-1-victoria-2\/#primaryimage"},"image":{"@id":"https:\/\/www.tamaulipas.gob.mx\/salud\/infraestructura-en-salud\/jurisdicciones-sanitarias\/jurisdiccion-1-victoria-2\/#primaryimage"},"thumbnailUrl":"http:\/\/www.tamaulipas.gob.mx\/salud\/wp-content\/uploads\/sites\/4\/2016\/11\/victoria.png","datePublished":"2016-11-02T15:35:51+00:00","dateModified":"2024-05-10T19:08:05+00:00","breadcrumb":{"@id":"https:\/\/www.tamaulipas.gob.mx\/salud\/infraestructura-en-salud\/jurisdicciones-sanitarias\/jurisdiccion-1-victoria-2\/#breadcrumb"},"inLanguage":"es","potentialAction":[{"@type":"ReadAction","target":["https:\/\/www.tamaulipas.gob.mx\/salud\/infraestructura-en-salud\/jurisdicciones-sanitarias\/jurisdiccion-1-victoria-2\/"]}]},{"@type":"ImageObject","inLanguage":"es","@id":"https:\/\/www.tamaulipas.gob.mx\/salud\/infraestructura-en-salud\/jurisdicciones-sanitarias\/jurisdiccion-1-victoria-2\/#primaryimage","url":"https:\/\/www.tamaulipas.gob.mx\/salud\/wp-content\/uploads\/sites\/4\/2016\/11\/victoria.png","contentUrl":"https:\/\/www.tamaulipas.gob.mx\/salud\/wp-content\/uploads\/sites\/4\/2016\/11\/victoria.png","width":778,"height":938},{"@type":"BreadcrumbList","@id":"https:\/\/www.tamaulipas.gob.mx\/salud\/infraestructura-en-salud\/jurisdicciones-sanitarias\/jurisdiccion-1-victoria-2\/#breadcrumb","itemListElement":[{"@type":"ListItem","position":1,"name":"Portada","item":"https:\/\/www.tamaulipas.gob.mx\/salud\/"},{"@type":"ListItem","position":2,"name":"Infraestructura en Salud","item":"https:\/\/www.tamaulipas.gob.mx\/salud\/infraestructura-en-salud\/"},{"@type":"ListItem","position":3,"name":"Jurisdicciones Sanitarias","item":"https:\/\/www.tamaulipas.gob.mx\/salud\/infraestructura-en-salud\/jurisdicciones-sanitarias\/"},{"@type":"ListItem","position":4,"name":"Jurisdicci\u00f3n 1: Victoria"}]},{"@type":"WebSite","@id":"https:\/\/www.tamaulipas.gob.mx\/salud\/#website","url":"https:\/\/www.tamaulipas.gob.mx\/salud\/","name":"Secretar\u00eda de Salud","description":"Gobierno del Estado de Tamaulipas","publisher":{"@id":"https:\/\/www.tamaulipas.gob.mx\/salud\/#organization"},"potentialAction":[{"@type":"SearchAction","target":{"@type":"EntryPoint","urlTemplate":"https:\/\/www.tamaulipas.gob.mx\/salud\/?s={search_term_string}"},"query-input":{"@type":"PropertyValueSpecification","valueRequired":true,"valueName":"search_term_string"}}],"inLanguage":"es"},{"@type":"Organization","@id":"https:\/\/www.tamaulipas.gob.mx\/salud\/#organization","name":"Secretar\u00eda de Salud de Tamaulipas","url":"https:\/\/www.tamaulipas.gob.mx\/salud\/","logo":{"@type":"ImageObject","inLanguage":"es","@id":"https:\/\/www.tamaulipas.gob.mx\/salud\/#\/schema\/logo\/image\/","url":"https:\/\/www.tamaulipas.gob.mx\/salud\/wp-content\/uploads\/sites\/4\/2022\/10\/logotamaulipas2022.png","contentUrl":"https:\/\/www.tamaulipas.gob.mx\/salud\/wp-content\/uploads\/sites\/4\/2022\/10\/logotamaulipas2022.png","width":1200,"height":388,"caption":"Secretar\u00eda de Salud de Tamaulipas"},"image":{"@id":"https:\/\/www.tamaulipas.gob.mx\/salud\/#\/schema\/logo\/image\/"},"sameAs":["https:\/\/www.facebook.com\/SaludTamaulipas"]}]}},"publishpress_future_action":{"enabled":false,"date":"2026-04-28 05:50:17","action":"change-status","newStatus":"draft","terms":[],"taxonomy":""},"_links":{"self":[{"href":"https:\/\/www.tamaulipas.gob.mx\/salud\/wp-json\/wp\/v2\/pages\/177"}],"collection":[{"href":"https:\/\/www.tamaulipas.gob.mx\/salud\/wp-json\/wp\/v2\/pages"}],"about":[{"href":"https:\/\/www.tamaulipas.gob.mx\/salud\/wp-json\/wp\/v2\/types\/page"}],"author":[{"embeddable":true,"href":"https:\/\/www.tamaulipas.gob.mx\/salud\/wp-json\/wp\/v2\/users\/19"}],"replies":[{"embeddable":true,"href":"https:\/\/www.tamaulipas.gob.mx\/salud\/wp-json\/wp\/v2\/comments?post=177"}],"version-history":[{"count":9,"href":"https:\/\/www.tamaulipas.gob.mx\/salud\/wp-json\/wp\/v2\/pages\/177\/revisions"}],"predecessor-version":[{"id":15435,"href":"https:\/\/www.tamaulipas.gob.mx\/salud\/wp-json\/wp\/v2\/pages\/177\/revisions\/15435"}],"up":[{"embeddable":true,"href":"https:\/\/www.tamaulipas.gob.mx\/salud\/wp-json\/wp\/v2\/pages\/169"}],"wp:attachment":[{"href":"https:\/\/www.tamaulipas.gob.mx\/salud\/wp-json\/wp\/v2\/media?parent=177"}],"curies":[{"name":"wp","href":"https:\/\/api.w.org\/{rel}","templated":true}]}}