{"id":115,"date":"2016-11-01T16:13:58","date_gmt":"2016-11-01T22:13:58","guid":{"rendered":"http:\/\/www.tamaulipas.gob.mx\/salud\/?page_id=115"},"modified":"2023-01-06T14:29:22","modified_gmt":"2023-01-06T20:29:22","slug":"centro-oncologico-de-tamaulipas","status":"publish","type":"page","link":"https:\/\/www.tamaulipas.gob.mx\/salud\/infraestructura-en-salud\/centro-oncologico-de-tamaulipas\/","title":{"rendered":"Centro Oncol\u00f3gico de Tamaulipas"},"content":{"rendered":"<div class=\"panel-group\" id=\"custom-collapse-0\">\n<div class=\"panel panel-default\">\n\t\t\t\t<div class=\"panel-heading\">\n\t\t\t\t\t<h4 class=\"panel-title\">\n\t\t\t\t\t\t<a class=\"collapsed\" data-toggle=\"collapse\" data-parent=\"#custom-collapse-0\" href=\"#custom-collapse-0-0\">Antecedentes<\/a>\n\t\t\t\t\t<\/h4>\n\t\t\t\t<\/div>\n\t\t\t\t<div id=\"custom-collapse-0-0\" class=\"panel-collapse collapse\">\n\t\t\t\t\t<div class=\"panel-body\">\nEsta unidad oncol\u00f3gica fue creada en el a\u00f1o de 1999, con el fin de otorgar atenci\u00f3n m\u00e9dica especializada a pacientes de poblaci\u00f3n abierta con diagn\u00f3stico de c\u00e1ncer.<br \/>\n<\/div>\n\t\t\t\t<\/div>\n\t\t\t<\/div>\n<div class=\"panel panel-default\">\n\t\t\t\t<div class=\"panel-heading\">\n\t\t\t\t\t<h4 class=\"panel-title\">\n\t\t\t\t\t\t<a class=\"\" data-toggle=\"collapse\" data-parent=\"#custom-collapse-0\" href=\"#custom-collapse-0-1\">Misi\u00f3n y Visi\u00f3n<\/a>\n\t\t\t\t\t<\/h4>\n\t\t\t\t<\/div>\n\t\t\t\t<div id=\"custom-collapse-0-1\" class=\"panel-collapse in\">\n\t\t\t\t\t<div class=\"panel-body\">\n<p><strong>Misi\u00f3n<\/strong><\/p>\n<p>Es una dependencia de la Secretar\u00eda de Salud dedicada a la atenci\u00f3n m\u00e9dica de los enfermos con c\u00e1ncer de la poblaci\u00f3n abierta (que no cuenta con seguridad social m\u00e9dica) fundamentalmente, para lograr darle cobertura en atenci\u00f3n a este problema de salud p\u00fablica en el estado y la regi\u00f3n que anteriormente no exist\u00eda de manera especializada, para lo cual cuenta con personal y equipo m\u00e9dico calificados y especializados.<\/p>\n<p><strong>Visi\u00f3n<\/strong><\/p>\n<p>Es razonablemente ambicioso plantear un horizonte a futuro de llegar a ser un centro de atenci\u00f3n estatal y regional de manera palpable y contar con el personal m\u00e9dico y administrativo que conformen un equipo lo m\u00e1s completo posible y con la infraestructura y tecnolog\u00eda fundamentales para satisfacer al m\u00e1ximo las m\u00faltiples demandas que se deriven de los enfermos con c\u00e1ncer.<\/p>\n<p>Para esto, no obstante ser una dependencia p\u00fablica gubernamental, debe invitarse el concurso de m\u00faltiples sectores de la sociedad, p\u00fablicos y privados, ya que requiere de grandes esfuerzos.<\/p>\n<p>Adem\u00e1s de que deber\u00e1 ir evolucionando su planeaci\u00f3n administrativa para lograr un m\u00ednimo de autosuficiencia razonable para poder seguir sustentando su operatividad. Sin olvidar que no tender\u00e1 al lucro y discriminaci\u00f3n de sectores, sino a la justicia y equidad social.<br \/>\n<\/div>\n\t\t\t\t<\/div>\n\t\t\t<\/div>\n<div class=\"panel panel-default\">\n\t\t\t\t<div class=\"panel-heading\">\n\t\t\t\t\t<h4 class=\"panel-title\">\n\t\t\t\t\t\t<a class=\"collapsed\" data-toggle=\"collapse\" data-parent=\"#custom-collapse-0\" href=\"#custom-collapse-0-2\">Valores<\/a>\n\t\t\t\t\t<\/h4>\n\t\t\t\t<\/div>\n\t\t\t\t<div id=\"custom-collapse-0-2\" class=\"panel-collapse collapse\">\n\t\t\t\t\t<div class=\"panel-body\">\n<ul>\n<li>Servicio.<\/li>\n<li>Deseos de superaci\u00f3n.<\/li>\n<li>Entusiasmo.<\/li>\n<li>Honestidad.<\/li>\n<li>Participaci\u00f3n.<\/li>\n<li>\u00c1nimo.<\/li>\n<li>Fortaleza espiritual.<\/li>\n<li>Equidad.<\/li>\n<li>Justicia.<\/li>\n<li>Tolerancia.<\/li>\n<li>Comprensi\u00f3n.<\/li>\n<li>Respeto.<\/li>\n<li>Compa\u00f1erismo.<\/li>\n<li>Humildad.<\/li>\n<li>Atenci\u00f3n.<\/li>\n<\/ul>\n<\/div>\n\t\t\t\t<\/div>\n\t\t\t<\/div>\n<div class=\"panel panel-default\">\n\t\t\t\t<div class=\"panel-heading\">\n\t\t\t\t\t<h4 class=\"panel-title\">\n\t\t\t\t\t\t<a class=\"collapsed\" data-toggle=\"collapse\" data-parent=\"#custom-collapse-0\" href=\"#custom-collapse-0-3\">Pol\u00edtica de Calidad y Objetivo<\/a>\n\t\t\t\t\t<\/h4>\n\t\t\t\t<\/div>\n\t\t\t\t<div id=\"custom-collapse-0-3\" class=\"panel-collapse collapse\">\n\t\t\t\t\t<div class=\"panel-body\">\nEsta unidad oncol\u00f3gica de 3 nivel de atenci\u00f3n, tiene el objetivo \u00a0\u00a0de\u00a0 \u00a0otorgar \u00a0\u00a0\u00a0atenci\u00f3n \u00a0\u00a0de especialidad en forma oportuna y de calidad \u00a0a pacientes de poblaci\u00f3n abierta con diagnostico de c\u00e1ncer.<br \/>\n<\/div>\n\t\t\t\t<\/div>\n\t\t\t<\/div>\n<div class=\"panel panel-default\">\n\t\t\t\t<div class=\"panel-heading\">\n\t\t\t\t\t<h4 class=\"panel-title\">\n\t\t\t\t\t\t<a class=\"collapsed\" data-toggle=\"collapse\" data-parent=\"#custom-collapse-0\" href=\"#custom-collapse-0-4\">Modo de Operaci\u00f3n<\/a>\n\t\t\t\t\t<\/h4>\n\t\t\t\t<\/div>\n\t\t\t\t<div id=\"custom-collapse-0-4\" class=\"panel-collapse collapse\">\n\t\t\t\t\t<div class=\"panel-body\">\nSe otorga atenci\u00f3n m\u00e9dica especializada ambulatoria de 3er. Nivel, a pacientes de poblaci\u00f3n abierta previamente diagnosticados de c\u00e1ncer, se trabaja en forma conjunta con los diferentes hospitales de la Secretaria De Salud En El Estado.<br \/>\n<\/div>\n\t\t\t\t<\/div>\n\t\t\t<\/div>\n<div class=\"panel panel-default\">\n\t\t\t\t<div class=\"panel-heading\">\n\t\t\t\t\t<h4 class=\"panel-title\">\n\t\t\t\t\t\t<a class=\"collapsed\" data-toggle=\"collapse\" data-parent=\"#custom-collapse-0\" href=\"#custom-collapse-0-5\">Tr\u00e1mites y Servicios<\/a>\n\t\t\t\t\t<\/h4>\n\t\t\t\t<\/div>\n\t\t\t\t<div id=\"custom-collapse-0-5\" class=\"panel-collapse collapse\">\n\t\t\t\t\t<div class=\"panel-body\">\nCosto seg\u00fan nivel socioecon\u00f3mico del paciente.<br \/>\n<\/div>\n\t\t\t\t<\/div>\n\t\t\t<\/div>\n<div class=\"panel panel-default\">\n\t\t\t\t<div class=\"panel-heading\">\n\t\t\t\t\t<h4 class=\"panel-title\">\n\t\t\t\t\t\t<a class=\"collapsed\" data-toggle=\"collapse\" data-parent=\"#custom-collapse-0\" href=\"#custom-collapse-0-6\">Infraestructura<\/a>\n\t\t\t\t\t<\/h4>\n\t\t\t\t<\/div>\n\t\t\t\t<div id=\"custom-collapse-0-6\" class=\"panel-collapse collapse\">\n\t\t\t\t\t<div class=\"panel-body\">\n<ul>\n<li>Consultorio De Especialidad En Oncolog\u00eda Media.<\/li>\n<li>Consultorio De Especialidad En Ginecooncolog\u00eda.<\/li>\n<li>Consultorio De Especialidad En Radio Oncolog\u00eda.<\/li>\n<li>Consultorio De Especialidad En Cl\u00ednica De Dolor Y Cuidados Paliativos.<\/li>\n<li>Consultorio De Especialidad En Psicooncolog\u00eda.<\/li>\n<li>Laboratorio De Anatom\u00eda Patol\u00f3gica.<\/li>\n<li>Sala De Quimioterapia.<\/li>\n<li>Sala De Radioterapia (Bomba De Cobalto).<\/li>\n<li>\u00c1rea De Moldes.<\/li>\n<li>\u00c1rea De Simulaci\u00f3n.<\/li>\n<li>Cuarto Obscuro.<\/li>\n<li>\u00c1rea De F\u00edsica Y Seguridad Radiol\u00f3gica.<\/li>\n<li>\u00c1rea De Trabajo Social.<\/li>\n<li>Farmacia.<\/li>\n<li>Sala De Espera.<\/li>\n<li>Cuarto De Almac\u00e9n.<\/li>\n<li>\u00c1reas Administrativas (Direcci\u00f3n, Administraci\u00f3n, Recursos Humanos, Caja, Recursos Materiales, Estad\u00edstica Y Archivo Cl\u00ednico).<\/li>\n<\/ul>\n<\/div>\n\t\t\t\t<\/div>\n\t\t\t<\/div>\n<\/div>\n<p><strong>Para mayor informaci\u00f3n se puede comunicar a:<\/strong><\/p>\n<blockquote><p>Centro Oncol\u00f3gico de Tamaulipas<br \/>\nAvenida del Maestro Numero 116, Fraccionamiento Las Flores, entre Calzada Gral. Luis Caballero y \u00c9bano, C.P. 87078 Cd. Victoria, Tamaulipas.<br \/>\nCorreo: centro.oncologico@tamaulipas.gob.mx<br \/>\nTel: 834 120 02 30, 834 120 02 44, 834 312 65 28.<\/p><\/blockquote>\n","protected":false},"excerpt":{"rendered":"<p>Para mayor informaci\u00f3n se puede comunicar a: Centro Oncol\u00f3gico de Tamaulipas Avenida del Maestro Numero 116, Fraccionamiento Las Flores, entre Calzada Gral. Luis Caballero y\u2026<\/p>\n","protected":false},"author":19,"featured_media":0,"parent":111,"menu_order":0,"comment_status":"closed","ping_status":"closed","template":"","meta":{"footnotes":""},"class_list":["post-115","page","type-page","status-publish","hentry"],"yoast_head":"<!-- This site is optimized with the Yoast SEO plugin v24.8.1 - https:\/\/yoast.com\/wordpress\/plugins\/seo\/ -->\n<title>Centro Oncol\u00f3gico de Tamaulipas - Secretar\u00eda de Salud<\/title>\n<meta name=\"robots\" content=\"index, follow, max-snippet:-1, max-image-preview:large, max-video-preview:-1\" \/>\n<link rel=\"canonical\" href=\"https:\/\/www.tamaulipas.gob.mx\/salud\/infraestructura-en-salud\/centro-oncologico-de-tamaulipas\/\" \/>\n<meta property=\"og:locale\" content=\"es_ES\" \/>\n<meta property=\"og:type\" content=\"article\" \/>\n<meta property=\"og:title\" content=\"Centro Oncol\u00f3gico de Tamaulipas - Secretar\u00eda de Salud\" \/>\n<meta property=\"og:description\" content=\"Para mayor informaci\u00f3n se puede comunicar a: Centro Oncol\u00f3gico de Tamaulipas Avenida del Maestro Numero 116, Fraccionamiento Las Flores, entre Calzada Gral. Luis Caballero y\u2026\" \/>\n<meta property=\"og:url\" content=\"https:\/\/www.tamaulipas.gob.mx\/salud\/infraestructura-en-salud\/centro-oncologico-de-tamaulipas\/\" \/>\n<meta property=\"og:site_name\" content=\"Secretar\u00eda de Salud\" \/>\n<meta property=\"article:publisher\" content=\"https:\/\/www.facebook.com\/SaludTamaulipas\" \/>\n<meta property=\"article:modified_time\" content=\"2023-01-06T20:29:22+00:00\" \/>\n<meta property=\"og:image\" content=\"https:\/\/www.tamaulipas.gob.mx\/salud\/wp-content\/uploads\/sites\/4\/2022\/10\/logotamaulipas2022.png\" \/>\n\t<meta property=\"og:image:width\" content=\"1200\" \/>\n\t<meta property=\"og:image:height\" content=\"388\" \/>\n\t<meta property=\"og:image:type\" content=\"image\/png\" \/>\n<meta name=\"twitter:card\" content=\"summary_large_image\" \/>\n<meta name=\"twitter:label1\" content=\"Tiempo de lectura\" \/>\n\t<meta name=\"twitter:data1\" content=\"3 minutos\" \/>\n<script type=\"application\/ld+json\" class=\"yoast-schema-graph\">{\"@context\":\"https:\/\/schema.org\",\"@graph\":[{\"@type\":\"WebPage\",\"@id\":\"https:\/\/www.tamaulipas.gob.mx\/salud\/infraestructura-en-salud\/centro-oncologico-de-tamaulipas\/\",\"url\":\"https:\/\/www.tamaulipas.gob.mx\/salud\/infraestructura-en-salud\/centro-oncologico-de-tamaulipas\/\",\"name\":\"Centro Oncol\u00f3gico de Tamaulipas - Secretar\u00eda de Salud\",\"isPartOf\":{\"@id\":\"https:\/\/www.tamaulipas.gob.mx\/salud\/#website\"},\"datePublished\":\"2016-11-01T22:13:58+00:00\",\"dateModified\":\"2023-01-06T20:29:22+00:00\",\"breadcrumb\":{\"@id\":\"https:\/\/www.tamaulipas.gob.mx\/salud\/infraestructura-en-salud\/centro-oncologico-de-tamaulipas\/#breadcrumb\"},\"inLanguage\":\"es\",\"potentialAction\":[{\"@type\":\"ReadAction\",\"target\":[\"https:\/\/www.tamaulipas.gob.mx\/salud\/infraestructura-en-salud\/centro-oncologico-de-tamaulipas\/\"]}]},{\"@type\":\"BreadcrumbList\",\"@id\":\"https:\/\/www.tamaulipas.gob.mx\/salud\/infraestructura-en-salud\/centro-oncologico-de-tamaulipas\/#breadcrumb\",\"itemListElement\":[{\"@type\":\"ListItem\",\"position\":1,\"name\":\"Portada\",\"item\":\"https:\/\/www.tamaulipas.gob.mx\/salud\/\"},{\"@type\":\"ListItem\",\"position\":2,\"name\":\"Infraestructura en Salud\",\"item\":\"https:\/\/www.tamaulipas.gob.mx\/salud\/infraestructura-en-salud\/\"},{\"@type\":\"ListItem\",\"position\":3,\"name\":\"Centro Oncol\u00f3gico de Tamaulipas\"}]},{\"@type\":\"WebSite\",\"@id\":\"https:\/\/www.tamaulipas.gob.mx\/salud\/#website\",\"url\":\"https:\/\/www.tamaulipas.gob.mx\/salud\/\",\"name\":\"Secretar\u00eda de Salud\",\"description\":\"Gobierno del Estado de Tamaulipas\",\"publisher\":{\"@id\":\"https:\/\/www.tamaulipas.gob.mx\/salud\/#organization\"},\"potentialAction\":[{\"@type\":\"SearchAction\",\"target\":{\"@type\":\"EntryPoint\",\"urlTemplate\":\"https:\/\/www.tamaulipas.gob.mx\/salud\/?s={search_term_string}\"},\"query-input\":{\"@type\":\"PropertyValueSpecification\",\"valueRequired\":true,\"valueName\":\"search_term_string\"}}],\"inLanguage\":\"es\"},{\"@type\":\"Organization\",\"@id\":\"https:\/\/www.tamaulipas.gob.mx\/salud\/#organization\",\"name\":\"Secretar\u00eda de Salud de Tamaulipas\",\"url\":\"https:\/\/www.tamaulipas.gob.mx\/salud\/\",\"logo\":{\"@type\":\"ImageObject\",\"inLanguage\":\"es\",\"@id\":\"https:\/\/www.tamaulipas.gob.mx\/salud\/#\/schema\/logo\/image\/\",\"url\":\"https:\/\/www.tamaulipas.gob.mx\/salud\/wp-content\/uploads\/sites\/4\/2022\/10\/logotamaulipas2022.png\",\"contentUrl\":\"https:\/\/www.tamaulipas.gob.mx\/salud\/wp-content\/uploads\/sites\/4\/2022\/10\/logotamaulipas2022.png\",\"width\":1200,\"height\":388,\"caption\":\"Secretar\u00eda de Salud de Tamaulipas\"},\"image\":{\"@id\":\"https:\/\/www.tamaulipas.gob.mx\/salud\/#\/schema\/logo\/image\/\"},\"sameAs\":[\"https:\/\/www.facebook.com\/SaludTamaulipas\"]}]}<\/script>\n<!-- \/ Yoast SEO plugin. -->","yoast_head_json":{"title":"Centro Oncol\u00f3gico de Tamaulipas - Secretar\u00eda de Salud","robots":{"index":"index","follow":"follow","max-snippet":"max-snippet:-1","max-image-preview":"max-image-preview:large","max-video-preview":"max-video-preview:-1"},"canonical":"https:\/\/www.tamaulipas.gob.mx\/salud\/infraestructura-en-salud\/centro-oncologico-de-tamaulipas\/","og_locale":"es_ES","og_type":"article","og_title":"Centro Oncol\u00f3gico de Tamaulipas - Secretar\u00eda de Salud","og_description":"Para mayor informaci\u00f3n se puede comunicar a: Centro Oncol\u00f3gico de Tamaulipas Avenida del Maestro Numero 116, Fraccionamiento Las Flores, entre Calzada Gral. Luis Caballero y\u2026","og_url":"https:\/\/www.tamaulipas.gob.mx\/salud\/infraestructura-en-salud\/centro-oncologico-de-tamaulipas\/","og_site_name":"Secretar\u00eda de Salud","article_publisher":"https:\/\/www.facebook.com\/SaludTamaulipas","article_modified_time":"2023-01-06T20:29:22+00:00","og_image":[{"width":1200,"height":388,"url":"https:\/\/www.tamaulipas.gob.mx\/salud\/wp-content\/uploads\/sites\/4\/2022\/10\/logotamaulipas2022.png","type":"image\/png"}],"twitter_card":"summary_large_image","twitter_misc":{"Tiempo de lectura":"3 minutos"},"schema":{"@context":"https:\/\/schema.org","@graph":[{"@type":"WebPage","@id":"https:\/\/www.tamaulipas.gob.mx\/salud\/infraestructura-en-salud\/centro-oncologico-de-tamaulipas\/","url":"https:\/\/www.tamaulipas.gob.mx\/salud\/infraestructura-en-salud\/centro-oncologico-de-tamaulipas\/","name":"Centro Oncol\u00f3gico de Tamaulipas - Secretar\u00eda de Salud","isPartOf":{"@id":"https:\/\/www.tamaulipas.gob.mx\/salud\/#website"},"datePublished":"2016-11-01T22:13:58+00:00","dateModified":"2023-01-06T20:29:22+00:00","breadcrumb":{"@id":"https:\/\/www.tamaulipas.gob.mx\/salud\/infraestructura-en-salud\/centro-oncologico-de-tamaulipas\/#breadcrumb"},"inLanguage":"es","potentialAction":[{"@type":"ReadAction","target":["https:\/\/www.tamaulipas.gob.mx\/salud\/infraestructura-en-salud\/centro-oncologico-de-tamaulipas\/"]}]},{"@type":"BreadcrumbList","@id":"https:\/\/www.tamaulipas.gob.mx\/salud\/infraestructura-en-salud\/centro-oncologico-de-tamaulipas\/#breadcrumb","itemListElement":[{"@type":"ListItem","position":1,"name":"Portada","item":"https:\/\/www.tamaulipas.gob.mx\/salud\/"},{"@type":"ListItem","position":2,"name":"Infraestructura en Salud","item":"https:\/\/www.tamaulipas.gob.mx\/salud\/infraestructura-en-salud\/"},{"@type":"ListItem","position":3,"name":"Centro Oncol\u00f3gico de Tamaulipas"}]},{"@type":"WebSite","@id":"https:\/\/www.tamaulipas.gob.mx\/salud\/#website","url":"https:\/\/www.tamaulipas.gob.mx\/salud\/","name":"Secretar\u00eda de Salud","description":"Gobierno del Estado de Tamaulipas","publisher":{"@id":"https:\/\/www.tamaulipas.gob.mx\/salud\/#organization"},"potentialAction":[{"@type":"SearchAction","target":{"@type":"EntryPoint","urlTemplate":"https:\/\/www.tamaulipas.gob.mx\/salud\/?s={search_term_string}"},"query-input":{"@type":"PropertyValueSpecification","valueRequired":true,"valueName":"search_term_string"}}],"inLanguage":"es"},{"@type":"Organization","@id":"https:\/\/www.tamaulipas.gob.mx\/salud\/#organization","name":"Secretar\u00eda de Salud de Tamaulipas","url":"https:\/\/www.tamaulipas.gob.mx\/salud\/","logo":{"@type":"ImageObject","inLanguage":"es","@id":"https:\/\/www.tamaulipas.gob.mx\/salud\/#\/schema\/logo\/image\/","url":"https:\/\/www.tamaulipas.gob.mx\/salud\/wp-content\/uploads\/sites\/4\/2022\/10\/logotamaulipas2022.png","contentUrl":"https:\/\/www.tamaulipas.gob.mx\/salud\/wp-content\/uploads\/sites\/4\/2022\/10\/logotamaulipas2022.png","width":1200,"height":388,"caption":"Secretar\u00eda de Salud de Tamaulipas"},"image":{"@id":"https:\/\/www.tamaulipas.gob.mx\/salud\/#\/schema\/logo\/image\/"},"sameAs":["https:\/\/www.facebook.com\/SaludTamaulipas"]}]}},"publishpress_future_action":{"enabled":false,"date":"2026-04-28 05:50:19","action":"change-status","newStatus":"draft","terms":[],"taxonomy":""},"_links":{"self":[{"href":"https:\/\/www.tamaulipas.gob.mx\/salud\/wp-json\/wp\/v2\/pages\/115"}],"collection":[{"href":"https:\/\/www.tamaulipas.gob.mx\/salud\/wp-json\/wp\/v2\/pages"}],"about":[{"href":"https:\/\/www.tamaulipas.gob.mx\/salud\/wp-json\/wp\/v2\/types\/page"}],"author":[{"embeddable":true,"href":"https:\/\/www.tamaulipas.gob.mx\/salud\/wp-json\/wp\/v2\/users\/19"}],"replies":[{"embeddable":true,"href":"https:\/\/www.tamaulipas.gob.mx\/salud\/wp-json\/wp\/v2\/comments?post=115"}],"version-history":[{"count":8,"href":"https:\/\/www.tamaulipas.gob.mx\/salud\/wp-json\/wp\/v2\/pages\/115\/revisions"}],"predecessor-version":[{"id":14312,"href":"https:\/\/www.tamaulipas.gob.mx\/salud\/wp-json\/wp\/v2\/pages\/115\/revisions\/14312"}],"up":[{"embeddable":true,"href":"https:\/\/www.tamaulipas.gob.mx\/salud\/wp-json\/wp\/v2\/pages\/111"}],"wp:attachment":[{"href":"https:\/\/www.tamaulipas.gob.mx\/salud\/wp-json\/wp\/v2\/media?parent=115"}],"curies":[{"name":"wp","href":"https:\/\/api.w.org\/{rel}","templated":true}]}}