{"id":111,"date":"2016-11-01T16:11:07","date_gmt":"2016-11-01T22:11:07","guid":{"rendered":"http:\/\/www.tamaulipas.gob.mx\/salud\/?page_id=111"},"modified":"2023-07-04T15:01:54","modified_gmt":"2023-07-04T21:01:54","slug":"infraestructura-en-salud","status":"publish","type":"page","link":"https:\/\/www.tamaulipas.gob.mx\/salud\/infraestructura-en-salud\/","title":{"rendered":"Infraestructura en Salud"},"content":{"rendered":"<div class=\"row\">\n<div class=\"col-sm-6\">\n<div class='cuadro-interior celeste'><h2>Centro Estatal de Transfusi\u00f3n Sangu\u00ednea<\/h2>\nTiene como objetivo ofrecer tejido sangu\u00edneo con m\u00ednimo riesgo y en forma oportuna y expedita a la poblaci\u00f3n solicitante.<\/p>\n<a href=\"http:\/\/www.tamaulipas.gob.mx\/salud\/infraestructura-en-salud\/centro-estatal-de-transfusion-sanguinea\/\" class=\"btn btn-primary btn-sm pull-right\"><i class=\"fa fa-external-link\"><\/i> M\u00e1s informaci\u00f3n <\/a>\n<p>&nbsp;<\/p>\n<\/div>\n<\/div>\n<div class=\"col-sm-6\">\n<div class='cuadro-interior aqua'><h2>Centro Oncol\u00f3gico<\/h2>\nEs una dependencia de la Secretar\u00eda de Salud dedicada a la atenci\u00f3n m\u00e9dica de los enfermos con c\u00e1ncer de la poblaci\u00f3n abierta<\/p>\n<a href=\"http:\/\/www.tamaulipas.gob.mx\/salud\/infraestructura-en-salud\/centro-oncologico-de-tamaulipas\/\" class=\"btn btn-primary btn-sm pull-right\"><i class=\"fa fa-external-link\"><\/i> M\u00e1s informaci\u00f3n <\/a>\n<p>&nbsp;<\/p>\n<\/div>\n<\/div>\n<\/div>\n<div class=\"row\">\n<div class=\"col-sm-6\">\n<div class='cuadro-interior azul'><h2>Centro RENACER<\/h2>\nConoce a cerca de las especialidades y forma de contacto del Centro<\/p>\n<a href=\"http:\/\/www.tamaulipas.gob.mx\/salud\/infraestructura-en-salud\/centro-renacer\/\" class=\"btn btn-primary btn-sm pull-right\"><i class=\"fa fa-external-link\"><\/i> M\u00e1s informaci\u00f3n<\/a>\n<p>&nbsp;<\/p>\n<\/div>\n<\/div>\n<div class=\"col-sm-6\">\n<div class='cuadro-interior verde'><h2>Hospitales Psiqui\u00e1trico de Tampico<\/h2>\nConoce a cerca de las especialidades y forma de contacto del Hospital<\/p>\n<a href=\"http:\/\/www.tamaulipas.gob.mx\/salud\/infraestructura-en-salud\/hospital-psiquiatrico-de-tampico\/\" class=\"btn btn-primary btn-sm pull-right\"><i class=\"fa fa-external-link\"><\/i> M\u00e1s informaci\u00f3n <\/a>\n<p>&nbsp;<\/p>\n<\/div>\n<\/div>\n<\/div>\n<div class=\"row\">\n<div class=\"col-sm-6\">\n<div class='cuadro-interior azul-oscuro'><h2>Hospitales Civiles<\/h2>\n<ul>\n<li><a href=\"http:\/\/www.tamaulipas.gob.mx\/salud\/infraestructura-en-salud\/hospitales-civiles\/hospital-civil-de-madero\/\"><i class=\"fa fa-external-link\"><\/i> \u00a0Hospital Civil Madero<\/a><\/li>\n<li><a href=\"http:\/\/www.tamaulipas.gob.mx\/salud\/infraestructura-en-salud\/hospitales-civiles\/hospital-civil-nuevo-laredo\/\"><i class=\"fa fa-external-link\"><\/i> \u00a0Hospital Civil Nuevo Laredo<\/a><\/li>\n<li><a href=\"http:\/\/www.tamaulipas.gob.mx\/salud\/infraestructura-en-salud\/hospitales-civiles\/hospital-civil-valle-hermoso\/\"><i class=\"fa fa-external-link\"><\/i> \u00a0Hospital Civil Valle Hermoso<\/a><\/li>\n<li><a href=\"http:\/\/www.tamaulipas.gob.mx\/salud\/infraestructura-en-salud\/hospitales-civiles\/hospital-civil-victoria\/\"><i class=\"fa fa-external-link\"><\/i> \u00a0Hospital Civil Victoria<\/a><\/li>\n<\/ul>\n<\/div>\n<\/div>\n<div class=\"col-sm-6\">\n<div class='cuadro-interior azul-claro'><h2>Hospitales Generales<\/h2>\n<ul>\n<li><a href=\"http:\/\/www.tamaulipas.gob.mx\/salud\/infraestructura-en-salud\/hospitales-generales\/hospital-general-altamira\/\"><i class=\"fa fa-external-link\"><\/i> \u00a0Hospital General Altamira<\/a><\/li>\n<li><a href=\"http:\/\/www.tamaulipas.gob.mx\/salud\/infraestructura-en-salud\/hospitales-generales\/hospital-general-mante\/\"><i class=\"fa fa-external-link\"><\/i> \u00a0Hospital General Mante<\/a><\/li>\n<li><a href=\"http:\/\/www.tamaulipas.gob.mx\/salud\/infraestructura-en-salud\/hospitales-generales\/hospital-general-matamoros\/\"><i class=\"fa fa-external-link\"><\/i> \u00a0Hospital General Matamoros<\/a><\/li>\n<li><a href=\"http:\/\/www.tamaulipas.gob.mx\/salud\/infraestructura-en-salud\/hospitales-generales\/hospital-general-nuevo-laredo\/\"><i class=\"fa fa-external-link\"><\/i> \u00a0Hospital General Nuevo Laredo<\/a><\/li>\n<li><a href=\"http:\/\/www.tamaulipas.gob.mx\/salud\/infraestructura-en-salud\/hospitales-generales\/hospital-general-reynosa\/\"><i class=\"fa fa-external-link\"><\/i> \u00a0Hospital General Reynosa<\/a><\/li>\n<li><a href=\"http:\/\/www.tamaulipas.gob.mx\/salud\/infraestructura-en-salud\/hospitales-generales\/hospital-general-san-fernando\/\"><i class=\"fa fa-external-link\"><\/i> \u00a0Hospital General San Fernando<\/a><\/li>\n<li><a href=\"http:\/\/www.tamaulipas.gob.mx\/salud\/infraestructura-en-salud\/hospitales-generales\/hospital-general-tampico\/\"><i class=\"fa fa-external-link\"><\/i> \u00a0Hospital General de Tampico<\/a><\/li>\n<li><a href=\"http:\/\/www.tamaulipas.gob.mx\/salud\/infraestructura-en-salud\/hospitales-generales\/hospital-general-victoria\/\"><i class=\"fa fa-external-link\"><\/i> \u00a0Hospital General Victoria<\/a><\/li>\n<\/ul>\n<\/div>\n<\/div>\n<\/div>\n<div class=\"row\">\n<div class=\"col-sm-6\">\n<div class='cuadro-interior celeste'><h2>Hospitales Infantiles<\/h2>\n<ul>\n<li><a href=\"http:\/\/www.tamaulipas.gob.mx\/salud\/infraestructura-en-salud\/hospitales-infantiles\/hospital-infantil-de-tamaulipas\/\"><i class=\"fa fa-external-link\"><\/i> \u00a0Hospital Infantil de Tamaulipas<\/a><\/li>\n<li><a href=\"http:\/\/www.tamaulipas.gob.mx\/salud\/infraestructura-en-salud\/hospitales-infantiles\/hospital-materno-infantil-reynosa\/\"><i class=\"fa fa-external-link\"><\/i> \u00a0Hospital Infantil de Reynosa<\/a><\/li>\n<\/ul>\n<\/div>\n<\/div>\n<div class=\"col-sm-6\">\n<div class='cuadro-interior aqua'><h2>Hospitales Integrales<\/h2>\n<ul>\n<li><a href=\"http:\/\/www.tamaulipas.gob.mx\/salud\/infraestructura-en-salud\/hospitales-integrales\/hospital-integral-abasolo\/\"><i class=\"fa fa-external-link\"><\/i> \u00a0Hospital Integral Abasolo<\/a><\/li>\n<li><a href=\"http:\/\/www.tamaulipas.gob.mx\/salud\/infraestructura-en-salud\/hospitales-integrales\/hospital-integral-aldama\/\"><i class=\"fa fa-external-link\"><\/i> \u00a0Hospital Integral Aldama<\/a><\/li>\n<li><a href=\"http:\/\/www.tamaulipas.gob.mx\/salud\/infraestructura-en-salud\/hospitales-integrales\/hospital-integral-jaumave\/\"><i class=\"fa fa-external-link\"><\/i> \u00a0Hospital Integral Jaumave<\/a><\/li>\n<li><a href=\"http:\/\/www.tamaulipas.gob.mx\/salud\/infraestructura-en-salud\/hospitales-integrales\/hospital-integral-miguel-aleman\/\"><i class=\"fa fa-external-link\"><\/i> \u00a0Hospital Integral Miguel Aleman<\/a><\/li>\n<li><a href=\"http:\/\/www.tamaulipas.gob.mx\/salud\/infraestructura-en-salud\/hospitales-integrales\/hospital-integral-rio-bravo\/\"><i class=\"fa fa-external-link\"><\/i> \u00a0Hospital Integral Rio Bravo<\/a><\/li>\n<\/ul>\n<\/div>\n<\/div>\n<\/div>\n<div class=\"row\">\n<div class=\"col-sm-6\">\n<div class='cuadro-interior azul'><h2>Jurisdicciones Sanitarias<\/h2>\n<ul>\n<li><a href=\"http:\/\/www.tamaulipas.gob.mx\/salud\/infraestructura-en-salud\/jurisdicciones-sanitarias\/unidades-de-primer-nivel\/\"><i class=\"fa fa-external-link\"><\/i> \u00a0Unidades de Primer Nivel<\/a><\/li>\n<li><a href=\"http:\/\/www.tamaulipas.gob.mx\/salud\/infraestructura-en-salud\/jurisdicciones-sanitarias\/unidades-unemes\/\"><i class=\"fa fa-external-link\"><\/i> \u00a0Unidades UNEMES<\/a><\/li>\n<li><a href=\"http:\/\/www.tamaulipas.gob.mx\/salud\/infraestructura-en-salud\/jurisdicciones-sanitarias\/jurisdiccion-1-victoria-2\/\"><i class=\"fa fa-external-link\"><\/i> \u00a0Jurisdicci\u00f3n 1: Victoria<\/a><\/li>\n<li><a href=\"http:\/\/www.tamaulipas.gob.mx\/salud\/infraestructura-en-salud\/jurisdicciones-sanitarias\/jurisdiccion-2-tampico\/\"><i class=\"fa fa-external-link\"><\/i> \u00a0Jurisdicci\u00f3n 2: Tampico<\/a><\/li>\n<li><a href=\"http:\/\/www.tamaulipas.gob.mx\/salud\/infraestructura-en-salud\/jurisdicciones-sanitarias\/jurisdiccion-3-matamoros\/\"><i class=\"fa fa-external-link\"><\/i> \u00a0Jurisdicci\u00f3n 3: Matamoros<\/a><\/li>\n<li><a href=\"http:\/\/www.tamaulipas.gob.mx\/salud\/infraestructura-en-salud\/jurisdicciones-sanitarias\/jurisdiccion-4-reynosa\/\"><i class=\"fa fa-external-link\"><\/i> \u00a0Jurisdicci\u00f3n 4: Reynosa<\/a><\/li>\n<li><a href=\"http:\/\/www.tamaulipas.gob.mx\/salud\/infraestructura-en-salud\/jurisdicciones-sanitarias\/jurisdiccion-5-nuevo-laredo\/\"><i class=\"fa fa-external-link\"><\/i> \u00a0Jurisdicci\u00f3n 5: Nuevo Laredo<\/a><\/li>\n<li><a href=\"http:\/\/www.tamaulipas.gob.mx\/salud\/infraestructura-en-salud\/jurisdicciones-sanitarias\/jurisdiccion-6-mante\/\"><i class=\"fa fa-external-link\"><\/i> \u00a0Jurisdicci\u00f3n 6: Mante<\/a><\/li>\n<li><a href=\"http:\/\/www.tamaulipas.gob.mx\/salud\/infraestructura-en-salud\/jurisdicciones-sanitarias\/jurisdiccion-7-san-fernando\/\"><i class=\"fa fa-external-link\"><\/i> \u00a0Jurisdicci\u00f3n 7: San Fernando<\/a><\/li>\n<li><a href=\"http:\/\/www.tamaulipas.gob.mx\/salud\/infraestructura-en-salud\/jurisdicciones-sanitarias\/jurisdiccion-8-jaumave\/\"><i class=\"fa fa-external-link\"><\/i> \u00a0Jurisdicci\u00f3n 8: Jaumave<\/a><\/li>\n<li><a href=\"http:\/\/www.tamaulipas.gob.mx\/salud\/infraestructura-en-salud\/jurisdicciones-sanitarias\/jurisdiccion-9-miguel-aleman\/\"><i class=\"fa fa-external-link\"><\/i> \u00a0Jurisdicci\u00f3n 9: Miguel Alem\u00e1n<\/a><\/li>\n<li><a href=\"http:\/\/www.tamaulipas.gob.mx\/salud\/infraestructura-en-salud\/jurisdicciones-sanitarias\/jurisdiccion-10-valle-hermoso\/\"><i class=\"fa fa-external-link\"><\/i> \u00a0Jurisdicci\u00f3n 10: Valle Hermoso<\/a><\/li>\n<li><a href=\"http:\/\/www.tamaulipas.gob.mx\/salud\/infraestructura-en-salud\/jurisdicciones-sanitarias\/jurisdiccion-11-padilla\/\"><i class=\"fa fa-external-link\"><\/i> \u00a0Jurisdicci\u00f3n 11: Padilla<\/a><\/li>\n<li><a href=\"http:\/\/www.tamaulipas.gob.mx\/salud\/infraestructura-en-salud\/jurisdicciones-sanitarias\/jurisdiccion-12-altamira\/\"><i class=\"fa fa-external-link\"><\/i> \u00a0Jurisdicci\u00f3n 12: Altamira<\/a><\/li>\n<\/ul>\n<\/div>\n<\/div>\n<div class=\"col-sm-6\">\n<div class='cuadro-interior verde'><h2>Unidades M\u00e9dicas<\/h2>\n<p>Buscador de Unidades M\u00e9dicas en el Estado de Tamaulipas<\/p>\n<a href=\"http:\/\/www.tamaulipas.gob.mx\/salud\/infraestructura-en-salud\/unidades-medicas\/\" class=\"btn btn-primary btn-sm pull-right\"><i class=\"fa fa-external-link\"><\/i> M\u00e1s informaci\u00f3n<\/a>\n<p>&nbsp;<\/p>\n<\/div>\n<\/div>\n<\/div>\n","protected":false},"excerpt":{"rendered":"","protected":false},"author":19,"featured_media":0,"parent":0,"menu_order":0,"comment_status":"closed","ping_status":"closed","template":"","meta":{"footnotes":""},"class_list":["post-111","page","type-page","status-publish","hentry"],"yoast_head":"<!-- This site is optimized with the Yoast SEO plugin v24.8.1 - https:\/\/yoast.com\/wordpress\/plugins\/seo\/ -->\n<title>Infraestructura en Salud - Secretar\u00eda de Salud<\/title>\n<meta name=\"robots\" content=\"index, follow, max-snippet:-1, max-image-preview:large, max-video-preview:-1\" \/>\n<link rel=\"canonical\" href=\"https:\/\/www.tamaulipas.gob.mx\/salud\/infraestructura-en-salud\/\" \/>\n<meta property=\"og:locale\" content=\"es_ES\" \/>\n<meta property=\"og:type\" content=\"article\" \/>\n<meta property=\"og:title\" content=\"Infraestructura en Salud - Secretar\u00eda de Salud\" \/>\n<meta property=\"og:url\" content=\"https:\/\/www.tamaulipas.gob.mx\/salud\/infraestructura-en-salud\/\" \/>\n<meta property=\"og:site_name\" content=\"Secretar\u00eda de Salud\" \/>\n<meta property=\"article:publisher\" content=\"https:\/\/www.facebook.com\/SaludTamaulipas\" \/>\n<meta property=\"article:modified_time\" content=\"2023-07-04T21:01:54+00:00\" \/>\n<meta property=\"og:image\" content=\"https:\/\/www.tamaulipas.gob.mx\/salud\/wp-content\/uploads\/sites\/4\/2022\/10\/logotamaulipas2022.png\" \/>\n\t<meta property=\"og:image:width\" content=\"1200\" \/>\n\t<meta property=\"og:image:height\" content=\"388\" \/>\n\t<meta property=\"og:image:type\" content=\"image\/png\" \/>\n<meta name=\"twitter:card\" content=\"summary_large_image\" \/>\n<meta name=\"twitter:label1\" content=\"Tiempo de lectura\" \/>\n\t<meta name=\"twitter:data1\" content=\"3 minutos\" \/>\n<script type=\"application\/ld+json\" class=\"yoast-schema-graph\">{\"@context\":\"https:\/\/schema.org\",\"@graph\":[{\"@type\":\"WebPage\",\"@id\":\"https:\/\/www.tamaulipas.gob.mx\/salud\/infraestructura-en-salud\/\",\"url\":\"https:\/\/www.tamaulipas.gob.mx\/salud\/infraestructura-en-salud\/\",\"name\":\"Infraestructura en Salud - Secretar\u00eda de Salud\",\"isPartOf\":{\"@id\":\"https:\/\/www.tamaulipas.gob.mx\/salud\/#website\"},\"datePublished\":\"2016-11-01T22:11:07+00:00\",\"dateModified\":\"2023-07-04T21:01:54+00:00\",\"breadcrumb\":{\"@id\":\"https:\/\/www.tamaulipas.gob.mx\/salud\/infraestructura-en-salud\/#breadcrumb\"},\"inLanguage\":\"es\",\"potentialAction\":[{\"@type\":\"ReadAction\",\"target\":[\"https:\/\/www.tamaulipas.gob.mx\/salud\/infraestructura-en-salud\/\"]}]},{\"@type\":\"BreadcrumbList\",\"@id\":\"https:\/\/www.tamaulipas.gob.mx\/salud\/infraestructura-en-salud\/#breadcrumb\",\"itemListElement\":[{\"@type\":\"ListItem\",\"position\":1,\"name\":\"Portada\",\"item\":\"https:\/\/www.tamaulipas.gob.mx\/salud\/\"},{\"@type\":\"ListItem\",\"position\":2,\"name\":\"Infraestructura en Salud\"}]},{\"@type\":\"WebSite\",\"@id\":\"https:\/\/www.tamaulipas.gob.mx\/salud\/#website\",\"url\":\"https:\/\/www.tamaulipas.gob.mx\/salud\/\",\"name\":\"Secretar\u00eda de Salud\",\"description\":\"Gobierno del Estado de Tamaulipas\",\"publisher\":{\"@id\":\"https:\/\/www.tamaulipas.gob.mx\/salud\/#organization\"},\"potentialAction\":[{\"@type\":\"SearchAction\",\"target\":{\"@type\":\"EntryPoint\",\"urlTemplate\":\"https:\/\/www.tamaulipas.gob.mx\/salud\/?s={search_term_string}\"},\"query-input\":{\"@type\":\"PropertyValueSpecification\",\"valueRequired\":true,\"valueName\":\"search_term_string\"}}],\"inLanguage\":\"es\"},{\"@type\":\"Organization\",\"@id\":\"https:\/\/www.tamaulipas.gob.mx\/salud\/#organization\",\"name\":\"Secretar\u00eda de Salud de Tamaulipas\",\"url\":\"https:\/\/www.tamaulipas.gob.mx\/salud\/\",\"logo\":{\"@type\":\"ImageObject\",\"inLanguage\":\"es\",\"@id\":\"https:\/\/www.tamaulipas.gob.mx\/salud\/#\/schema\/logo\/image\/\",\"url\":\"https:\/\/www.tamaulipas.gob.mx\/salud\/wp-content\/uploads\/sites\/4\/2022\/10\/logotamaulipas2022.png\",\"contentUrl\":\"https:\/\/www.tamaulipas.gob.mx\/salud\/wp-content\/uploads\/sites\/4\/2022\/10\/logotamaulipas2022.png\",\"width\":1200,\"height\":388,\"caption\":\"Secretar\u00eda de Salud de Tamaulipas\"},\"image\":{\"@id\":\"https:\/\/www.tamaulipas.gob.mx\/salud\/#\/schema\/logo\/image\/\"},\"sameAs\":[\"https:\/\/www.facebook.com\/SaludTamaulipas\"]}]}<\/script>\n<!-- \/ Yoast SEO plugin. -->","yoast_head_json":{"title":"Infraestructura en Salud - Secretar\u00eda de Salud","robots":{"index":"index","follow":"follow","max-snippet":"max-snippet:-1","max-image-preview":"max-image-preview:large","max-video-preview":"max-video-preview:-1"},"canonical":"https:\/\/www.tamaulipas.gob.mx\/salud\/infraestructura-en-salud\/","og_locale":"es_ES","og_type":"article","og_title":"Infraestructura en Salud - Secretar\u00eda de Salud","og_url":"https:\/\/www.tamaulipas.gob.mx\/salud\/infraestructura-en-salud\/","og_site_name":"Secretar\u00eda de Salud","article_publisher":"https:\/\/www.facebook.com\/SaludTamaulipas","article_modified_time":"2023-07-04T21:01:54+00:00","og_image":[{"width":1200,"height":388,"url":"https:\/\/www.tamaulipas.gob.mx\/salud\/wp-content\/uploads\/sites\/4\/2022\/10\/logotamaulipas2022.png","type":"image\/png"}],"twitter_card":"summary_large_image","twitter_misc":{"Tiempo de lectura":"3 minutos"},"schema":{"@context":"https:\/\/schema.org","@graph":[{"@type":"WebPage","@id":"https:\/\/www.tamaulipas.gob.mx\/salud\/infraestructura-en-salud\/","url":"https:\/\/www.tamaulipas.gob.mx\/salud\/infraestructura-en-salud\/","name":"Infraestructura en Salud - Secretar\u00eda de Salud","isPartOf":{"@id":"https:\/\/www.tamaulipas.gob.mx\/salud\/#website"},"datePublished":"2016-11-01T22:11:07+00:00","dateModified":"2023-07-04T21:01:54+00:00","breadcrumb":{"@id":"https:\/\/www.tamaulipas.gob.mx\/salud\/infraestructura-en-salud\/#breadcrumb"},"inLanguage":"es","potentialAction":[{"@type":"ReadAction","target":["https:\/\/www.tamaulipas.gob.mx\/salud\/infraestructura-en-salud\/"]}]},{"@type":"BreadcrumbList","@id":"https:\/\/www.tamaulipas.gob.mx\/salud\/infraestructura-en-salud\/#breadcrumb","itemListElement":[{"@type":"ListItem","position":1,"name":"Portada","item":"https:\/\/www.tamaulipas.gob.mx\/salud\/"},{"@type":"ListItem","position":2,"name":"Infraestructura en Salud"}]},{"@type":"WebSite","@id":"https:\/\/www.tamaulipas.gob.mx\/salud\/#website","url":"https:\/\/www.tamaulipas.gob.mx\/salud\/","name":"Secretar\u00eda de Salud","description":"Gobierno del Estado de Tamaulipas","publisher":{"@id":"https:\/\/www.tamaulipas.gob.mx\/salud\/#organization"},"potentialAction":[{"@type":"SearchAction","target":{"@type":"EntryPoint","urlTemplate":"https:\/\/www.tamaulipas.gob.mx\/salud\/?s={search_term_string}"},"query-input":{"@type":"PropertyValueSpecification","valueRequired":true,"valueName":"search_term_string"}}],"inLanguage":"es"},{"@type":"Organization","@id":"https:\/\/www.tamaulipas.gob.mx\/salud\/#organization","name":"Secretar\u00eda de Salud de Tamaulipas","url":"https:\/\/www.tamaulipas.gob.mx\/salud\/","logo":{"@type":"ImageObject","inLanguage":"es","@id":"https:\/\/www.tamaulipas.gob.mx\/salud\/#\/schema\/logo\/image\/","url":"https:\/\/www.tamaulipas.gob.mx\/salud\/wp-content\/uploads\/sites\/4\/2022\/10\/logotamaulipas2022.png","contentUrl":"https:\/\/www.tamaulipas.gob.mx\/salud\/wp-content\/uploads\/sites\/4\/2022\/10\/logotamaulipas2022.png","width":1200,"height":388,"caption":"Secretar\u00eda de Salud de Tamaulipas"},"image":{"@id":"https:\/\/www.tamaulipas.gob.mx\/salud\/#\/schema\/logo\/image\/"},"sameAs":["https:\/\/www.facebook.com\/SaludTamaulipas"]}]}},"publishpress_future_action":{"enabled":false,"date":"2026-05-06 14:28:37","action":"change-status","newStatus":"draft","terms":[],"taxonomy":""},"_links":{"self":[{"href":"https:\/\/www.tamaulipas.gob.mx\/salud\/wp-json\/wp\/v2\/pages\/111"}],"collection":[{"href":"https:\/\/www.tamaulipas.gob.mx\/salud\/wp-json\/wp\/v2\/pages"}],"about":[{"href":"https:\/\/www.tamaulipas.gob.mx\/salud\/wp-json\/wp\/v2\/types\/page"}],"author":[{"embeddable":true,"href":"https:\/\/www.tamaulipas.gob.mx\/salud\/wp-json\/wp\/v2\/users\/19"}],"replies":[{"embeddable":true,"href":"https:\/\/www.tamaulipas.gob.mx\/salud\/wp-json\/wp\/v2\/comments?post=111"}],"version-history":[{"count":16,"href":"https:\/\/www.tamaulipas.gob.mx\/salud\/wp-json\/wp\/v2\/pages\/111\/revisions"}],"predecessor-version":[{"id":14480,"href":"https:\/\/www.tamaulipas.gob.mx\/salud\/wp-json\/wp\/v2\/pages\/111\/revisions\/14480"}],"wp:attachment":[{"href":"https:\/\/www.tamaulipas.gob.mx\/salud\/wp-json\/wp\/v2\/media?parent=111"}],"curies":[{"name":"wp","href":"https:\/\/api.w.org\/{rel}","templated":true}]}}