{"id":8,"date":"2020-08-06T15:38:07","date_gmt":"2020-08-06T20:38:07","guid":{"rendered":"https:\/\/www.tamaulipas.gob.mx\/reisp\/?page_id=8"},"modified":"2020-08-25T10:33:00","modified_gmt":"2020-08-25T15:33:00","slug":"objetivos","status":"publish","type":"page","link":"https:\/\/www.tamaulipas.gob.mx\/reisp\/objetivos\/","title":{"rendered":"Objetivos"},"content":{"rendered":"<p><strong>Objetivo general<\/strong><\/p>\n<p>Promover la colaboraci\u00f3n interdisciplinaria para generar conocimiento sobre la evaluaci\u00f3n de la gesti\u00f3n p\u00fablica desde una perspectiva multidimensional de manera articulada entre actores nacionales e internacionales de la academia, gobierno, empresas y sociedad civil.<\/p>\n<p><strong>Objetivos espec\u00edficos<\/strong><\/p>\n<ul>\n<li>Contribuir a la generaci\u00f3n de conocimiento en materia de evaluaci\u00f3n de la gesti\u00f3n p\u00fablica, mediante la realizaci\u00f3n de proyectos de investigaci\u00f3n, publicaci\u00f3n de documentos acad\u00e9micos, realizaci\u00f3n de seminarios, coloquios y eventos.<\/li>\n<li>Incidir en la formaci\u00f3n de los recursos humanos que la sociedad actual requiere en materia de evaluaci\u00f3n de la gesti\u00f3n p\u00fablica.<\/li>\n<li>Dise\u00f1ar mecanismos de divulgaci\u00f3n cient\u00edfica y transferencia del conocimiento generado como resultado de los productos realizados en la REISP.<\/li>\n<li>Desarrollar mecanismos de apropiaci\u00f3n social y el uso del conocimiento entre la comunidad, no solo para su beneficio y mejora de la calidad de vida, sino tambi\u00e9n, para colaborar de manera conjunta en los procesos de investigaci\u00f3n.<\/li>\n<li>Establecer acciones de vinculaci\u00f3n, gesti\u00f3n e involucramiento con instituciones u organismos que pudieran proporcionar apoyo al trabajo de la REISP.<\/li>\n<li>Contribuir en el dise\u00f1o o fortalecimiento de los mecanismos gubernamentales de evaluaci\u00f3n de la gesti\u00f3n p\u00fablica.<\/li>\n<\/ul>\n","protected":false},"excerpt":{"rendered":"<p>Objetivo general Promover la colaboraci\u00f3n interdisciplinaria para generar conocimiento sobre la evaluaci\u00f3n de la gesti\u00f3n p\u00fablica desde una perspectiva multidimensional de manera articulada entre actores\u2026<\/p>\n","protected":false},"author":1,"featured_media":0,"parent":0,"menu_order":0,"comment_status":"closed","ping_status":"closed","template":"","meta":{"footnotes":""},"class_list":["post-8","page","type-page","status-publish","hentry"],"publishpress_future_action":{"enabled":false,"date":"2026-04-11 17:47:23","action":"change-status","newStatus":"draft","terms":[],"taxonomy":""},"_links":{"self":[{"href":"https:\/\/www.tamaulipas.gob.mx\/reisp\/wp-json\/wp\/v2\/pages\/8"}],"collection":[{"href":"https:\/\/www.tamaulipas.gob.mx\/reisp\/wp-json\/wp\/v2\/pages"}],"about":[{"href":"https:\/\/www.tamaulipas.gob.mx\/reisp\/wp-json\/wp\/v2\/types\/page"}],"author":[{"embeddable":true,"href":"https:\/\/www.tamaulipas.gob.mx\/reisp\/wp-json\/wp\/v2\/users\/1"}],"replies":[{"embeddable":true,"href":"https:\/\/www.tamaulipas.gob.mx\/reisp\/wp-json\/wp\/v2\/comments?post=8"}],"version-history":[{"count":3,"href":"https:\/\/www.tamaulipas.gob.mx\/reisp\/wp-json\/wp\/v2\/pages\/8\/revisions"}],"predecessor-version":[{"id":58,"href":"https:\/\/www.tamaulipas.gob.mx\/reisp\/wp-json\/wp\/v2\/pages\/8\/revisions\/58"}],"wp:attachment":[{"href":"https:\/\/www.tamaulipas.gob.mx\/reisp\/wp-json\/wp\/v2\/media?parent=8"}],"curies":[{"name":"wp","href":"https:\/\/api.w.org\/{rel}","templated":true}]}}