{"id":31,"date":"2020-08-06T16:00:27","date_gmt":"2020-08-06T21:00:27","guid":{"rendered":"https:\/\/www.tamaulipas.gob.mx\/reisp\/?page_id=31"},"modified":"2020-08-06T16:00:27","modified_gmt":"2020-08-06T21:00:27","slug":"privacidad","status":"publish","type":"page","link":"https:\/\/www.tamaulipas.gob.mx\/reisp\/privacidad\/","title":{"rendered":"Aviso de privacidad"},"content":{"rendered":"<p>De acuerdo a lo Previsto en la \u201cLey Federal de Protecci\u00f3n de Datos Personales\u201d, declara El Colegio de Tamaulipas, ser una instituci\u00f3n p\u00fablica dedicada a la investigaci\u00f3n cient\u00edfica y la educaci\u00f3n superior, con car\u00e1cter de organismo p\u00fablico descentralizado de la administraci\u00f3n p\u00fablica estatal, dotado de personalidad jur\u00eddica y patrimonio propio. El Colegio de Tamaulipas es aut\u00f3nomo en el ejercicio de sus funciones de car\u00e1cter acad\u00e9mico y cient\u00edfico. Su organizaci\u00f3n y funcionamiento se rigen por el presente ordenamiento y la Ley Org\u00e1nica de la Administraci\u00f3n P\u00fablica del Estado, as\u00ed como por los ordenamientos en materia de entidades paraestatales de acuerdo con la Ley de El Colegio de Tamaulipas, \u00daltima reforma POE No. 144 30-11-2006, con domicilio en Calzada General Luis Caballero No. 1540, Col. Tamat\u00e1n, Ciudad Victoria, Tamaulipas.<\/p>\n<p>Como responsable del tratamiento de sus datos personales, hacemos de su conocimiento que la informaci\u00f3n del registro es tratada de forma estrictamente confidencial por lo que, al proporcionar sus datos personales, ser\u00e1n utilizados \u00fanica y exclusivamente para los siguientes fines relacionados con nuestro objeto social.<\/p>\n<p>Para prevenir el acceso no autorizado a sus datos personales y con el fin de asegurar que la informaci\u00f3n sea utilizada para los fines establecidos en este aviso de privacidad, hemos establecido diversos procedimientos con la finalidad de evitar el uso o divulgaci\u00f3n no autorizados de sus datos, permiti\u00e9ndonos tratarlos debidamente.<\/p>\n<p>As\u00ed mismo, le informamos que sus datos personales pueden ser transmitidos para ser tratados por personas distintas de El Colegio de Tamaulipas y del Gobierno del Estado de Tamaulipas.<\/p>\n<p>Todos sus datos personales son tratados de acuerdo a la legislaci\u00f3n aplicable y vigente en el pa\u00eds, por ello le informamos que usted tiene en todo momento los derechos (ARCO) de acceder, rectificar, cancelar u oponerse al tratamiento que le damos a sus datos personales; derecho que podr\u00e1 hacer valer a trav\u00e9s por correo electr\u00f3nico.<\/p>\n<p>Este aviso de privacidad podr\u00e1 ser modificado por El Colegio de Tamaulipas, dichas modificaciones ser\u00e1n oportunamente informadas a trav\u00e9s de correo electr\u00f3nico, tel\u00e9fono, o cualquier otro medio de comunicaci\u00f3n que se determine para tal efecto.<\/p>\n<p>Disponible en: <a href=\"http:\/\/www.coltam.edu.mx\/aviso-de-privacidad-reisp\/\" target=\"_blank\" rel=\"noopener noreferrer\">http:\/\/www.coltam.edu.mx\/aviso-de-privacidad-reisp\/<\/a><\/p>\n","protected":false},"excerpt":{"rendered":"<p>De acuerdo a lo Previsto en la \u201cLey Federal de Protecci\u00f3n de Datos Personales\u201d, declara El Colegio de Tamaulipas, ser una instituci\u00f3n p\u00fablica dedicada a\u2026<\/p>\n","protected":false},"author":1,"featured_media":0,"parent":0,"menu_order":0,"comment_status":"closed","ping_status":"closed","template":"","meta":{"footnotes":""},"class_list":["post-31","page","type-page","status-publish","hentry"],"publishpress_future_action":{"enabled":false,"date":"2026-04-11 18:05:25","action":"change-status","newStatus":"draft","terms":[],"taxonomy":""},"_links":{"self":[{"href":"https:\/\/www.tamaulipas.gob.mx\/reisp\/wp-json\/wp\/v2\/pages\/31"}],"collection":[{"href":"https:\/\/www.tamaulipas.gob.mx\/reisp\/wp-json\/wp\/v2\/pages"}],"about":[{"href":"https:\/\/www.tamaulipas.gob.mx\/reisp\/wp-json\/wp\/v2\/types\/page"}],"author":[{"embeddable":true,"href":"https:\/\/www.tamaulipas.gob.mx\/reisp\/wp-json\/wp\/v2\/users\/1"}],"replies":[{"embeddable":true,"href":"https:\/\/www.tamaulipas.gob.mx\/reisp\/wp-json\/wp\/v2\/comments?post=31"}],"version-history":[{"count":1,"href":"https:\/\/www.tamaulipas.gob.mx\/reisp\/wp-json\/wp\/v2\/pages\/31\/revisions"}],"predecessor-version":[{"id":32,"href":"https:\/\/www.tamaulipas.gob.mx\/reisp\/wp-json\/wp\/v2\/pages\/31\/revisions\/32"}],"wp:attachment":[{"href":"https:\/\/www.tamaulipas.gob.mx\/reisp\/wp-json\/wp\/v2\/media?parent=31"}],"curies":[{"name":"wp","href":"https:\/\/api.w.org\/{rel}","templated":true}]}}