{"id":978,"date":"2019-11-29T16:18:33","date_gmt":"2019-11-29T22:18:33","guid":{"rendered":"https:\/\/www.tamaulipas.gob.mx\/ceat\/?page_id=978"},"modified":"2024-03-20T09:58:25","modified_gmt":"2024-03-20T15:58:25","slug":"evaluacion-del-desempeno","status":"publish","type":"page","link":"https:\/\/www.tamaulipas.gob.mx\/recursoshidraulicos\/evaluacion-del-desempeno\/","title":{"rendered":"Evaluaci\u00f3n del desempe\u00f1o"},"content":{"rendered":"<p>Los recursos econ\u00f3micos de que dispone el Estado se deben administrar bajo los principios de legalidad, honestidad, eficacia, eficiencia, econom\u00eda, racionalidad, austeridad, transparencia, control y rendici\u00f3n de cuentas, para satisfacer los objetivos a los que est\u00e9n destinados.<\/p>\n<p>La Contralor\u00eda Gubernamental del Estado, cuenta con atribuciones para organizar, coordinar y supervisar el sistema de control interno y la evaluaci\u00f3n de la gesti\u00f3n gubernamental, por lo que tiene a su cargo el Sistema Estatal de Evaluaci\u00f3n del Desempe\u00f1o (SEED), mediante el que se coordinan evaluaciones anuales a los programas presupuestarios.<\/p>\n<p>Estas evaluaciones tienen por objeto analizar el proceso de planeaci\u00f3n, programaci\u00f3n, presupuestaci\u00f3n, ejercicio y control del gasto p\u00fablico estatal, y proporcionar a los responsables, elementos sustentados que les permita llevar a cabo acciones encaminadas a mejorar su desempe\u00f1o, orientado hacia el logro de resultados.<\/p>\n<p>Dichos elementos constituyen los Aspectos Susceptibles de Mejora (ASM) cuyo seguimiento y atenci\u00f3n facilita la mejora gradual y sistem\u00e1tica de la Administraci\u00f3n P\u00fablica Estatal.<\/p>\n<p><a href=\"https:\/\/www.coneval.org.mx\/sitios\/RIEF\/Documents\/Tam_POeval_2018.pdf\" target=\"_blank\" rel=\"noopener noreferrer\">ACUERDO POR EL QUE SE EMITE EL MECANISMO DE SEGUIMIENTO A LOS ASPECTOS SUSCEPTIBLES DE MEJORA DERIVADOS DE LAS EVALUACIONES DEL DESEMPE\u00d1O A PROGRAMAS PRESUPUESTARIOS (DOF 13-Dic-2018)..<\/a><\/p>\n<h3>Evaluaci\u00f3n Espec\u00edfica del Desempe\u00f1o al PROAGUA 2020<\/h3>\n<ul style=\"list-style-type: disc;\">\n<li><a href=\"https:\/\/www.tamaulipas.gob.mx\/recursoshidraulicos\/wp-content\/uploads\/sites\/24\/2022\/01\/cg.semg_.0550.2021.pdf\" target=\"_blank\" rel=\"noopener\">\u00a0Oficio de inicio de la evaluaci\u00f3n.<\/a><\/li>\n<li><a href=\"https:\/\/www.tamaulipas.gob.mx\/recursoshidraulicos\/wp-content\/uploads\/sites\/24\/2022\/01\/informe-final.pdf\" target=\"_blank\" rel=\"noopener\">Informe Final de la Evaluaci\u00f3n.<\/a><\/li>\n<li><a href=\"https:\/\/www.tamaulipas.gob.mx\/recursoshidraulicos\/wp-content\/uploads\/sites\/24\/2022\/01\/formato-conac.pdf\" target=\"_blank\" rel=\"noopener\">Formato para la difusi\u00f3n de los resultados de las evaluaciones de los recursos federales ministrados a las entidades federativas, establecido por el Consejo Nacional de Armonizaci\u00f3n Contable (CONAC).<\/a><\/li>\n<li><a href=\"https:\/\/www.tamaulipas.gob.mx\/recursoshidraulicos\/wp-content\/uploads\/sites\/24\/2022\/05\/instrumentos-de-trabajo-2022.pdf\" target=\"_blank\" rel=\"noopener\">Instrumentos de trabajo formalizados<\/a><\/li>\n<li><a href=\"https:\/\/www.tamaulipas.gob.mx\/recursoshidraulicos\/wp-content\/uploads\/sites\/24\/2022\/05\/acuse-of.ceat_.0685.2022.pdf\" target=\"_blank\" rel=\"noopener\">Avance en el cumplimiento de los Aspectos Susceptibles de Mejora<\/a><\/li>\n<\/ul>\n<h3>Evaluaci\u00f3n Espec\u00edfica del Desempe\u00f1o al PROAGUA 2018<\/h3>\n<ul style=\"list-style-type: disc;\">\n<li>\u00a0<a href=\"https:\/\/www.tamaulipas.gob.mx\/recursoshidraulicos\/wp-content\/uploads\/sites\/24\/2019\/11\/cg.semg_.0848.19.pdf\" target=\"_blank\" rel=\"noopener noreferrer\">Oficio de inicio de la evaluaci\u00f3n.<\/a><\/li>\n<li><a href=\"https:\/\/www.tamaulipas.gob.mx\/recursoshidraulicos\/wp-content\/uploads\/sites\/24\/2019\/11\/informe-final-proagua-2018.pdf\" target=\"_blank\" rel=\"noopener noreferrer\">Informe Final de la Evaluaci\u00f3n.<\/a><\/li>\n<li><a href=\"https:\/\/www.tamaulipas.gob.mx\/recursoshidraulicos\/wp-content\/uploads\/sites\/24\/2019\/11\/formato-publicacion-conac.pdf\" target=\"_blank\" rel=\"noopener noreferrer\">Formato para la difusi\u00f3n de los resultados de las evaluaciones de los recursos federales ministrados a las entidades federativas, establecido por el Consejo Nacional de Armonizaci\u00f3n Contable (CONAC).<\/a><\/li>\n<li><a href=\"https:\/\/www.tamaulipas.gob.mx\/recursoshidraulicos\/wp-content\/uploads\/sites\/24\/2020\/01\/instrumentos-de-trabajo-formalizados.pdf\" target=\"_blank\" rel=\"noopener noreferrer\">Instrumentos de trabajo formalizados<\/a><\/li>\n<\/ul>\n<h3>Evaluaci\u00f3n de Dise\u00f1o 2021 al Programa Presupuestario E167 Gesti\u00f3n del Recurso del Agua<\/h3>\n<ul>\n<li><a href=\"https:\/\/www.tamaulipas.gob.mx\/recursoshidraulicos\/wp-content\/uploads\/sites\/24\/2021\/12\/informe-final-evaluacion-de-diseno-pp-e167-gestion-del-recurso-del-agua.pdf\" target=\"_blank\" rel=\"noopener\">Informe Final Evaluaci\u00f3n de Dise\u00f1o PP E167 Gesti\u00f3n del Recurso del Agua<\/a><\/li>\n<li><a href=\"https:\/\/www.tamaulipas.gob.mx\/recursoshidraulicos\/wp-content\/uploads\/sites\/24\/2021\/12\/instrumentos-de-trabajo-formalizados-pp-e167.pdf\" target=\"_blank\" rel=\"noopener\">Instrumentos de Trabajo Formalizados PP E167<\/a><\/li>\n<\/ul>\n<h3>Evaluaci\u00f3n 2022 al Programa Presupuestario E167 Gesti\u00f3n del Recurso del Agua<\/h3>\n<ul>\n<li><span style=\"font-size: 14px;\"><a href=\"https:\/\/www.tamaulipas.gob.mx\/recursoshidraulicos\/wp-content\/uploads\/sites\/24\/2023\/12\/e167-cyr-informe-final.pdf\" target=\"_blank\" rel=\"noopener\">Informe final de evaluaci\u00f3n del Pp E167<\/a><\/span><\/li>\n<li><span style=\"font-size: 14px;\"><a href=\"https:\/\/www.tamaulipas.gob.mx\/recursoshidraulicos\/wp-content\/uploads\/sites\/24\/2023\/12\/tdr-consistencia-y-resultados.pdf\" target=\"_blank\" rel=\"noopener\">TdR utilizados en la evaluaci\u00f3n<\/a><\/span><\/li>\n<li><span style=\"font-size: 14px;\"><a href=\"https:\/\/www.tamaulipas.gob.mx\/recursoshidraulicos\/wp-content\/uploads\/sites\/24\/2023\/12\/fdr_conac-2015.pdf\" target=\"_blank\" rel=\"noopener\">Formato CONAC (Formato para la Difusi\u00f3n de los Resultados de las Evaluaciones)<\/a><\/span><\/li>\n<li><a href=\"https:\/\/www.tamaulipas.gob.mx\/recursoshidraulicos\/wp-content\/uploads\/sites\/24\/2024\/03\/instrumentos-iniciales-a-a1.pdf\" target=\"_blank\" rel=\"noopener\"><span style=\"font-size: 14px;\">Formatos de Instrumentos iniciales<\/span><\/a><\/li>\n<li><a href=\"https:\/\/www.tamaulipas.gob.mx\/recursoshidraulicos\/wp-content\/uploads\/sites\/24\/2024\/03\/instrumentos-de-trabajo-b-c-d.pdf\" target=\"_blank\" rel=\"noopener\"><span style=\"font-size: 14px;\">Formatos de Instrumentos de trabajo<\/span><\/a><\/li>\n<\/ul>\n","protected":false},"excerpt":{"rendered":"<p>Los recursos econ\u00f3micos de que dispone el Estado se deben administrar bajo los principios de legalidad, honestidad, eficacia, eficiencia, econom\u00eda, racionalidad, austeridad, transparencia, control y\u2026<\/p>\n","protected":false},"author":62,"featured_media":0,"parent":0,"menu_order":0,"comment_status":"closed","ping_status":"closed","template":"","meta":{"footnotes":""},"class_list":["post-978","page","type-page","status-publish","hentry"],"publishpress_future_action":{"enabled":false,"date":"2026-05-24 03:43:22","action":"change-status","newStatus":"draft","terms":[],"taxonomy":""},"_links":{"self":[{"href":"https:\/\/www.tamaulipas.gob.mx\/recursoshidraulicos\/wp-json\/wp\/v2\/pages\/978"}],"collection":[{"href":"https:\/\/www.tamaulipas.gob.mx\/recursoshidraulicos\/wp-json\/wp\/v2\/pages"}],"about":[{"href":"https:\/\/www.tamaulipas.gob.mx\/recursoshidraulicos\/wp-json\/wp\/v2\/types\/page"}],"author":[{"embeddable":true,"href":"https:\/\/www.tamaulipas.gob.mx\/recursoshidraulicos\/wp-json\/wp\/v2\/users\/62"}],"replies":[{"embeddable":true,"href":"https:\/\/www.tamaulipas.gob.mx\/recursoshidraulicos\/wp-json\/wp\/v2\/comments?post=978"}],"version-history":[{"count":17,"href":"https:\/\/www.tamaulipas.gob.mx\/recursoshidraulicos\/wp-json\/wp\/v2\/pages\/978\/revisions"}],"predecessor-version":[{"id":2187,"href":"https:\/\/www.tamaulipas.gob.mx\/recursoshidraulicos\/wp-json\/wp\/v2\/pages\/978\/revisions\/2187"}],"wp:attachment":[{"href":"https:\/\/www.tamaulipas.gob.mx\/recursoshidraulicos\/wp-json\/wp\/v2\/media?parent=978"}],"curies":[{"name":"wp","href":"https:\/\/api.w.org\/{rel}","templated":true}]}}