{"id":76,"date":"2017-05-03T09:58:09","date_gmt":"2017-05-03T14:58:09","guid":{"rendered":"http:\/\/www.tamaulipas.gob.mx\/ceat\/?page_id=76"},"modified":"2017-05-03T09:58:09","modified_gmt":"2017-05-03T14:58:09","slug":"operacion-y-fortalecimiento-a-organismos-operadores","status":"publish","type":"page","link":"https:\/\/www.tamaulipas.gob.mx\/recursoshidraulicos\/programas\/operacion-y-fortalecimiento-a-organismos-operadores\/","title":{"rendered":"Operaci\u00f3n y Fortalecimiento a Organismos Operadores"},"content":{"rendered":"<p><strong>-Seguimiento a la Normatividad Operativa en el Estado<\/strong><br \/>\nImpulsar y coadyuvar en la compilaci\u00f3n de reglas operativas, comerciales y administrativas de los Organismos Operadores y Sistemas Rurales; estandarizar los diferentes procesos; homologar la generaci\u00f3n de informaci\u00f3n, que simplifiquen y perfeccionen los mecanismos e instrumentos de evaluaci\u00f3n, para mejorar la eficiencia de sus operaciones.<\/p>\n<p>Con actividades como: participar en las reuniones de los consejos de administraci\u00f3n de las COMAPAS, evaluaci\u00f3n y diagn\u00f3stico de la infraestructura en operaci\u00f3n y requerimientos, apoyo administrativo, comercial y financiero, en los organismos y vinculaci\u00f3n con los sistemas rurales, para fortalecer los procesos hasta lograr la autosuficiencia y ofrecer un mejor servicio.<br \/>\n&nbsp;<\/p>\n<p><strong>-Mantenimiento a la Infraestructura Sanitaria<\/strong><br \/>\nAtender la necesidad de mantenimiento de los sistemas de alcantarillado sanitario de las cabeceras municipales, localidades peque\u00f1as y medianas del Estado que presentan problemas de flujo para el desalojo de las aguas residuales, debido a fallas en los sistemas por azolve de tuber\u00edas y\/o de pozos de visita,\u00a0 fallas en la construcci\u00f3n y\/o dise\u00f1o de los sistemas; para desazolvar \u00e9stas estructuras es necesario equipo de presi\u00f3n y vac\u00edo (vactor).<\/p>\n<p>Otras acciones que se llevan a cabo en \u00e9ste programa son el diagn\u00f3stico y el seguimiento en la operaci\u00f3n de las Plantas de Tratamiento de Aguas Residuales, tanto en el \u00e1rea rural como urbana. As\u00ed mismo se realizan muestreos y an\u00e1lisis de la calidad del agua residual tratada de dichas plantas con el fin de no contaminar a cuerpos receptores de agua descarg\u00e1ndola fuera de la norma aplicable.<br \/>\n&nbsp;<\/p>\n<p><strong>Reparto de Agua en Comunidades Rurales.<\/strong><br \/>\nDerivado de las condiciones climatol\u00f3gicas, existe abatimiento de fuentes y por consiguiente desabasto de agua para consumo humano en varios municipios de Tamaulipas. La CEAT suministra agua para consumo humano en camiones cisterna a las comunidades que lo requieren.<br \/>\n&nbsp;<\/p>\n<p><strong>-Mantenimiento a la Infraestructura de Agua Potable y Saneamiento.<\/strong><br \/>\nAl fallar un sistema de bombeo queda la poblaci\u00f3n sin el servicio de agua para consumo humano. La CEAT apoya con brigadas t\u00e9cnicas a los sistemas rurales dentro del Estado de Tamaulipas, para dar el mantenimiento a las instalaciones de bombeo de agua potable y\/o para el desalojo de aguas residuales, llevando a cabo acciones tales como revisi\u00f3n y reparaci\u00f3n de bombas, sistemas de control y protecci\u00f3n el\u00e9ctrica, l\u00edneas de alta y baja tensi\u00f3n, subestaciones el\u00e9ctricas reductoras (transformadores).<br \/>\n&nbsp;<\/p>\n<p><strong>Agua Limpia.<\/strong><br \/>\nEl Programa Agua Limpia surgi\u00f3 en como respuesta a una condici\u00f3n de vulnerabilidad de la poblaci\u00f3n ante enfermedades infecciosas transmisibles a trav\u00e9s del agua. Con \u00e9ste programa se mejora y asegura la calidad del agua que se consume en comunidades rurales de mediana y alta marginaci\u00f3n en el estado previniendo enfermedades de origen h\u00eddrico, como el c\u00f3lera. Se realizan operativos de saneamiento b\u00e1sico la desinfecci\u00f3n de agua para uso y consumo humano, mediante la instalaci\u00f3n, reposici\u00f3n de equipos, con sus refacciones, la adquisici\u00f3n y distribuci\u00f3n de desinfectantes (hipoclorito de sodio e hipoclorito de calcio), as\u00ed como la protecci\u00f3n f\u00edsica y sanitaria de fuentes de abastecimiento.<\/p>\n<p>El objetivo general del programa es apoyar la desinfecci\u00f3n del agua que establecen las NOM\u2013127-SSA1-1994, NOM-179-SSA1-1998 y NOM-230-SSA1-2002, mediante acciones que permitan generar agua de calidad apta para el consumo humano, que evite enfermedades de origen h\u00eddrico. Se atiente la demanda de suministro de cloro, mediante donaci\u00f3n. Se lleva acabo una programaci\u00f3n de visitas de inspecci\u00f3n a las comunidades que cuentan con sistema de desinfecci\u00f3n par asegurar su adecuando funcionamiento. Del mismo modo se atienden aquellas que soliciten la instalaci\u00f3n de un sistema. Se lleva acabo la capacitaci\u00f3n del personal que operar\u00e1 los sistemas de cloraci\u00f3n.<br \/>\n&nbsp;<\/p>\n<p><strong>Suministro de Cloro<\/strong><br \/>\nPara evitar el desabasto y la falta de desinfecci\u00f3n del agua que suministran los organismos operadores, se creo el programa SUMINISTRO DE CLORO con la finalidad de apoyar y asegurar que no se distribuya agua que por falta de cloraci\u00f3n pueda causar problemas de salud entre la poblaci\u00f3n, adem\u00e1s que los organismos operadores (medianos) no cuentan con la infraestructura, ni con los equipos de seguridad, ni personal especializado en el manejo de traslado de este insumo. Con \u00e9ste programa se pretende solventar la necesidad de la desinfecci\u00f3n del agua en comunidades rurales del estado, para prevenir enfermedades de origen h\u00eddrico, como el c\u00f3lera.<br \/>\n&nbsp;<\/p>\n<p><strong>Cultura del Agua.<\/strong><br \/>\nEn Tamaulipas las actividades de promoci\u00f3n de una cultura ecol\u00f3gica son el marco para divulgaci\u00f3n de las buenas pr\u00e1cticas de desarrollo sustentable que suman voluntades de los tres \u00f3rdenes de gobierno, organismos operadores de agua potable e instituciones educativas. Con la participaci\u00f3n de alumnos, maestros, padres de familia y sociedad en general fortalecemos la cultura de aprovechamiento responsable del recurso agua.<\/p>\n<p>El objetivo general del programa es contribuir a consolidar la participaci\u00f3n de los usuarios, la sociedad organizada y los ciudadanos en el manejo del agua y promover la cultura de su buen uso, a trav\u00e9s de la concertaci\u00f3n y promoci\u00f3n de acciones educativas y culturales en coordinaci\u00f3n con los municipios, para difundir la importancia del recurso h\u00eddrico en el bienestar social, el desarrollo econ\u00f3mico y la preservaci\u00f3n de la riqueza ecol\u00f3gica, para lograr el desarrollo humano sustentable de la entidad.<\/p>\n","protected":false},"excerpt":{"rendered":"<p>-Seguimiento a la Normatividad Operativa en el Estado Impulsar y coadyuvar en la compilaci\u00f3n de reglas operativas, comerciales y administrativas de los Organismos Operadores y\u2026<\/p>\n","protected":false},"author":7,"featured_media":0,"parent":68,"menu_order":0,"comment_status":"closed","ping_status":"closed","template":"","meta":{"footnotes":""},"class_list":["post-76","page","type-page","status-publish","hentry"],"publishpress_future_action":{"enabled":false,"date":"2026-04-26 10:10:13","action":"change-status","newStatus":"draft","terms":[],"taxonomy":""},"_links":{"self":[{"href":"https:\/\/www.tamaulipas.gob.mx\/recursoshidraulicos\/wp-json\/wp\/v2\/pages\/76"}],"collection":[{"href":"https:\/\/www.tamaulipas.gob.mx\/recursoshidraulicos\/wp-json\/wp\/v2\/pages"}],"about":[{"href":"https:\/\/www.tamaulipas.gob.mx\/recursoshidraulicos\/wp-json\/wp\/v2\/types\/page"}],"author":[{"embeddable":true,"href":"https:\/\/www.tamaulipas.gob.mx\/recursoshidraulicos\/wp-json\/wp\/v2\/users\/7"}],"replies":[{"embeddable":true,"href":"https:\/\/www.tamaulipas.gob.mx\/recursoshidraulicos\/wp-json\/wp\/v2\/comments?post=76"}],"version-history":[{"count":1,"href":"https:\/\/www.tamaulipas.gob.mx\/recursoshidraulicos\/wp-json\/wp\/v2\/pages\/76\/revisions"}],"predecessor-version":[{"id":77,"href":"https:\/\/www.tamaulipas.gob.mx\/recursoshidraulicos\/wp-json\/wp\/v2\/pages\/76\/revisions\/77"}],"up":[{"embeddable":true,"href":"https:\/\/www.tamaulipas.gob.mx\/recursoshidraulicos\/wp-json\/wp\/v2\/pages\/68"}],"wp:attachment":[{"href":"https:\/\/www.tamaulipas.gob.mx\/recursoshidraulicos\/wp-json\/wp\/v2\/media?parent=76"}],"curies":[{"name":"wp","href":"https:\/\/api.w.org\/{rel}","templated":true}]}}