{"id":74,"date":"2017-05-03T14:53:59","date_gmt":"2017-05-03T14:53:59","guid":{"rendered":"http:\/\/www.tamaulipas.gob.mx\/ceat\/?page_id=74"},"modified":"2021-08-16T14:34:45","modified_gmt":"2021-08-16T19:34:45","slug":"distritos-y-unidades-de-riego","status":"publish","type":"page","link":"https:\/\/www.tamaulipas.gob.mx\/recursoshidraulicos\/programas\/distritos-y-unidades-de-riego\/","title":{"rendered":"PROGRAMA DE APOYO A LA INFRAESTRUCTURA HIDROAGRICOLA"},"content":{"rendered":"<p>Con la el objeto de establecer los lineamientos para conjuntar recursos y formalizar acciones en infraestructura hidroagr\u00edcola, agua potable, alcantarillado y saneamiento y cultura del agua en beneficio de la entidad se celebr\u00f3 el Convenio Marco de Coordinaci\u00f3n entre el Ejecutivo Federal, por conducto de la Secretaria de Medio Ambiente y Recursos Naturales a trav\u00e9s\u00a0 de la Comisi\u00f3n Nacional del Agua y por la otra el Ejecutivo del Estado Libre y Soberano de Tamaulipas.<\/p>\n<p><a href=\"https:\/\/www.tamaulipas.gob.mx\/recursoshidraulicos\/transparencia\/programas-federalizados\/\">Da clic para ver los Convenios Marco de Coordinaci\u00f3n.<\/a><\/p>\n<p>Las acciones de este Convenio, se llevaran a cabo a trav\u00e9s de los programas autorizados en el PEF del ejercicio correspondiente, especificando a trav\u00e9s de Anexos de Ejecuci\u00f3n y T\u00e9cnicos, convenios de concertaci\u00f3n y\/o el instrumento que determine la normatividad aplicable.<\/p>\n<p><a href=\"https:\/\/www.tamaulipas.gob.mx\/recursoshidraulicos\/transparencia\/programas-federalizados\/\">Da clic para ver los Anexos de Ejecuci\u00f3n y T\u00e9cnicos y Convenios de Concertaci\u00f3n.<\/a><\/p>\n<p>El <strong>Programa de Apoyo a la Infraestructura Hidroagr\u00edcola<\/strong> es un programa federalizado, a cargo de la Comisi\u00f3n Nacional del Agua CONAGUA, cuyo objetivo es el de fomentar, mantener e incrementar la producci\u00f3n y superficie agr\u00edcola en distritos de riego, unidades de riego y distritos de temporal tecnificado mediante la preservaci\u00f3n, rehabilitaci\u00f3n, mejoramiento y ampliaci\u00f3n de la infraestructura hidroagr\u00edcola y la promoci\u00f3n de proyectos en zonas de atenci\u00f3n prioritaria.<\/p>\n<p>De esta manera se pretende que la infraestructura hidroagr\u00edcola se constituya como un motor de desarrollo para cubrir y alcanzar los grandes retos y metas nacionales en materia alimentaria.<\/p>\n<p>La operaci\u00f3n del programa se implementa con base en las Reglas y Manuales de Operaci\u00f3n y dem\u00e1s normatividad que resulte aplicable en cada ejercicio fiscal, por tal motivo con fecha 07 de abril del a\u00f1o en curso, fueron publicadas en el Diario Oficial de la Federaci\u00f3n la Reglas de Operaci\u00f3n del Programa de Apoyo a la Infraestructura Hidroagr\u00edcola, a cargo de la Comisi\u00f3n Nacional del Agua, aplicables a partir de 2020; as\u00ed mismo, el d\u00eda 13 de abril del a\u00f1o en curso la Subdirecci\u00f3n General de Infraestructura Hidroagr\u00edcola emiti\u00f3 los Manuales de Operaci\u00f3n y Especificaciones T\u00e9cnicas de las componentes del Programa en comento, documentos que se encuentran disponibles en la siguiente liga:<\/p>\n<p><a href=\"https:\/\/www.gob.mx\/conagua\/documentos\/manuales-de-operacion-y-especificaciones-tecnicas\">https:\/\/www.gob.mx\/conagua\/documentos\/manuales-de-operacion-y-especificaciones-tecnicas<\/a><\/p>\n<p>El 22 de abril del 2020 se public\u00f3 en la p\u00e1gina web de la Comisi\u00f3n Nacional del Agua la convocatoria para integrar el \u201cCatalogo de Empresas Institucionales\u201d de la CONAGUA en Tamaulipas, la cual se puede consultar en la siguiente l\u00ednea:<\/p>\n<p><a href=\"https:\/\/www.gob.mx\/conagua\/documentos\/convocatoria-catalogo-de-empresas-e-instituciones-confiables-2020-de-la-conagua-en-tamaulipas?state=published\">https:\/\/www.gob.mx\/conagua\/documentos\/convocatoria-catalogo-de-empresas-e-instituciones-confiables-2020-de-la-conagua-en-tamaulipas?state=published<\/a><\/p>\n<p><strong>Poblaci\u00f3n Objetivo<\/strong><\/p>\n<p>Las acciones comprendidas en este programa est\u00e1n dirigidas a los usuarios hidroagr\u00edcolas que cumplan con los requisitos establecidos en las reglas y sus manuales de operaci\u00f3n.<\/p>\n<p><strong>Ejecutores<\/strong><\/p>\n<p>Este programa es ejecutado por los propios usuarios hidroagr\u00edcolas beneficiados, quienes llevan a cabo los procesos de contrataci\u00f3n, ejecuci\u00f3n, supervisi\u00f3n, control, seguimiento, entrega-recepci\u00f3n, pagos, finiquito, integraci\u00f3n del expediente t\u00e9cnico o de obra y en general del ejercicio de los recursos, con apego a estas reglas y a los manuales de operaci\u00f3n de cada componente. Lo anterior, con recursos federales y estales como subsidios, que se otorgan a fondo perdido.<\/p>\n<p><strong>Operatividad<\/strong><\/p>\n<p>El programa opera a trav\u00e9s del Fideicomiso Fondo de Fomento Agropecuario del Estado de Tamaulipas (FOFAET) quien administra la totalidad de los recursos que aportan las partes, en cuentas espec\u00edfica para cada componente, lo que permite el registro, aplicaci\u00f3n, control e identificaci\u00f3n de los recursos aportados.<\/p>\n<p style=\"text-align: center;\"><strong>Calendario para la recepci\u00f3n de solicitudes de proyectos.<\/strong><\/p>\n<div class=\"table-responsive\"><table class=\" table table-bordered table-gobtam\"><tbody><tr><td width=\"145\"><strong>Actividad<\/strong><\/td>\n<td width=\"89\"><strong>Fecha Inicio<\/strong><\/td>\n<td width=\"97\"><strong>Fecha Limite<\/strong><\/td>\n<td width=\"159\"><strong>Responsable<\/strong><\/td>\n<td width=\"114\"><strong>Apoyo T&#xE9;cnico<\/strong><\/td>\n<\/tr><tr><td width=\"145\">Recepci&#xF3;n de solicitudes<\/td>\n<td width=\"89\">08\/04\/2020<\/td>\n<td width=\"97\">06\/07\/2020*<\/td>\n<td width=\"159\">Usuarios, Jefaturas de distritos de riego y DIH CONAGUA<\/td>\n<td rowspan=\"3\" width=\"114\">Personal de la Direcci&#xF3;n de Distritos y Unidades de Riego para el Desarrollo Rural de la CEAT.<\/td>\n<\/tr><tr><td width=\"145\">Notificaci&#xF3;n en caso de observaciones o documentos faltantes.<\/td>\n<td width=\"89\"><\/td>\n<td width=\"97\">20\/07\/2020<\/td>\n<td width=\"159\">Jefaturas de distritos de riego y DIH CONAGUA<\/td>\n<\/tr><tr><td width=\"145\">Dictamen de procedencia.<\/td>\n<td width=\"89\"><\/td>\n<td width=\"97\">03\/08\/2020<\/td>\n<td width=\"159\">Jefaturas de distritos de riego y DIH CONAGUA<\/td>\n<\/tr><\/tbody><\/table><\/div>\n<p>* Se consideran inh\u00e1biles los d\u00edas 8 y 9 de abril, as\u00ed como el 1 y 5 de mayo.<\/p>\n<p>A trav\u00e9s del FOFAET se administran los Subprogramas siguientes:<\/p>\n<p><strong>Subprograma Rehabilitaci\u00f3n, Tecnificaci\u00f3n y Equipamiento de Distritos de Riego.<\/strong><\/p>\n<p>Componente:<\/p>\n<ul>\n<li><a href=\"https:\/\/www.tamaulipas.gob.mx\/recursoshidraulicos\/subprograma-rehabilitacion-tecnificacion-y-equipamiento-de-distritos-de-riego\/\" target=\"_blank\" rel=\"noopener noreferrer\">Rehabilitaci\u00f3n y Tecnificaci\u00f3n de Distritos de Riego.<\/a><\/li>\n<li><a href=\"https:\/\/www.tamaulipas.gob.mx\/recursoshidraulicos\/subprograma-rehabilitacion-tecnificacion-y-equipamiento-de-distritos-de-riego-2\/\" target=\"_blank\" rel=\"noopener noreferrer\">Equipamiento de Distritos de Riego.<\/a><\/li>\n<\/ul>\n<p><strong>Subprograma\u00a0 Rehabilitaci\u00f3n, Tecnificaci\u00f3n y Equipamiento de Unidades de Riego.<\/strong><\/p>\n<p>Componente:<\/p>\n<ul>\n<li><a href=\"https:\/\/www.tamaulipas.gob.mx\/recursoshidraulicos\/1081-2\/\" target=\"_blank\" rel=\"noopener noreferrer\">Rehabilitaci\u00f3n, Tecnificaci\u00f3n y Equipamiento de Unidades de Riego.<\/a><\/li>\n<\/ul>\n<p>A trav\u00e9s del Estado se administran los Subprogramas siguientes:<\/p>\n<p><strong>Subprograma Apoyos Especiales y Estrat\u00e9gicos.<\/strong><\/p>\n<p>Componente:<\/p>\n<ul>\n<li><a href=\"https:\/\/www.tamaulipas.gob.mx\/recursoshidraulicos\/subprograma-apoyos-especiales-y-estrategicos\/\"><strong>Apoyos Especiales y Estrategicos.<\/strong><\/a><\/li>\n<\/ul>\n<p><span style=\"font-size: 14px;\">\u201cEstos apoyos est\u00e1n financiados con recursos p\u00fablicos aprobados por la C\u00e1mara de Diputados y queda prohibido su uso para fines partidistas, electorales o de promoci\u00f3n personal de los funcionarios\u201d<\/span><\/p>\n","protected":false},"excerpt":{"rendered":"<p>Con la el objeto de establecer los lineamientos para conjuntar recursos y formalizar acciones en infraestructura hidroagr\u00edcola, agua potable, alcantarillado y saneamiento y cultura del\u2026<\/p>\n","protected":false},"author":7,"featured_media":0,"parent":68,"menu_order":0,"comment_status":"closed","ping_status":"closed","template":"","meta":{"footnotes":""},"class_list":["post-74","page","type-page","status-publish","hentry"],"publishpress_future_action":{"enabled":false,"date":"2026-05-23 23:49:50","action":"change-status","newStatus":"draft","terms":[],"taxonomy":""},"_links":{"self":[{"href":"https:\/\/www.tamaulipas.gob.mx\/recursoshidraulicos\/wp-json\/wp\/v2\/pages\/74"}],"collection":[{"href":"https:\/\/www.tamaulipas.gob.mx\/recursoshidraulicos\/wp-json\/wp\/v2\/pages"}],"about":[{"href":"https:\/\/www.tamaulipas.gob.mx\/recursoshidraulicos\/wp-json\/wp\/v2\/types\/page"}],"author":[{"embeddable":true,"href":"https:\/\/www.tamaulipas.gob.mx\/recursoshidraulicos\/wp-json\/wp\/v2\/users\/7"}],"replies":[{"embeddable":true,"href":"https:\/\/www.tamaulipas.gob.mx\/recursoshidraulicos\/wp-json\/wp\/v2\/comments?post=74"}],"version-history":[{"count":12,"href":"https:\/\/www.tamaulipas.gob.mx\/recursoshidraulicos\/wp-json\/wp\/v2\/pages\/74\/revisions"}],"predecessor-version":[{"id":1074,"href":"https:\/\/www.tamaulipas.gob.mx\/recursoshidraulicos\/wp-json\/wp\/v2\/pages\/74\/revisions\/1074"}],"up":[{"embeddable":true,"href":"https:\/\/www.tamaulipas.gob.mx\/recursoshidraulicos\/wp-json\/wp\/v2\/pages\/68"}],"wp:attachment":[{"href":"https:\/\/www.tamaulipas.gob.mx\/recursoshidraulicos\/wp-json\/wp\/v2\/media?parent=74"}],"curies":[{"name":"wp","href":"https:\/\/api.w.org\/{rel}","templated":true}]}}