{"id":70,"date":"2017-05-03T14:35:22","date_gmt":"2017-05-03T14:35:22","guid":{"rendered":"http:\/\/www.tamaulipas.gob.mx\/ceat\/?page_id=70"},"modified":"2017-05-03T14:45:13","modified_gmt":"2017-05-03T14:45:13","slug":"infraestructura-hidraulica","status":"publish","type":"page","link":"https:\/\/www.tamaulipas.gob.mx\/recursoshidraulicos\/programas\/infraestructura-hidraulica\/","title":{"rendered":"Infraestructura Hidr\u00e1ulica"},"content":{"rendered":"<p><strong>Apartado Urbano (APAUR).<\/strong><br \/>\nTiene como prop\u00f3sito fomentar y apoyar el incremento y fortalecimiento de los sistemas de agua potable y alcantarillado en centros de poblaci\u00f3n mayores o iguales a 2,500 habitantes, mediante acciones de construcci\u00f3n, ampliaci\u00f3n, el apoyo de la sostenibilidad operativa y financiera de los organismos operadores, de los municipios de las entidades federativas.<\/p>\n<p>Los subsidios que otorga este Apartado son para los siguientes:<\/p>\n<p>COMPONENTES<\/p>\n<ul>\n<li>Agua potable, y<\/li>\n<li>Alcantarillado.<\/li>\n<\/ul>\n<p>Dentro de los cuales los siguientes subcomponentes pueden considerarse para integrar el Programa Operativo\u00a0 Anual.<\/p>\n<ol>\n<li>Agua potable, incremento de cobertura<\/li>\n<li>Alcantarillado, incremento de cobertura.<\/li>\n<\/ol>\n<p>Las dem\u00e1s acciones consideradas en el Anexo III se podr\u00e1n apoyar por excepci\u00f3n, previa autorizaci\u00f3n de la Subdirecci\u00f3n General, salvo la macromedici\u00f3n que por ser requisito no requiere autorizaci\u00f3n.<\/p>\n<ol start=\"3\">\n<li>Mejoramiento de eficiencia f\u00edsica.<\/li>\n<li>Mejoramiento de eficiencia comercial.<\/li>\n<li>Rehabilitaciones de agua potable y alcantarillado, que conservan cobertura.<\/li>\n<li>Estudios y proyectos.<\/li>\n<li>Drenaje pluvial urbano<\/li>\n<\/ol>\n<p><strong>Apartado Infraestructura para el Tratamiento de Aguas Residuales (PTAR)<\/strong><br \/>\nTiene como prop\u00f3sito apoyar financiera y t\u00e9cnicamente a los organismos operadores de los municipios, para el incremento y mejoramiento de su capacidad instalada, a fin de que trate sus aguas residuales cumpliendo con los par\u00e1metros establecidos en sus permisos de descarga.<\/p>\n<p>Los subsidios que otorga este Apartado son para el Componente de Saneamiento, dentro del cual se podr\u00e1n llevar acciones de construcci\u00f3n y ampliaci\u00f3n, puesta en marcha, operaci\u00f3n transitoria y estudios y proyectos en:<\/p>\n<ol>\n<li>Plantas de tratamiento de aguas residuales municipales y de los lodos que generan, as\u00ed como obras y equipamiento complementario.<\/li>\n<li>Estudios y proyectos de pre inversi\u00f3n, ingenier\u00eda b\u00e1sica y ejecutivos.<\/li>\n<li>Estudios de factibilidad y proyectos.<\/li>\n<\/ol>\n<p><strong>Incentivos por el tratamiento de aguas residuales<\/strong><br \/>\nApoyar a los organismos operadores de los municipios y de las entidades federativas en el tratamiento de las aguas residuales cumpliendo con los par\u00e1metros establecidos en su permiso de descarga, en la norma oficial mexicana correspondiente o en el estudio de clasificaci\u00f3n de corrientes, por medio de un esquema de incentivos destinados al tratamiento de aguas residuales, preferentemente de localidades menores a 250,000 habitantes.<\/p>\n<p>Los conceptos a apoyar con los incentivos ser\u00e1n conforme a la calidad del agua tratada en lo concerniente a DBO5 y SST.<\/p>\n<p>Calidad del agua en la descarga Igual o menor a una DBO5 de 30 mg\/l y SST 40 mg\/l. Igual o menor a una DBO5 de 75 mg\/l y SST 75 mg\/l. Igual o menor a una DBO5 de 150 mg\/l y SST 150 mg\/l<\/p>\n<p>&nbsp;<\/p>\n<p><strong>Apartado Rural (APARURAL)<\/strong><br \/>\nTiene como objetivo apoyar la creaci\u00f3n de infraestructura para abatir el rezago en la cobertura de los servicios de agua potable, alcantarillado y saneamiento en localidades rurales, mediante la construcci\u00f3n, mejoramiento y ampliaci\u00f3n de infraestructura, con la participaci\u00f3n comunitaria organizada.<\/p>\n<p><u>Poblaci\u00f3n Objetivo: <\/u>Sus acciones se dirigen a las localidades rurales con poblaci\u00f3n menor o igual a 2,500 habitantes.<\/p>\n<p>Tipos de Apoyos<\/p>\n<p>Se destinar\u00e1 a apoyar los componentes que se mencionan a continuaci\u00f3n:<\/p>\n<ol>\n<li>Infraestructura.- Tiene como objetivo apoyar acciones para los sistemas de abastecimiento de agua potable, alcantarillado y saneamiento que cumplan con los criterios normativos del programa, desarrollando, estudios de factibilidad t\u00e9cnica, econ\u00f3mica y proyectos de ingenier\u00eda b\u00e1sica y ejecutivos, as\u00ed mismo se promover\u00e1 la construcci\u00f3n, ampliaci\u00f3n y en su caso, rehabilitaci\u00f3n de obras de agua potable, alcantarillado y saneamiento.<\/li>\n<li>Atenci\u00f3n Social y Participaci\u00f3n Comunitaria.- Tiene como objetivo inducir la sostenibilidad de los servicios de agua potable y saneamiento mediante la promoci\u00f3n de la participaci\u00f3n de la poblaci\u00f3n en las localidades beneficiadas, durante la planeaci\u00f3n, desarrollo y operaci\u00f3n de la infraestructura. Este componente promueve la creaci\u00f3n de figuras organizativas comunitarias que participar\u00e1n en la operaci\u00f3n y mantenimiento de los servicios.<\/li>\n<li>Desarrollo institucional y fortalecimiento a ejecutores.- Su objetivo es apoyar a las \u00e1reas operativas de atenci\u00f3n a localidades rurales, y en su caso, las municipales que interact\u00faan durante la planeaci\u00f3n y ejecuci\u00f3n de este programa.<\/li>\n<\/ol>\n<p>&nbsp;<\/p>\n<p><strong>Programa para el Diagn\u00f3sticos de Infraestructura y Proyectos de agua potable y saneamiento en Comunidades Rurales (PRODIP)<\/strong><br \/>\nEste programa pretende identificar la infraestructura necesaria para la buena operaci\u00f3n de los sistemas de agua potable y saneamiento, desarrollando diagn\u00f3sticos de infraestructura y proyectos que conlleve a la integraci\u00f3n de la cartera de inversi\u00f3n para la atenci\u00f3n a comunidades rurales en el Estado.<\/p>\n<p>&nbsp;<\/p>\n<p><strong>Tipos de Apoyos.<\/strong><br \/>\nElaboraci\u00f3n, en funci\u00f3n de nuestra capacidad, de diagn\u00f3sticos, dise\u00f1os y estudios de factibilidad t\u00e9cnica y econ\u00f3mica, proyectos de infraestructura, mismos que ser\u00e1n discutidos y aceptados por los habitantes de la localidad correspondiente, considerando tecnolog\u00edas compatibles con las caracter\u00edsticas socio-econ\u00f3micas y los intereses y capacidades de la comunidad.<\/p>\n<p>&nbsp;<\/p>\n<p><strong>Perforaci\u00f3n de Pozos<\/strong><br \/>\nRealizar perforaciones y aforos de pozos, coordinando la operaci\u00f3n del equipo propiedad del organismo para el alumbramiento de agua; as\u00ed como revisar los estudios geohidrol\u00f3gicos definiendo los sitios para las perforaciones.<\/p>\n<p>Elaborar el programa operativo anual de trabajo del \u00e1rea a cargo, informando peri\u00f3dicamente del cumplimiento del mismo.<\/p>\n<p>Elaborar el programa anual de perforaci\u00f3n del organismo, coordinando en campo los trabajos correspondientes al departamento.<\/p>\n<p>Administrar los recursos materiales, humanos, maquinaria y equipo del programa.<\/p>\n<p>Recabar informaci\u00f3n de pozos existentes realizando visitas y recorridos de campo para programar los estudios pertinentes.<\/p>\n<p>Elaborar presupuestos de solicitudes de perforaciones, aforos y estudios geof\u00edsicos.<\/p>\n","protected":false},"excerpt":{"rendered":"<p>Apartado Urbano (APAUR). Tiene como prop\u00f3sito fomentar y apoyar el incremento y fortalecimiento de los sistemas de agua potable y alcantarillado en centros de poblaci\u00f3n\u2026<\/p>\n","protected":false},"author":7,"featured_media":0,"parent":68,"menu_order":0,"comment_status":"closed","ping_status":"closed","template":"","meta":{"footnotes":""},"class_list":["post-70","page","type-page","status-publish","hentry"],"publishpress_future_action":{"enabled":false,"date":"2026-05-23 23:49:49","action":"change-status","newStatus":"draft","terms":[],"taxonomy":""},"_links":{"self":[{"href":"https:\/\/www.tamaulipas.gob.mx\/recursoshidraulicos\/wp-json\/wp\/v2\/pages\/70"}],"collection":[{"href":"https:\/\/www.tamaulipas.gob.mx\/recursoshidraulicos\/wp-json\/wp\/v2\/pages"}],"about":[{"href":"https:\/\/www.tamaulipas.gob.mx\/recursoshidraulicos\/wp-json\/wp\/v2\/types\/page"}],"author":[{"embeddable":true,"href":"https:\/\/www.tamaulipas.gob.mx\/recursoshidraulicos\/wp-json\/wp\/v2\/users\/7"}],"replies":[{"embeddable":true,"href":"https:\/\/www.tamaulipas.gob.mx\/recursoshidraulicos\/wp-json\/wp\/v2\/comments?post=70"}],"version-history":[{"count":3,"href":"https:\/\/www.tamaulipas.gob.mx\/recursoshidraulicos\/wp-json\/wp\/v2\/pages\/70\/revisions"}],"predecessor-version":[{"id":73,"href":"https:\/\/www.tamaulipas.gob.mx\/recursoshidraulicos\/wp-json\/wp\/v2\/pages\/70\/revisions\/73"}],"up":[{"embeddable":true,"href":"https:\/\/www.tamaulipas.gob.mx\/recursoshidraulicos\/wp-json\/wp\/v2\/pages\/68"}],"wp:attachment":[{"href":"https:\/\/www.tamaulipas.gob.mx\/recursoshidraulicos\/wp-json\/wp\/v2\/media?parent=70"}],"curies":[{"name":"wp","href":"https:\/\/api.w.org\/{rel}","templated":true}]}}