{"id":1972,"date":"2024-05-03T11:28:02","date_gmt":"2024-05-03T17:28:02","guid":{"rendered":"https:\/\/www.tamaulipas.gob.mx\/recursoshidraulicos\/?page_id=1972"},"modified":"2024-05-03T11:33:32","modified_gmt":"2024-05-03T17:33:32","slug":"estructura-organica","status":"publish","type":"page","link":"https:\/\/www.tamaulipas.gob.mx\/recursoshidraulicos\/estructura-organica\/","title":{"rendered":"Estructura org\u00e1nica"},"content":{"rendered":"<h2>Estructura Org\u00e1nica de la Secretar\u00eda de Recursos Hidr\u00e1ulicos para el Desarrollo Social<\/h2>\n<p>&nbsp;<\/p>\n<p><span style=\"text-decoration: underline;\"><em><strong>Secretar\u00eda de Recursos Hidr\u00e1ulicos para el Desarrollo Social<\/strong><\/em><\/span><\/p>\n<p><strong>Secretar\u00eda Particular.<\/strong><\/p>\n<ul>\n<li>Departamento de Atenci\u00f3n Ciudadana<\/li>\n<\/ul>\n<p><strong>Secretar\u00eda T\u00e9cnica.<\/strong><\/p>\n<ul>\n<li>Departamento de Comunicaci\u00f3n Social.<\/li>\n<\/ul>\n<p><strong>Direcci\u00f3n de Planeaci\u00f3n e Inform\u00e1tica.<\/strong><\/p>\n<ul>\n<li>Departamento de Gesti\u00f3n Inform\u00e1tica.<\/li>\n<li>Departamento de Planeaci\u00f3n.<\/li>\n<\/ul>\n<p><strong>Direcci\u00f3n de Administraci\u00f3n y Finanzas<\/strong><\/p>\n<ul>\n<li>Departamento de Recursos Humanos.<\/li>\n<li>Departamento de Recursos Materiales y Servicios Generales.<\/li>\n<li>Departamento de Recursos Financieros.<\/li>\n<\/ul>\n<p><strong>Coordinaci\u00f3n General Jur\u00eddica.<\/strong><\/p>\n<p><strong>Direcci\u00f3n de lo Consultivo.<\/strong><\/p>\n<ul>\n<li>Subdirecci\u00f3n de Transparencia y Control de la Legalidad.<\/li>\n<li>Subdirecci\u00f3n de Convenios y Contratos.<\/li>\n<\/ul>\n<p><strong>Direcci\u00f3n de lo Contencioso.<\/strong><\/p>\n<ul>\n<li>Subdirecci\u00f3n de Litigios y Asuntos Penales.<\/li>\n<li>Subdirecci\u00f3n de Atenci\u00f3n a Procedimientos Administrativos.<\/li>\n<\/ul>\n<p><span style=\"text-decoration: underline;\"><strong>Subsecretar\u00eda de Operaci\u00f3n y Fortalecimiento a Organismos Operadores.<\/strong><\/span><\/p>\n<p><strong>Coordinaci\u00f3n T\u00e9cnico Administrativo.<\/strong><\/p>\n<p><strong>Direcci\u00f3n de Vinculaci\u00f3n y Fortalecimiento a Organismos Operadores.<\/strong><\/p>\n<ul>\n<li><strong>Subdirecci\u00f3n de Vinculaci\u00f3n y Fortalecimiento<\/strong><\/li>\n<li>Departamento de Apoyo Comercial y Financiero.<\/li>\n<li>Departamento de Vinculaci\u00f3n y Apoyo a Sistemas Rurales.<\/li>\n<li><strong>Subdirecci\u00f3n de Calidad del Agua<\/strong><\/li>\n<li>Departamento de Agua Potable.<\/li>\n<li>Departamento de Saneamiento.<\/li>\n<li>Departamento de Cultura del Agua y Capacitaci\u00f3n.<\/li>\n<\/ul>\n<p><strong>Direcci\u00f3n de Estudios y Proyectos.<\/strong><\/p>\n<ul>\n<li>Departamento de Proyectos.<\/li>\n<li>Departamento de Expedientes de Factibilidad.<\/li>\n<li>Departamento de Especificaciones y Normalizaci\u00f3n.<\/li>\n<\/ul>\n<p><strong>Direcci\u00f3n de Agua Potable y Saneamiento.<\/strong><\/p>\n<ul>\n<li><strong>Subdirecci\u00f3n de Agua Potable y Drenaje.<\/strong><\/li>\n<li>Departamento de Planeaci\u00f3n Hidr\u00e1ulica.<\/li>\n<li>Departamento de Subsidios para la Inversi\u00f3n.<\/li>\n<li><strong>Subdirecci\u00f3n de Programas Rurales y Participaci\u00f3n Social.<\/strong><\/li>\n<li>Departamento de Atenci\u00f3n Social y Participaci\u00f3n Ciudadana.<\/li>\n<li>Departamento de Seguimiento y Evaluaci\u00f3n.<\/li>\n<li>Departamento de Tr\u00e1mites y Permisos.<\/li>\n<li><strong>Subdirecci\u00f3n de Seguimiento y Control de Inversiones.<\/strong><\/li>\n<li>Departamento de Seguimiento de la Inversi\u00f3n.<\/li>\n<li>Departamento de Control y Transparencia.<\/li>\n<\/ul>\n<p><span style=\"text-decoration: underline;\"><strong>Subsecretar\u00eda de Infraestructura Hidr\u00e1ulica.<\/strong><\/span><\/p>\n<ul>\n<li>Coordinaci\u00f3n T\u00e9cnico Administrativo.<\/li>\n<\/ul>\n<p><strong>Direcci\u00f3n de Consejos de Cuenca.<\/strong><\/p>\n<ul>\n<li>Subdirecci\u00f3n de Organismos Auxiliares.<\/li>\n<li>Departamento de Consejo de Cuenca San Fernando-Soto la Marina.<\/li>\n<li>Departamento de Comisi\u00f3n de Cuenca del R\u00edo Guayalejo-Tames\u00ed.<\/li>\n<li>Departamento de Cotas Tula-Bustamante.<\/li>\n<\/ul>\n<p><strong>Direcci\u00f3n de Distritos y Unidades de Riego.<\/strong><\/p>\n<ul>\n<li><strong>Subdirecci\u00f3n de Distritos de Riego.<\/strong><\/li>\n<li>Departamento de Operaci\u00f3n.<\/li>\n<li>Departamento de Conservaci\u00f3n.<\/li>\n<li>Departamento de Ingenier\u00eda de Riego y Drenaje.<\/li>\n<li><strong>Subdirecci\u00f3n de Unidades de Riego.<\/strong><\/li>\n<li>Departamento de Aprovechamiento de Aguas Superficiales y Subterr\u00e1neas.<\/li>\n<li>Departamento de Organizaci\u00f3n, Capacitaci\u00f3n y Asistencia T\u00e9cnica.<\/li>\n<li><strong>Subdirecci\u00f3n de Programas Estatales y Federalizados.<\/strong><\/li>\n<li>Departamento de Rehabilitaci\u00f3n y Tecnificaci\u00f3n de Unidades de Riego.<\/li>\n<li>Departamento de Rehabilitaci\u00f3n y Tecnificaci\u00f3n de Distritos de Riego.<\/li>\n<li>Direcci\u00f3n de Administraci\u00f3n y Control de Sistemas Hidrol\u00f3gicos.<\/li>\n<li><strong>Subdirecci\u00f3n de Aguas Superficiales y Subterr\u00e1neas.<\/strong><\/li>\n<li>Departamento de Ingenier\u00eda de R\u00edos, Hidrometr\u00eda y Estad\u00edstica.<\/li>\n<li>Departamento de Medici\u00f3n de Aguas Subterr\u00e1neas.<\/li>\n<li><strong>Subdirecci\u00f3n de Infraestructura y Seguridad de Presas.<\/strong><\/li>\n<li>Departamento de Presas y Plantas de Bombeo.<\/li>\n<li><strong>Subdirecci\u00f3n de Calidad del Agua.<\/strong><\/li>\n<li>Departamento de Monitoreo de Calidad del Agua.<\/li>\n<\/ul>\n<p><span style=\"text-decoration: underline;\"><strong>Subsecretar\u00eda de Desarrollo y Fomento Industrial.<\/strong><\/span><\/p>\n<ul>\n<li>Coordinaci\u00f3n T\u00e9cnico Administrativo.<\/li>\n<\/ul>\n<p><strong>Direcci\u00f3n de Apoyo y Servicios a la Industria.<\/strong><\/p>\n<ul>\n<li>Departamento de Normatividad para el Fomento Industrial.<\/li>\n<li>Departamento de Vinculaci\u00f3n Interinstitucional.<\/li>\n<\/ul>\n<p><strong>Direcci\u00f3n de Calidad del Agua y Re\u00faso.<\/strong><\/p>\n<ul>\n<li>Departamento de Supervisi\u00f3n de Calidad del Agua.<\/li>\n<li>Departamento de Tratamiento y Re\u00faso del Agua<\/li>\n<\/ul>\n","protected":false},"excerpt":{"rendered":"<p>Estructura Org\u00e1nica de la Secretar\u00eda de Recursos Hidr\u00e1ulicos para el Desarrollo Social &nbsp; Secretar\u00eda de Recursos Hidr\u00e1ulicos para el Desarrollo Social Secretar\u00eda Particular. Departamento de\u2026<\/p>\n","protected":false},"author":62,"featured_media":0,"parent":0,"menu_order":0,"comment_status":"closed","ping_status":"closed","template":"","meta":{"footnotes":""},"class_list":["post-1972","page","type-page","status-publish","hentry"],"publishpress_future_action":{"enabled":false,"date":"2026-05-23 23:50:04","action":"change-status","newStatus":"draft","terms":[],"taxonomy":""},"_links":{"self":[{"href":"https:\/\/www.tamaulipas.gob.mx\/recursoshidraulicos\/wp-json\/wp\/v2\/pages\/1972"}],"collection":[{"href":"https:\/\/www.tamaulipas.gob.mx\/recursoshidraulicos\/wp-json\/wp\/v2\/pages"}],"about":[{"href":"https:\/\/www.tamaulipas.gob.mx\/recursoshidraulicos\/wp-json\/wp\/v2\/types\/page"}],"author":[{"embeddable":true,"href":"https:\/\/www.tamaulipas.gob.mx\/recursoshidraulicos\/wp-json\/wp\/v2\/users\/62"}],"replies":[{"embeddable":true,"href":"https:\/\/www.tamaulipas.gob.mx\/recursoshidraulicos\/wp-json\/wp\/v2\/comments?post=1972"}],"version-history":[{"count":17,"href":"https:\/\/www.tamaulipas.gob.mx\/recursoshidraulicos\/wp-json\/wp\/v2\/pages\/1972\/revisions"}],"predecessor-version":[{"id":2229,"href":"https:\/\/www.tamaulipas.gob.mx\/recursoshidraulicos\/wp-json\/wp\/v2\/pages\/1972\/revisions\/2229"}],"wp:attachment":[{"href":"https:\/\/www.tamaulipas.gob.mx\/recursoshidraulicos\/wp-json\/wp\/v2\/media?parent=1972"}],"curies":[{"name":"wp","href":"https:\/\/api.w.org\/{rel}","templated":true}]}}