{"id":1958,"date":"2023-08-11T14:08:06","date_gmt":"2023-08-11T20:08:06","guid":{"rendered":"https:\/\/www.tamaulipas.gob.mx\/recursoshidraulicos\/?page_id=1958"},"modified":"2026-04-09T10:17:37","modified_gmt":"2026-04-09T16:17:37","slug":"comite-de-etica-conducta-y-conflictos-de-interes","status":"publish","type":"page","link":"https:\/\/www.tamaulipas.gob.mx\/recursoshidraulicos\/comite-de-etica-conducta-y-conflictos-de-interes\/","title":{"rendered":"Comit\u00e9 de \u00c9tica, Conducta y Conflictos de Inter\u00e9s"},"content":{"rendered":"<p><span style=\"font-size: 20px;\"><a href=\"https:\/\/www.tamaulipas.gob.mx\/seduma\/wp-content\/uploads\/sites\/8\/2023\/06\/codigo-de-etica-del-poder-ejecutivo-del-estado-de-tamaulipas.pdf\" target=\"_blank\" rel=\"noopener\"><strong><img loading=\"lazy\" decoding=\"async\" class=\"wp-image-3158 alignnone\" src=\"https:\/\/www.tamaulipas.gob.mx\/seduma\/wp-content\/uploads\/sites\/8\/2023\/03\/clic-2-01.png\" alt=\"\" width=\"36\" height=\"23\" \/><\/strong><\/a><span style=\"font-size: 16px;\">\u00a0 <a href=\"https:\/\/www.tamaulipas.gob.mx\/recursoshidraulicos\/wp-content\/uploads\/sites\/24\/2023\/08\/codigo-de-etica-del-poder-ejecutivo-del-estado-de-tamaulipas.pdf\" target=\"_blank\" rel=\"noopener\">C\u00f3digo de \u00c9tica del Poder Ejecutivo del Estado de Tamaulipas (P.O. 26 de enero de 2023)<\/a><\/span><\/span><\/p>\n<p><span style=\"font-size: 16px;\"><a href=\"https:\/\/www.tamaulipas.gob.mx\/seduma\/wp-content\/uploads\/sites\/8\/2023\/06\/codigo-de-etica-del-poder-ejecutivo-del-estado-de-tamaulipas.pdf\" target=\"_blank\" rel=\"noopener\"><strong><img loading=\"lazy\" decoding=\"async\" class=\"wp-image-3158 alignnone\" src=\"https:\/\/www.tamaulipas.gob.mx\/seduma\/wp-content\/uploads\/sites\/8\/2023\/03\/clic-2-01.png\" alt=\"\" width=\"36\" height=\"23\" \/><\/strong><\/a>\u00a0<a href=\"https:\/\/www.tamaulipas.gob.mx\/recursoshidraulicos\/wp-content\/uploads\/sites\/24\/2023\/08\/cxlvii-10-250122f.pdf\" target=\"_blank\" rel=\"noopener\"> Lineamientos para la Operaci\u00f3n del Comit\u00e9 de \u00c9tica, Conducta y Conflictos de Inter\u00e9s para la Aplicaci\u00f3n del C\u00f3digo de Conducta de las Dependencias y Entidades del Gobierno del Estado de Tamaulipas (2022)<\/a><\/span><\/p>\n<p><span style=\"font-size: 16px;\"><a href=\"https:\/\/www.tamaulipas.gob.mx\/seduma\/wp-content\/uploads\/sites\/8\/2023\/06\/codigo-de-etica-del-poder-ejecutivo-del-estado-de-tamaulipas.pdf\" target=\"_blank\" rel=\"noopener\"><strong><img loading=\"lazy\" decoding=\"async\" class=\"wp-image-3158 alignnone\" src=\"https:\/\/www.tamaulipas.gob.mx\/seduma\/wp-content\/uploads\/sites\/8\/2023\/03\/clic-2-01.png\" alt=\"\" width=\"36\" height=\"23\" \/><\/strong><\/a>\u00a0 <a href=\"https:\/\/www.tamaulipas.gob.mx\/recursoshidraulicos\/wp-content\/uploads\/sites\/24\/2023\/08\/cxlviii-63-250523-ev.pdf\" target=\"_blank\" rel=\"noopener\">Lineamientos para la integraci\u00f3n, organizaci\u00f3n, funcionamiento y evaluaci\u00f3n de los Comit\u00e9s de \u00c9tica, Conducta y Prevenci\u00f3n de Conflictos de Inter\u00e9s en las dependencias y entidades de la administraci\u00f3n p\u00fablica estatal y la gu\u00eda para la elaboraci\u00f3n y actualizaci\u00f3n del C\u00f3digo de Conducta y Prevenci\u00f3n de Conflictos de Inter\u00e9s de las dependencias y entidades de la administraci\u00f3n p\u00fablica estatal (P.O. 25 de mayo de 2023).<\/a><\/span><\/p>\n<p><span style=\"font-size: 16px;\"><a href=\"https:\/\/www.tamaulipas.gob.mx\/seduma\/wp-content\/uploads\/sites\/8\/2023\/06\/codigo-de-etica-del-poder-ejecutivo-del-estado-de-tamaulipas.pdf\" target=\"_blank\" rel=\"noopener\"><strong><img loading=\"lazy\" decoding=\"async\" class=\"wp-image-3158 alignnone\" src=\"https:\/\/www.tamaulipas.gob.mx\/seduma\/wp-content\/uploads\/sites\/8\/2023\/03\/clic-2-01.png\" alt=\"\" width=\"36\" height=\"23\" \/><\/strong><\/a>\u00a0<\/span><a href=\"https:\/\/www.tamaulipas.gob.mx\/recursoshidraulicos\/wp-content\/uploads\/sites\/24\/2023\/09\/publicacion-codigo-de-conducta.pdf\" target=\"_blank\" rel=\"noopener\">C\u00f3digo de conducta y prevenci\u00f3n de conflictos de inter\u00e9s de las y los servidores p\u00fablicos de la Secretaria de Recursos Hidr\u00e1ulicos para el Desarrollo Social \u00a0<\/a><a href=\"https:\/\/www.tamaulipas.gob.mx\/recursoshidraulicos\/wp-content\/uploads\/sites\/24\/2025\/11\/acuerdo-de-actualizacion-al-codigo-de-conducta.pdf\" target=\"_blank\" rel=\"noopener\">(ACTUALIZACI\u00d3N)<\/a><\/p>\n<p><span style=\"font-size: 16px;\"><a href=\"https:\/\/www.tamaulipas.gob.mx\/seduma\/wp-content\/uploads\/sites\/8\/2023\/06\/codigo-de-etica-del-poder-ejecutivo-del-estado-de-tamaulipas.pdf\" target=\"_blank\" rel=\"noopener\"><strong><img loading=\"lazy\" decoding=\"async\" class=\"wp-image-3158 alignnone\" src=\"https:\/\/www.tamaulipas.gob.mx\/seduma\/wp-content\/uploads\/sites\/8\/2023\/03\/clic-2-01.png\" alt=\"\" width=\"36\" height=\"23\" \/><\/strong><\/a>\u00a0<\/span><a href=\"https:\/\/www.tamaulipas.gob.mx\/recursoshidraulicos\/wp-content\/uploads\/sites\/24\/2024\/03\/20240307124312.pdf\" target=\"_blank\" rel=\"noopener\">Informe anual de Actividades del C.E.C.P.C.I. ejercicio 2023<\/a><\/p>\n<p><span style=\"font-size: 16px;\"><a href=\"https:\/\/www.tamaulipas.gob.mx\/seduma\/wp-content\/uploads\/sites\/8\/2023\/06\/codigo-de-etica-del-poder-ejecutivo-del-estado-de-tamaulipas.pdf\" target=\"_blank\" rel=\"noopener\"><strong><img loading=\"lazy\" decoding=\"async\" class=\"wp-image-3158 alignnone\" src=\"https:\/\/www.tamaulipas.gob.mx\/seduma\/wp-content\/uploads\/sites\/8\/2023\/03\/clic-2-01.png\" alt=\"\" width=\"36\" height=\"23\" \/><\/strong><\/a>\u00a0<\/span><a href=\"https:\/\/www.tamaulipas.gob.mx\/recursoshidraulicos\/wp-content\/uploads\/sites\/24\/2025\/01\/20250108145332.pdf\" target=\"_blank\" rel=\"noopener\">Informe anual de Actividades del C.E.C.P.C.I. ejercicio 2024<\/a><\/p>\n<p><span style=\"font-size: 16px;\"><a href=\"https:\/\/www.tamaulipas.gob.mx\/seduma\/wp-content\/uploads\/sites\/8\/2023\/06\/codigo-de-etica-del-poder-ejecutivo-del-estado-de-tamaulipas.pdf\" target=\"_blank\" rel=\"noopener\"><strong><img loading=\"lazy\" decoding=\"async\" class=\"wp-image-3158 alignnone\" src=\"https:\/\/www.tamaulipas.gob.mx\/seduma\/wp-content\/uploads\/sites\/8\/2023\/03\/clic-2-01.png\" alt=\"\" width=\"36\" height=\"23\" \/><\/strong><\/a>\u00a0<\/span><a href=\"https:\/\/www.tamaulipas.gob.mx\/recursoshidraulicos\/wp-content\/uploads\/sites\/24\/2026\/01\/oficio-srhds-cgj-006-2026-informe-anual-2025-con-acuses-de-recibido.pdf\" target=\"_blank\" rel=\"noopener\">Informe anual de Actividades del C.E.C.P.C.I. ejercicio 2025<\/a><\/p>\n<p><span style=\"font-size: 16px;\"><a href=\"https:\/\/www.tamaulipas.gob.mx\/seduma\/wp-content\/uploads\/sites\/8\/2023\/06\/codigo-de-etica-del-poder-ejecutivo-del-estado-de-tamaulipas.pdf\" target=\"_blank\" rel=\"noopener\"><strong><img loading=\"lazy\" decoding=\"async\" class=\"wp-image-3158 alignnone\" src=\"https:\/\/www.tamaulipas.gob.mx\/seduma\/wp-content\/uploads\/sites\/8\/2023\/03\/clic-2-01.png\" alt=\"\" width=\"36\" height=\"23\" \/><\/strong><\/a> <a href=\"https:\/\/www.tamaulipas.gob.mx\/recursoshidraulicos\/wp-content\/uploads\/sites\/24\/2024\/04\/prog-anual.pdf\" target=\"_blank\" rel=\"noopener\">Programa anual de trabajo 2024<\/a><\/span><\/p>\n<p><span style=\"font-size: 16px;\"><strong><img loading=\"lazy\" decoding=\"async\" class=\"wp-image-3158 alignnone\" src=\"https:\/\/www.tamaulipas.gob.mx\/seduma\/wp-content\/uploads\/sites\/8\/2023\/03\/clic-2-01.png\" alt=\"\" width=\"36\" height=\"23\" \/> <\/strong><\/span><a href=\"https:\/\/www.tamaulipas.gob.mx\/recursoshidraulicos\/wp-content\/uploads\/sites\/24\/2025\/07\/programa-anual-de-trabajo-2025.pdf\" target=\"_blank\" rel=\"noopener\">Programa Anual de Trabajo 2025<\/a><\/p>\n<p><span style=\"font-size: 16px;\"><a href=\"https:\/\/www.tamaulipas.gob.mx\/seduma\/wp-content\/uploads\/sites\/8\/2023\/06\/codigo-de-etica-del-poder-ejecutivo-del-estado-de-tamaulipas.pdf\" target=\"_blank\" rel=\"noopener\"><strong><img loading=\"lazy\" decoding=\"async\" class=\"wp-image-3158 alignnone\" src=\"https:\/\/www.tamaulipas.gob.mx\/seduma\/wp-content\/uploads\/sites\/8\/2023\/03\/clic-2-01.png\" alt=\"\" width=\"36\" height=\"23\" \/><\/strong><\/a><a href=\"https:\/\/www.tamaulipas.gob.mx\/recursoshidraulicos\/wp-content\/uploads\/sites\/24\/2026\/04\/pat-2026.pdf\" target=\"_blank\" rel=\"noopener\"> Programa anual de trabajo 2026<\/a><\/span><\/p>\n<p><span style=\"font-size: 16px;\"><a href=\"https:\/\/www.tamaulipas.gob.mx\/seduma\/wp-content\/uploads\/sites\/8\/2023\/06\/codigo-de-etica-del-poder-ejecutivo-del-estado-de-tamaulipas.pdf\" target=\"_blank\" rel=\"noopener\"><strong><img loading=\"lazy\" decoding=\"async\" class=\"wp-image-3158 alignnone\" src=\"https:\/\/www.tamaulipas.gob.mx\/seduma\/wp-content\/uploads\/sites\/8\/2023\/03\/clic-2-01.png\" alt=\"\" width=\"36\" height=\"23\" \/><\/strong><\/a> <a href=\"https:\/\/www.tamaulipas.gob.mx\/recursoshidraulicos\/wp-content\/uploads\/sites\/24\/2024\/04\/felicitacion.pdf\" target=\"_blank\" rel=\"noopener\">Evaluaci\u00f3n del Comit\u00e9 de \u00c9tica, Conducta y Prevenci\u00f3n de Conflictos de Inter\u00e9s<\/a><\/span><\/p>\n<p><span style=\"font-size: 16px;\"><strong><img loading=\"lazy\" decoding=\"async\" class=\"wp-image-3158 alignnone\" src=\"https:\/\/www.tamaulipas.gob.mx\/seduma\/wp-content\/uploads\/sites\/8\/2023\/03\/clic-2-01.png\" alt=\"\" width=\"36\" height=\"23\" \/><\/strong> <a href=\"https:\/\/www.tamaulipas.gob.mx\/recursoshidraulicos\/wp-content\/uploads\/sites\/24\/2025\/04\/resultado-de-evaluacion-comite-de-etica-2024.pdf\" target=\"_blank\" rel=\"noopener\">Evaluaci\u00f3n del Comit\u00e9 de \u00c9tica, Conducta y Prevenci\u00f3n de Conflictos de Inter\u00e9s 2024<\/a><\/span><\/p>\n<p><a href=\"https:\/\/www.tamaulipas.gob.mx\/recursoshidraulicos\/wp-content\/uploads\/sites\/24\/2026\/01\/evaluacion-comite-de-etica-ejercicio-2025.pdf\" target=\"_blank\" rel=\"noopener\"><span style=\"font-size: 16px;\"><strong><img loading=\"lazy\" decoding=\"async\" class=\"wp-image-3158 alignnone\" src=\"https:\/\/www.tamaulipas.gob.mx\/seduma\/wp-content\/uploads\/sites\/8\/2023\/03\/clic-2-01.png\" alt=\"\" width=\"36\" height=\"23\" \/><\/strong> Evaluaci\u00f3n del Comit\u00e9 de \u00c9tica, Conducta y Prevenci\u00f3n de Conflictos de Inter\u00e9s 2025<\/span><\/a><\/p>\n<p>&nbsp;<\/p>\n<p><img loading=\"lazy\" decoding=\"async\" class=\"alignnone size-full wp-image-3120\" src=\"https:\/\/www.tamaulipas.gob.mx\/recursoshidraulicos\/wp-content\/uploads\/sites\/24\/2025\/07\/foto-integrantes-comite-de-etica.jpg\" alt=\"\" width=\"1200\" height=\"848\" \/><\/p>\n","protected":false},"excerpt":{"rendered":"<p>\u00a0 C\u00f3digo de \u00c9tica del Poder Ejecutivo del Estado de Tamaulipas (P.O. 26 de enero de 2023) \u00a0 Lineamientos para la Operaci\u00f3n del Comit\u00e9 de\u2026<\/p>\n","protected":false},"author":62,"featured_media":0,"parent":0,"menu_order":0,"comment_status":"closed","ping_status":"closed","template":"","meta":{"footnotes":""},"class_list":["post-1958","page","type-page","status-publish","hentry"],"publishpress_future_action":{"enabled":false,"date":"2026-05-24 03:42:48","action":"change-status","newStatus":"draft","terms":[],"taxonomy":""},"_links":{"self":[{"href":"https:\/\/www.tamaulipas.gob.mx\/recursoshidraulicos\/wp-json\/wp\/v2\/pages\/1958"}],"collection":[{"href":"https:\/\/www.tamaulipas.gob.mx\/recursoshidraulicos\/wp-json\/wp\/v2\/pages"}],"about":[{"href":"https:\/\/www.tamaulipas.gob.mx\/recursoshidraulicos\/wp-json\/wp\/v2\/types\/page"}],"author":[{"embeddable":true,"href":"https:\/\/www.tamaulipas.gob.mx\/recursoshidraulicos\/wp-json\/wp\/v2\/users\/62"}],"replies":[{"embeddable":true,"href":"https:\/\/www.tamaulipas.gob.mx\/recursoshidraulicos\/wp-json\/wp\/v2\/comments?post=1958"}],"version-history":[{"count":29,"href":"https:\/\/www.tamaulipas.gob.mx\/recursoshidraulicos\/wp-json\/wp\/v2\/pages\/1958\/revisions"}],"predecessor-version":[{"id":3390,"href":"https:\/\/www.tamaulipas.gob.mx\/recursoshidraulicos\/wp-json\/wp\/v2\/pages\/1958\/revisions\/3390"}],"wp:attachment":[{"href":"https:\/\/www.tamaulipas.gob.mx\/recursoshidraulicos\/wp-json\/wp\/v2\/media?parent=1958"}],"curies":[{"name":"wp","href":"https:\/\/api.w.org\/{rel}","templated":true}]}}