{"id":14,"date":"2017-05-02T15:34:49","date_gmt":"2017-05-02T20:34:49","guid":{"rendered":"http:\/\/www.tamaulipas.gob.mx\/ceat\/?page_id=14"},"modified":"2018-05-10T08:10:00","modified_gmt":"2018-05-10T13:10:00","slug":"antecedentes","status":"publish","type":"page","link":"https:\/\/www.tamaulipas.gob.mx\/recursoshidraulicos\/antecedentes\/","title":{"rendered":"Antecedentes Hist\u00f3ricos"},"content":{"rendered":"<p><strong>Creaci\u00f3n de la Junta Estatal de Agua Potable en el Medio Rural (JEAPA).<\/strong><\/p>\n<p>Mediante Decreto N\u00famero 60, publicado en el Peri\u00f3dico Oficial del Estado, n\u00famero 4 de fecha 14 de Enero de 1970, Tomo XCV, El Ciudadano Manuel A. Ravize, Gobernador Constitucional del Estado de Tamaulipas, expidi\u00f3 la Ley para el Abastecimiento de Agua Potable y Alcantarillado en el Medio Rural, la que en su capitulo IV, establece la Junta Estatal de Agua Potable en el Medio Rural, teniendo a su cargo entre otras, la organizaci\u00f3n, vigilancia y control de las Juntas Pro-introducci\u00f3n y las Juntas Rurales de Administraci\u00f3n, Operaci\u00f3n y Mantenimiento, del Sistema, as\u00ed como la vigilancia y control de los Sistemas de Agua Potable y Alcantarillado para el Medio Rural, en el Estado.<\/p>\n<p><strong>Instauraci\u00f3n y Extinci\u00f3n de la Comisi\u00f3n Estatal de Agua Potable y Alcantarillado (CEAPA).<\/strong><\/p>\n<p>Con la expedici\u00f3n del Decreto Gubernamental, publicado en el Peri\u00f3dico Oficial del Estado numero 33, del 24 de Abril de 1993, se creo la Comisi\u00f3n Estatal de Agua Potable y Alcantarillado, con el car\u00e1cter de Organismo p\u00fablico descentralizado del Gobierno del Estado, con personalidad jur\u00eddica y patrimonio propios, (CEAPA), que ten\u00eda por objeto coordinar la organizaci\u00f3n y funcionamiento de los Organismos Operadores de los Sistemas de Agua Potable y Alcantarillado en el Estado de Tamaulipas.<\/p>\n<p>El 20 de Noviembre del 2001 desaparece la CEAPA y sus funciones son asumidas por la Secretar\u00eda de Desarrollo Urbano y Ecolog\u00eda (SEDUE), lo cual ocurre en fecha 20 de Noviembre del 2001, mediante la publicaci\u00f3n del Peri\u00f3dico Oficial del Estado numero 139, el Decreto n\u00famero522, atrav\u00e9s del cual se determina que dicha Secretar\u00eda, asuma las funciones encomendadas a la extinta Comisi\u00f3n Estatal de Agua Potable y Alcantarillado, abrog\u00e1ndose el Decreto Gubernamental que cre\u00f3 a la referida Comisi\u00f3n Estatal.<\/p>\n<p><strong>Direcci\u00f3n General del Recurso Agua.<\/strong><\/p>\n<p>En el mes de Febrero del 2005, como parte de la estructura org\u00e1nica de la Secretar\u00eda de Obras P\u00fablicas, Desarrollo Urbano y Ecolog\u00eda (SOPDUE), fue establecida la Direcci\u00f3n General del Recurso Agua, la que por instrucciones de la propia Secretar\u00eda, continuo atendiendo las funciones que en su tiempo ten\u00eda encomendadas la extinta Comisi\u00f3n Estatal de Agua Potable y Alcantarillado (CEAPA).<\/p>\n<p><strong>Creaci\u00f3n de la Comisi\u00f3n Estatal del Agua de Tamaulipas.<\/strong><\/p>\n<p>Posteriormente en el Peri\u00f3dico Oficial del Estado del 15 de Febrero del 2006, se publica la Ley de Aguas del Estado de Tamaulipas, y cuyas reformas, fueron publicadas el 16 de Junio del 2011, estableciendo en su art\u00edculo 5\u00b0, la creaci\u00f3n de la <strong>Comisi\u00f3n Estatal<\/strong><strong> del Agua de Tamaulipas<\/strong>, como un organismo p\u00fablico descentralizado de la administraci\u00f3n p\u00fablica estatal, con personalidad jur\u00eddica y patrimonio propio, como entidad responsable de coordinar entre el Estado yla Federaci\u00f3n, as\u00ed como entre el Estado y los Municipios, las acciones relacionadas con la explotaci\u00f3n, uso y aprovechamiento del agua y el tratamiento y reuso de las aguas residuales, para lograr el desarrollo equilibrado y la descentralizaci\u00f3n de los servicios del agua en Tamaulipas;<\/p>\n<p><strong>La Secretar\u00eda de Desarrollo Urbano y Medio Ambiente, es cabeza de sector de la CEAT.<\/strong><\/p>\n<p>En la Ley Org\u00e1nica de la Administraci\u00f3n P\u00fablica del Estado de Tamaulipas, del 20 de Diciembre del a\u00f1o 2004, en su reformada aplicada, publicada en el Peri\u00f3dico Oficial del Estado del 29 de Diciembre de 2010, se crea la <strong>Secretar\u00eda de Desarrollo Urbano y Medio Ambiente<\/strong>, con facultades para realizar acciones, en materia de desarrollo urbano, formular y conducir la pol\u00edtica general de asentamientos humanos, medio ambiente, recursos naturales y desarrollo sustentable; e Instrumentar, por conducto de la Comisi\u00f3n Estatal del Agua de Tamaulipas, la pol\u00edtica de coordinaci\u00f3n del Ejecutivo del Estado con las autoridades federales, de otras Entidades Federativas y municipales en materia de agua, a fin de lograr el mejor aprovechamiento del recurso.<\/p>\n","protected":false},"excerpt":{"rendered":"<p>Creaci\u00f3n de la Junta Estatal de Agua Potable en el Medio Rural (JEAPA). Mediante Decreto N\u00famero 60, publicado en el Peri\u00f3dico Oficial del Estado, n\u00famero\u2026<\/p>\n","protected":false},"author":7,"featured_media":0,"parent":0,"menu_order":0,"comment_status":"closed","ping_status":"closed","template":"","meta":{"footnotes":""},"class_list":["post-14","page","type-page","status-publish","hentry"],"publishpress_future_action":{"enabled":false,"date":"2026-05-24 03:35:05","action":"change-status","newStatus":"draft","terms":[],"taxonomy":""},"_links":{"self":[{"href":"https:\/\/www.tamaulipas.gob.mx\/recursoshidraulicos\/wp-json\/wp\/v2\/pages\/14"}],"collection":[{"href":"https:\/\/www.tamaulipas.gob.mx\/recursoshidraulicos\/wp-json\/wp\/v2\/pages"}],"about":[{"href":"https:\/\/www.tamaulipas.gob.mx\/recursoshidraulicos\/wp-json\/wp\/v2\/types\/page"}],"author":[{"embeddable":true,"href":"https:\/\/www.tamaulipas.gob.mx\/recursoshidraulicos\/wp-json\/wp\/v2\/users\/7"}],"replies":[{"embeddable":true,"href":"https:\/\/www.tamaulipas.gob.mx\/recursoshidraulicos\/wp-json\/wp\/v2\/comments?post=14"}],"version-history":[{"count":2,"href":"https:\/\/www.tamaulipas.gob.mx\/recursoshidraulicos\/wp-json\/wp\/v2\/pages\/14\/revisions"}],"predecessor-version":[{"id":207,"href":"https:\/\/www.tamaulipas.gob.mx\/recursoshidraulicos\/wp-json\/wp\/v2\/pages\/14\/revisions\/207"}],"wp:attachment":[{"href":"https:\/\/www.tamaulipas.gob.mx\/recursoshidraulicos\/wp-json\/wp\/v2\/media?parent=14"}],"curies":[{"name":"wp","href":"https:\/\/api.w.org\/{rel}","templated":true}]}}