{"id":126,"date":"2017-05-03T14:22:48","date_gmt":"2017-05-03T19:22:48","guid":{"rendered":"http:\/\/www.tamaulipas.gob.mx\/ceat\/?page_id=126"},"modified":"2018-05-14T15:23:40","modified_gmt":"2018-05-14T20:23:40","slug":"jubilados","status":"publish","type":"page","link":"https:\/\/www.tamaulipas.gob.mx\/recursoshidraulicos\/transparencia\/informacion-publica-de-oficio\/jubilados\/","title":{"rendered":"Listado General de Jubilados y Pensionados"},"content":{"rendered":"<p>Esta Comisi\u00f3n Estatal del Agua de Tamaulipas, no cuenta con listado general de pensionados y jubilados, en virtud de que tal informaci\u00f3n es competencia del Instituto de Previsi\u00f3n y Seguridad Social del Estado de Tamaulipas (IPSSET), de conformidad con los art\u00edculos 2\u00b0 fracci\u00f3n I, 3\u00b0, 4\u00b0, 9\u00b0, 10, 11 y dem\u00e1s relativos y aplicables de la Ley del Instituto de Previsi\u00f3n y Seguridad Social del Estado de Tamaulipas.<\/p>\n","protected":false},"excerpt":{"rendered":"<p>Esta Comisi\u00f3n Estatal del Agua de Tamaulipas, no cuenta con listado general de pensionados y jubilados, en virtud de que tal informaci\u00f3n es competencia del\u2026<\/p>\n","protected":false},"author":7,"featured_media":0,"parent":80,"menu_order":0,"comment_status":"closed","ping_status":"closed","template":"","meta":{"footnotes":""},"class_list":["post-126","page","type-page","status-publish","hentry"],"publishpress_future_action":{"enabled":false,"date":"2026-05-24 00:50:15","action":"change-status","newStatus":"draft","terms":[],"taxonomy":""},"_links":{"self":[{"href":"https:\/\/www.tamaulipas.gob.mx\/recursoshidraulicos\/wp-json\/wp\/v2\/pages\/126"}],"collection":[{"href":"https:\/\/www.tamaulipas.gob.mx\/recursoshidraulicos\/wp-json\/wp\/v2\/pages"}],"about":[{"href":"https:\/\/www.tamaulipas.gob.mx\/recursoshidraulicos\/wp-json\/wp\/v2\/types\/page"}],"author":[{"embeddable":true,"href":"https:\/\/www.tamaulipas.gob.mx\/recursoshidraulicos\/wp-json\/wp\/v2\/users\/7"}],"replies":[{"embeddable":true,"href":"https:\/\/www.tamaulipas.gob.mx\/recursoshidraulicos\/wp-json\/wp\/v2\/comments?post=126"}],"version-history":[{"count":5,"href":"https:\/\/www.tamaulipas.gob.mx\/recursoshidraulicos\/wp-json\/wp\/v2\/pages\/126\/revisions"}],"predecessor-version":[{"id":506,"href":"https:\/\/www.tamaulipas.gob.mx\/recursoshidraulicos\/wp-json\/wp\/v2\/pages\/126\/revisions\/506"}],"up":[{"embeddable":true,"href":"https:\/\/www.tamaulipas.gob.mx\/recursoshidraulicos\/wp-json\/wp\/v2\/pages\/80"}],"wp:attachment":[{"href":"https:\/\/www.tamaulipas.gob.mx\/recursoshidraulicos\/wp-json\/wp\/v2\/media?parent=126"}],"curies":[{"name":"wp","href":"https:\/\/api.w.org\/{rel}","templated":true}]}}